{"id":273,"date":"2020-08-07T10:26:39","date_gmt":"2020-08-07T08:26:39","guid":{"rendered":"https:\/\/blogs.urz.uni-halle.de\/praeventionsstelle\/?page_id=273"},"modified":"2023-03-09T14:40:55","modified_gmt":"2023-03-09T13:40:55","slug":"was-ist-sdg","status":"publish","type":"page","link":"https:\/\/blogs.urz.uni-halle.de\/praeventionsstelle\/was-ist-sdg\/","title":{"rendered":"Was ist SDG?"},"content":{"rendered":"\n<p class=\"has-text-color\" style=\"color:#713f73\">Unter sexualisierter Diskriminierung und Gewalt (kurz: SDG) verstehen wir jedes verbale oder nonverbale Verhalten mit sexuellem Bezug, das von der betroffenen Person als grenz\u00fcberschreitend, d.h. unerw\u00fcnscht und entw\u00fcrdigend\/ verletzend empfunden wird, oder darauf gerichtet ist, diese Wirkung zu erzielen. <\/p>\n\n\n\n<p class=\"has-text-color\" style=\"color:#713f73\">Ob eine Grenz\u00fcberschreitung stattgefunden hat, h\u00e4ngt allein von der Perspektive der betroffenen Person ab. Entscheidend ist die Wirkung auf die betroffene und nicht die Absicht der aus\u00fcbenden Person. Eine Grenz\u00fcberschreitung kann auch unbeabsichtigt und von der aus\u00fcbenden Person unbemerkt erfolgen. Jede Person entscheidet selbst, wo ihre Grenzen liegen. <\/p>\n\n\n\n<p class=\"has-text-color\" style=\"color:#713f73\">SDG kann sich in Worten, Mimik und Gestik sowie Handlungen ausdr\u00fccken und umfasst Verhalten, das nach gesetzlichen Vorschriften verboten ist und sanktioniert werden kann, beschr\u00e4nkt sich aber nicht darauf. Beispiele f\u00fcr SDG sind:<\/p>\n\n\n\n<p class=\"has-text-color\" style=\"color:#713f73\">\u2022 obsz\u00f6ne \u00c4u\u00dferungen (Spr\u00fcche, Witze, Mimik und Gesten) <br>\u2022 anz\u00fcgliche Bemerkungen und indiskretes Ausfragen \u00fcber K\u00f6rper, Lebensf\u00fchrung und Liebesleben<br>\u2022 unangemessene Komplimente und Geschenke <br>\u2022 aufdringliche\/ taxierende Blicke<br>\u2022 Nachpfeifen u.\u00e4. (\u201eCat Calling\u201c)<br>\u2022 Ann\u00e4herungsversuche und unerw\u00fcnschte Aufforderungen \u201esich n\u00e4her kennenzulernen\u201c u.\u00e4., die mit Versprechen von Vorteilen oder Androhen von Nachteilen einhergehen<br>\u2022 Zeigen und Verbreiten von pornografischem Material (au\u00dfer zu Demonstrationszwecken in der Lehre und ausschlie\u00dflich k\u00fcnstlerischer Bet\u00e4tigung) <br>\u2022 ungewollte N\u00e4he und Ber\u00fchrungen <br>\u2022 Nachstellen\/ Stalking<br>\u2022 unerw\u00fcnschtes Auffordern zu und Erzwingen von sexuellen Handlungen (N\u00f6tigung) <br>\u2022 Entbl\u00f6\u00dfen<br>\u2022 k\u00f6rperliche \u00dcbergriffe<br>\u2022 (versuchte) Vergewaltigung<\/p>\n\n\n\n<p class=\"has-text-color\" style=\"color:#713f73\">Grunds\u00e4tzlich kann jede Person von SDG betroffen sein und diese aus\u00fcben. Studien zeigen jedoch, dass die Betroffenheit und Aus\u00fcbung von SDG geschlechtsspezifisch ist: \u00dcbergriffige Personen sind in den meisten F\u00e4llen M\u00e4nner, besonders stark betroffen sind Frauen. Au\u00dferdem sind Personen, die von weiteren Diskriminierungsformen betroffen sind, in erh\u00f6htem Ma\u00dfe gef\u00e4hrdet \u2013 z.B. LSBTIQA*-Personen (lesbisch, schwul, bisexuell, trans*, inter*, queer, asexuell), von Rassismus Betroffene oder Personen mit Behinderung.<\/p>\n\n\n\n<p class=\"has-text-color\" style=\"color:#713f73\">SDG ist eine spezifische Form der Macht- und Kontrollaus\u00fcbung und hat nichts mit Sexualit\u00e4t als einem grunds\u00e4tzlich positiv gedeutetem Geschehen zu tun. T\u00e4ter*innen handeln nicht (nur) aus einer sexuellen Intention heraus und es geht ihnen nicht um konsensualen sexuellen Kontakt. Stattdessen nutzen T\u00e4ter*innen sexuelle, sexuell konnotierte sowie durch sie selbst sexuell aufgeladene \u00c4u\u00dferungen und Handlungen, um Macht und \u00dcberlegenheit auszu\u00fcben. Daher nutzen wir den Begriff \u201esexualisiert\u201c statt \u201esexuell\u201c. <\/p>\n\n\n\n<p class=\"has-text-color\" style=\"color:#713f73\">Unter \u201esexistisch\u201c werden dagegen Verhaltensweisen und Strukturen verstanden, die bezwecken oder bewirken, dass Personen aufgrund ihrer (zugeschriebenen) Geschlechtszugeh\u00f6rigkeit (oder sexuellen Orientierung) benachteiligt werden. Hierzu z\u00e4hlen z.B. die ungleiche Bezahlung von M\u00e4nnern und Frauen bei gleich(wertig)er T\u00e4tigkeit, Geschlechterklischees sowie Bemerkungen, die eine feindliche Haltung gegen\u00fcber einem Geschlecht ausdr\u00fccken. Sexismus ist kein thematischer Schwerpunkt dieser Themenwoche. <\/p>\n","protected":false},"excerpt":{"rendered":"<p>Unter sexualisierter Diskriminierung und Gewalt (kurz: SDG) verstehen wir jedes verbale oder nonverbale Verhalten mit sexuellem Bezug, das von der betroffenen Person als grenz\u00fcberschreitend, d.h. unerw\u00fcnscht und entw\u00fcrdigend\/ verletzend empfunden wird, oder darauf gerichtet ist, diese Wirkung zu erzielen. Ob eine Grenz\u00fcberschreitung stattgefunden hat, h\u00e4ngt allein von der Perspektive der betroffenen Person ab. Entscheidend ist [&hellip;]<\/p>\n","protected":false},"author":4841,"featured_media":0,"parent":0,"menu_order":0,"comment_status":"closed","ping_status":"closed","template":"","meta":[],"_links":{"self":[{"href":"https:\/\/blogs.urz.uni-halle.de\/praeventionsstelle\/wp-json\/wp\/v2\/pages\/273"}],"collection":[{"href":"https:\/\/blogs.urz.uni-halle.de\/praeventionsstelle\/wp-json\/wp\/v2\/pages"}],"about":[{"href":"https:\/\/blogs.urz.uni-halle.de\/praeventionsstelle\/wp-json\/wp\/v2\/types\/page"}],"author":[{"embeddable":true,"href":"https:\/\/blogs.urz.uni-halle.de\/praeventionsstelle\/wp-json\/wp\/v2\/users\/4841"}],"replies":[{"embeddable":true,"href":"https:\/\/blogs.urz.uni-halle.de\/praeventionsstelle\/wp-json\/wp\/v2\/comments?post=273"}],"version-history":[{"count":2,"href":"https:\/\/blogs.urz.uni-halle.de\/praeventionsstelle\/wp-json\/wp\/v2\/pages\/273\/revisions"}],"predecessor-version":[{"id":1126,"href":"https:\/\/blogs.urz.uni-halle.de\/praeventionsstelle\/wp-json\/wp\/v2\/pages\/273\/revisions\/1126"}],"wp:attachment":[{"href":"https:\/\/blogs.urz.uni-halle.de\/praeventionsstelle\/wp-json\/wp\/v2\/media?parent=273"}],"curies":[{"name":"wp","href":"https:\/\/api.w.org\/{rel}","templated":true}]}}