{"id":2,"date":"2011-07-29T20:06:01","date_gmt":"2011-07-29T20:06:01","guid":{"rendered":"https:\/\/blogs.urz.uni-halle.de\/praktikabel\/?page_id=2"},"modified":"2012-09-25T17:24:39","modified_gmt":"2012-09-25T15:24:39","slug":"beispiel-seite","status":"publish","type":"page","link":"https:\/\/blogs.urz.uni-halle.de\/praktikabel\/beispiel-seite\/","title":{"rendered":"Auswertungen"},"content":{"rendered":"<p>Im Zuge der von uns erhobenen Umfrage per Frageb\u00f6gen sind in den einzelnen hier vorgestellten Artikeln nicht alle Informationen ausgewertet worden.<\/p>\n<p>Diese betreffen insbesondere den Bereich der Kriterien f\u00fcr die Praktikumswahl. \u00dcberblicksweise m\u00f6chten wir dies hier nachholen. Ebenso ziehen wir aus den verteilten Punkten in den Bereichen <em>fachliche Arbeit, Betreuung, Zufriedenheit<\/em> und <em>Fertigkeiten<\/em> die Summe und k\u00f6nnen so vorsichtige Aussagen \u00fcber die Praktika treffen.<\/p>\n<p>&nbsp;<\/p>\n<ul>\n<li>\u00a0<span style=\"text-decoration: underline\">Auswertung Kriterien f\u00fcr die Praktikumswahl<\/span><\/li>\n<\/ul>\n<p>Im Bereich der Praktikumswahl lautete die Frage: &#8222;Nach welchen Kriterien wurde der Praktikumsplatz gew\u00e4hlt?&#8220;<\/p>\n<p>Grunds\u00e4tzliche Antwortm\u00f6glichkeiten waren:<\/p>\n<ul>\n<li>1) N\u00e4he zum Wohn-\/Studien-\/Aufenthaltsort<\/li>\n<\/ul>\n<ul>\n<li>2) Interesse am Praktikumsplatz<\/li>\n<\/ul>\n<ul>\n<li>3) Sp\u00e4tere berufliche Ziele<\/li>\n<li>4) Zwang zur Studienleistung<\/li>\n<\/ul>\n<ul>\n<li>5) Interessenlage im Studium<\/li>\n<\/ul>\n<ul>\n<li>6) Finanzieller Aufwand<\/li>\n<\/ul>\n<ul>\n<li>7) Chance im Studium<\/li>\n<\/ul>\n<p>Des Weiteren war es als achte Antwort m\u00f6glich unter\u00a0 dem Punkt: <span style=\"text-decoration: underline\">Sonstige<\/span> weitere Gr\u00fcnde f\u00fcr die Wahl anzuf\u00fchren.<\/p>\n<p>&nbsp;<\/p>\n<p>Im Folgenden wird die Auswertung regional gegliedert, so dass sich drei Gebiete ergeben: Halle\/S., Sachsen-Anhalt und Deutschland.<\/p>\n<ul>\n<li>Halle\/S.:<\/li>\n<\/ul>\n<p>In Halle waren die h\u00e4ufigsten Gr\u00fcnde f\u00fcr die Wahl des Praktikums: <em>Sp\u00e4tere berufliche Ziele<\/em>, knapp gefolgt vom <em>Interesse am Praktikumsplatz<\/em>.<br \/>\nDie <em>N\u00e4he zum Wohn-\/Studien-\/Aufenthaltsort<\/em>, der <em>Zwang zur Studienleistung<\/em> und die <em>Interessenlage im Studium<\/em> wurden auf dem dritten Platz gleich h\u00e4ufig genannt.<\/p>\n<ul>\n<li>Sachsen-Anhalt:<\/li>\n<\/ul>\n<p>Im Bereich Sachsen-Anhalt erhielten die <em>N\u00e4he zum Wohn-\/Studien-\/Aufenthaltsort<\/em> und das<em> Interessen am Praktikumsplatz<\/em> die h\u00f6chste Nennzahl. Die n\u00e4chstfolgende h\u00e4ufigste Nennung war der <em>finanzielle Aufwand<\/em>.<\/p>\n<ul>\n<li>Deutschland:<\/li>\n<\/ul>\n<p>Im Bereich Deutschland wurden <em>sp\u00e4tere beruflich Ziele<\/em> am h\u00e4ufigsten genannt. Dahinter folgte das<em> Interesse am Praktikumsplatz<\/em> und, weit abgeschlagen, die <em>N\u00e4he zum Wohn-\/Studien-\/Aufenthaltsort<\/em> und der <em>finanzielle Aufwand<\/em>.<\/p>\n<p>Aus diesen Teilbereichen ergibt sich das Bild, dass in Halle aufgrund der vorhandenen Wohnsituation und der Praktikumsangebote der Fokus der Praktikanten auf den <em>sp\u00e4teren beruflichen Zielen<\/em> und dem pers\u00f6nlichen <em>Interessen am Praktikum<\/em> liegt. Dies wird durch die dritth\u00e4ufigste Nennung der<em> N\u00e4he zum Studienort<\/em> unterstrichen.<\/p>\n<p>Im Bereich Sachsen-Anhalt ergibt sich, dass Studenten die Praktika in Sachsen-Anhalt nachgehen, mit hoher Wahrscheinlichkeit einen <em>Wohnort<\/em> oder das Elternhaus im Bundesland haben, und versuchen sich dort auf ein f\u00fcr sie<em> interessantes Praktikum<\/em> zu bewerben. Dies wird durch den<em> finanziellen Aufwand<\/em>, der zur Entscheidung f\u00fcr das Praktikum gef\u00fchrt hat, best\u00e4tigt.<\/p>\n<p>Im Bereich Deutschland (alle Antworten beziehen sich auf Mitteldeutschland, Brandenburg und Berlin) \u00fcberwiegen die<em> sp\u00e4teren beruflichen Ziele<\/em> und das<em> Interesse am Praktikumsplatz<\/em>. <em>N\u00e4he zum Wohnort<\/em> und der <em>finanzielle Aufwand<\/em> sind aber auch hier mehrmals genannt. Daraus ergeben sich zwei Interpretationen: Zum einen nehmen Studenten, die bereit sind deutschlandweit Praktika nachzugehen, den finanziellen Aufwand in Kauf oder zum anderen kompensieren diesen durch das Wohnen bei Verwandtschaft.<\/p>\n<ul>\n<li>Gesamtauswertung:<\/li>\n<\/ul>\n<p>Insgesamt wurde das<em> Interesse am Praktikumsplatz<\/em> am h\u00e4ufigsten genannt, dicht gefolgt von den <em>sp\u00e4teren beruflichen Zielen<\/em>. Etwas dahinter, aber eindeutig die Mehrheit der Praktikanten betreffend, wurde die <em>N\u00e4he zum\u00a0 Wohn-\/Studien-\/Aufenthaltsort<\/em> genannt.<\/p>\n<p>Daraus ergibt sich insgesamt die zielgerichtete Ausrichtung der Studenten bei der Wahl des Praktikums (<em>Interesse<\/em> und <em>berufliche Ziele<\/em>), wobei der finanzielle Aufwand und die <em>N\u00e4he zum Aufenthaltsort<\/em> grunds\u00e4tzlich nicht zu vernachl\u00e4ssigen sind.<\/p>\n<p>Ungef\u00e4hr ein Drittel aller Teilnehmer nannte auch den<em> Zwang zur Studienleistung<\/em> als Motiv f\u00fcr die Wahl eines Praktikums und lediglich ein Neuntel aller Teilnehmer begreift das Praktikum bisher als <em>Chance f\u00fcr das Studium<\/em>.<\/p>\n<p>&nbsp;<\/p>\n<ul>\n<li><span style=\"text-decoration: underline\">Allgemeine Auswertung der Punkte:<\/span><\/li>\n<\/ul>\n<p>Die Auswertung gliedert sich in folgende gewertete Bereiche:<\/p>\n<ul>\n<li>1) fachliche Arbeit<\/li>\n<li>2)\u00a0 Betreuung<\/li>\n<li>3) Zufriedenheit<\/li>\n<li>4) Fertigkeiten<\/li>\n<\/ul>\n<p>&nbsp;<\/p>\n<ul>\n<li>Im Bereich <em>fachliche Arbeit<\/em>, in welchem die Studenten die H\u00f6he der fachlichen Arbeit im Gegensatz zu Hilfsarbeiten benennen sollten, ergibt sich bisher ein Punkteschnitt von <span style=\"text-decoration: underline\">7,5 von 10 Punkten<\/span>. Der Bereich fachliche Arbeit hat damit bisher den niedrigsten Punktedurchschnitt, was auf eine notwendige Verbesserung dieses Bereichs durch die Anbieter schlie\u00dfen l\u00e4sst, wobei allerdings ein Wert von \u00fcber 7 Punkten grunds\u00e4tzlich auf die hohe Qualit\u00e4t und Professionalit\u00e4t der Praktikumsanbieter schlie\u00dfen l\u00e4sst.<\/li>\n<\/ul>\n<ul>\n<li>Im Bereich <em>Betreuung<\/em>, in dem die Studenten angeben mussten ob, wie, wo und von wem sie betreut wurden, ergibt sich aus den von den Studenten verteilten Punkten ein Durchschnittswert von ungef\u00e4hr <span style=\"text-decoration: underline\">8,2 von 10 Punkten<\/span>. Dies ist der von den Studenten zweith\u00f6chst vergeben Wert und l\u00e4sst auf eine fachliche und durchgehende Betreuung schlie\u00dfen. Grunds\u00e4tzlich f\u00fchlen sich die Studenten gut und ausreichend betreut.<\/li>\n<\/ul>\n<ul>\n<li>Im Bereich der Zufriedenheit haben die Studenten angegeben wie zufrieden sie mit dem Praktikum waren, ob sie das Praktikum weiterempfehlen w\u00fcrden und ob sich ihre Zielvorstellung vom Praktikum erf\u00fcllt hat. Hier ergibt sich aus den Bewertungen der Studenten der h\u00f6chste Durchschnittwert von ca. <span style=\"text-decoration: underline\">8,8 von 10 Punkten<\/span>. Dieser extrem hohe Wert l\u00e4sst von positiv auf Studenten ausgerichteten Praktika ausgehen. Dieser Wert ist die Synthese aus den Bereichen Betreuung, fachliche Arbeit und dem erlernen neuer Fertigkeiten und erkl\u00e4rt sich aus den grunds\u00e4tzlich hohen Werten der einzelnen Kategorien.<\/li>\n<\/ul>\n<ul>\n<li>Im Bereich <em>Fertigkeiten<\/em>, der sich aus dem erlernen neuer Fertigkeiten, einer m\u00f6glichen Berufsqualifikation durch das Praktikum und der m\u00f6glichen Umsetzung von im Studium erworbenen Wissens\/F\u00e4higkeiten zusammensetzt, ergibt sich bisher der zweitniedrigste Wert mit ca. <span style=\"text-decoration: underline\">8,0 von 10 Punkten<\/span>. Auch wenn hier deutlich wird, dass Studium und Praktika nicht immer gleich zielgerichtet vorgehen oder andere Zielrichtungen haben, so ist der Wert von \u00fcber 8 Punkten positiv zu begr\u00fc\u00dfen.<\/li>\n<\/ul>\n<ul>\n<li>Insgesamt ergibt sich aus den Gesamtwertungen ein Durchschnittwert von ca. <span style=\"text-decoration: underline\">33 von 40 m\u00f6glichen Punkten<\/span>, wodurch es m\u00f6glich ist von auf Studenten ausgerichtete Praktika ausgehen zu k\u00f6nnen. Diese Praktika erm\u00f6glichen den Erwerb neuer Fertigkeiten f\u00fcr das Studium und erm\u00f6glichen gleichzeitig die Umsetzung von im Studium erworbenen fachwissenschaftlichem Fertigkeiten und Wissen. Die hohe allgemeine Zufriedenheit spiegelt die positive Grundhaltung nach dem Absolvieren der Praktika wieder.<\/li>\n<\/ul>\n<p>&nbsp;<\/p>\n","protected":false},"excerpt":{"rendered":"<p>Im Zuge der von uns erhobenen Umfrage per Frageb\u00f6gen sind in den einzelnen hier vorgestellten Artikeln nicht alle Informationen ausgewertet worden. Diese betreffen insbesondere den Bereich der Kriterien f\u00fcr die Praktikumswahl. \u00dcberblicksweise m\u00f6chten wir dies hier nachholen. Ebenso ziehen wir aus den verteilten Punkten in den Bereichen fachliche Arbeit, Betreuung, Zufriedenheit und Fertigkeiten die Summe &hellip; <\/p>\n<p><a class=\"more-link btn\" href=\"https:\/\/blogs.urz.uni-halle.de\/praktikabel\/beispiel-seite\/\">Weiterlesen<\/a><\/p>\n","protected":false},"author":48,"featured_media":0,"parent":0,"menu_order":0,"comment_status":"open","ping_status":"open","template":"","meta":[],"_links":{"self":[{"href":"https:\/\/blogs.urz.uni-halle.de\/praktikabel\/wp-json\/wp\/v2\/pages\/2"}],"collection":[{"href":"https:\/\/blogs.urz.uni-halle.de\/praktikabel\/wp-json\/wp\/v2\/pages"}],"about":[{"href":"https:\/\/blogs.urz.uni-halle.de\/praktikabel\/wp-json\/wp\/v2\/types\/page"}],"author":[{"embeddable":true,"href":"https:\/\/blogs.urz.uni-halle.de\/praktikabel\/wp-json\/wp\/v2\/users\/48"}],"replies":[{"embeddable":true,"href":"https:\/\/blogs.urz.uni-halle.de\/praktikabel\/wp-json\/wp\/v2\/comments?post=2"}],"version-history":[{"count":8,"href":"https:\/\/blogs.urz.uni-halle.de\/praktikabel\/wp-json\/wp\/v2\/pages\/2\/revisions"}],"predecessor-version":[{"id":416,"href":"https:\/\/blogs.urz.uni-halle.de\/praktikabel\/wp-json\/wp\/v2\/pages\/2\/revisions\/416"}],"wp:attachment":[{"href":"https:\/\/blogs.urz.uni-halle.de\/praktikabel\/wp-json\/wp\/v2\/media?parent=2"}],"curies":[{"name":"wp","href":"https:\/\/api.w.org\/{rel}","templated":true}]}}