{"id":2,"date":"2023-06-30T10:28:05","date_gmt":"2023-06-30T08:28:05","guid":{"rendered":"https:\/\/blogs.urz.uni-halle.de\/radiorenau\/?page_id=2"},"modified":"2023-07-07T17:50:23","modified_gmt":"2023-07-07T15:50:23","slug":"beispiel-seite","status":"publish","type":"page","link":"https:\/\/blogs.urz.uni-halle.de\/radiorenau\/","title":{"rendered":""},"content":{"rendered":"\n<h1>Radio Renau<\/h1>\n\n\n\n<h4>In Halle-Neustadt blickt uns Marx aus der H\u00f6he eines frisch renovierten Wandbilds an. Nur wenige Kilometer entfernt, am Riebeckplatz, wirbt ein Bild aus bunten Kacheln f\u00fcr die friedliche Nutzung der Kernenergie. Wer steckt hinter diesen Bildern, mit ihren satten Farben und politischen Botschaften? In ihren Radiobeitr\u00e4gen gehen Studierende der Romanistik dem Lebenswerk der valencianischen K\u00fcnstler*innen Josep Renau und Manuela Ballester nach und nehmen uns mit auf eine Reise, die von Spanien \u00fcber Mexiko in die DDR f\u00fchrt. Ein besonderer Fokus liegt dabei auf dem Wirken Renaus in Halle und der Rolle \u00f6ffentlicher Kunst im st\u00e4dtischen Raum. Eine Einladung zum Zuh\u00f6ren.<\/h4>\n\n\n\n<h4>In Kooperation mit <a href=\"https:\/\/radiocorax.de\/\" target=\"_blank\" rel=\"noreferrer noopener\">Radio Corax<\/a> und dem <a href=\"https:\/\/www.romanistik.uni-halle.de\/\" target=\"_blank\" rel=\"noreferrer noopener\">Institut f\u00fcr Romanistik<\/a> der Martin-Luther-Universit\u00e4t Halle-Wittenberg<\/h4>\n\n\n\n<p><\/p>\n\n\n\n<h3>Radio Renau #1: Spanien \u2013 Mexiko \u2013 DDR: Stationen einer politischen K\u00fcnstlerbiographie<\/h3>\n\n\n\n<figure class=\"wp-block-audio\"><audio controls src=\"https:\/\/blogs.urz.uni-halle.de\/radiorenau\/files\/2023\/06\/20230609_RadioRenau_Transversale-Geschichte.mp3\"><\/audio><\/figure>\n\n\n\n<p>Vielen d\u00fcrfte das Wandmosaik in der Magdeburger Stra\u00dfe beim Weg vom oder zum Hauptbahnhof schon aufgefallen sein. Entstanden ist das Bild 1971 als Auftragsarbeit f\u00fcr das Energiekombinat Halle durch den K\u00fcnstler Josep Renau. Charlotte Kretauer und Kim Ryll zeichnen in dieser Podcastfolge den Lebensweg Renaus nach, der ihn von Spanien, \u00fcber Mexiko in die DDR f\u00fchrte. Im Gespr\u00e4ch: Oliver Sukrow, Architekturhistoriker und Kulturwissenschaftler an der TU Darmstadt, und Ulrich Reimkasten, emeritierter Professor f\u00fcr Malerei und Textil an der Burg Giebichenstein Kunsthochschule Halle.<\/p>\n\n\n\n<h3>Radio Renau #2: Restaurierung: Marx-Kopf und die Bewahrung kulturellen Erbes<\/h3>\n\n\n\n<figure class=\"wp-block-audio\"><audio controls src=\"https:\/\/blogs.urz.uni-halle.de\/radiorenau\/files\/2023\/06\/20230609_RadioRenau_Restaurierung.mp3\"><\/audio><\/figure>\n\n\n\n<p>Die \u201eKunst am Bau\u201c war ein zentraler Bestandteil st\u00e4dtebaulicher Konzepte in der DDR. Josep Renau erhielt in diesem Rahmen mehrere Auftr\u00e4ge, u.a. in Erfurt und Halle. Im vergangenen Jahr wurde eines der beiden Wandbilder am Geb\u00e4ude der heutigen Ausl\u00e4nderbeh\u00f6rde in Halle-Neustadt renoviert. Paula Weidelt, Pauline Feldens, Amelie Wessig und Marc Neumann haben u.a. mit Philip Kurz von der W\u00fcstenrot Stiftung und dem Restaurator Mirko Finzsch \u00fcber Anspr\u00fcche und Herausforderungen bei der Renovierung des Wandbilds gesprochen.<\/p>\n\n\n\n<h3>Radio Renau #3: Verdeckte Geschichte(n): Manuela Ballester und Frauen im mexikanischen Muralismo<\/h3>\n\n\n\n<figure class=\"wp-block-audio\"><audio controls src=\"https:\/\/blogs.urz.uni-halle.de\/radiorenau\/files\/2023\/06\/20230609_RadioRenau_Verdeckte-Geschichten_gekuerzte-Musik.mp3\"><\/audio><\/figure>\n\n\n\n<p>Der mexikanische Muralismus wird oft mit den Namen der \u201edrei Gro\u00dfen\u201c (Siqueiros, Rivera und Orozco) gleichgesetzt, w\u00e4hrend wichtige Arbeiten von Frauen wie Aurora Reyes, Rina Lazo oder Elena Huerta nur selten Erw\u00e4hnung finden. Ein \u00e4hnliches Schicksal ereilte die spanische K\u00fcnstlerin Manuela Ballester, die bereits zu Lebzeiten allzu oft im Schatten ihres Ehemanns Josep Renau stand. Franka Hans, Fiona Pollock und Theresa Weckwert haben es sich zur Aufgabe gemacht, das Leben der K\u00fcnstlerin und ihr facettenreiches Schaffen sichtbar bzw. h\u00f6rbar zu machen und sprachen daf\u00fcr mit Sabine Hoffmann, Kuratorin am Museum der bildenden K\u00fcnste, Leipzig, Carmen Gait\u00e1n Salinas, Kunsthistorikerin und dem K\u00fcnstler Ulrich Reimkasten.<\/p>\n\n\n\n<h3>Radio Renau #4: Politische Kunst im \u00f6ffentlichen Raum damals und heute<\/h3>\n\n\n\n<figure class=\"wp-block-audio\"><audio controls src=\"https:\/\/blogs.urz.uni-halle.de\/radiorenau\/files\/2023\/06\/20230609_RadioRenau_Kunst-im-oeffentlichen-Raum.mp3\"><\/audio><\/figure>\n\n\n\n<p>\u00dcber den Erhalt von \u00f6ffentlicher Kunst aus der DDR wurde viel gestritten, manchmal aber auch einfach Fakten geschaffen, wie etwa beim Abriss von Renaus \u201eMarsch der Jugend in die Zukunft\u201c, das am ehemaligen Bildungszentrum in Halle-Neustadt angebracht war. Laura Galera K\u00e4pernick, Hannah Schwarzer, Nadja Sokolovska und Marianne Wiese gehen in dieser Podcastfolge der Frage nach, warum uns manche Kunstwerke erhalten bleiben, w\u00e4hrend andere verschwinden, und welche Funktion \u00f6ffentliche Kunst heute erf\u00fcllt. Im Interview: Matthias Kunkel, Koordinator f\u00fcr Bildende Kunst im Fachbereich Kultur der Stadt Halle.<\/p>\n\n\n\n<h3>Radio Renau #5: Hallesche Muralistas? Die Freiraumgalerie und das Erbe Josep Renaus <\/h3>\n\n\n\n<figure class=\"wp-block-audio\"><audio controls src=\"https:\/\/blogs.urz.uni-halle.de\/radiorenau\/files\/2023\/07\/20230609_RadioRenau_Freiraumgalerie_bearbeitet-1.mp3\"><\/audio><\/figure>\n\n\n\n<p>Josep Renau pr\u00e4gte mit seinen Werken nicht nur das Stadtbild Halles. Auch f\u00fcr heutige Wandbildk\u00fcnstler*innen ist der spanische Maler eine Referenz. Jumana Amoury, Solveig Heuer und Elias Kindl haben sich mit Danilo Halle von der Freiraumgalerie \u00fcber das Erbe Renaus und die Unterschiede in der Wandbildgestaltung von damals und heute unterhalten.<\/p>\n\n\n\n<p><\/p>\n\n\n\n<p><strong>Konzeption, Durchf\u00fchrung und Schnitt: Christina Brinkmann und Michael Karrer<\/strong><\/p>\n","protected":false},"excerpt":{"rendered":"<div class=\"entry-summary\">\nRadio Renau In Halle-Neustadt blickt uns Marx aus der H\u00f6he eines frisch renovierten Wandbilds an. Nur wenige Kilometer entfernt, am&hellip;\n<\/div>\n<div class=\"link-more\"><a href=\"https:\/\/blogs.urz.uni-halle.de\/radiorenau\/\" class=\"more-link\">Continue reading&hellip;<\/a><\/div>\n","protected":false},"author":5865,"featured_media":0,"parent":0,"menu_order":0,"comment_status":"closed","ping_status":"closed","template":"page-template\/_front.php","meta":[],"_links":{"self":[{"href":"https:\/\/blogs.urz.uni-halle.de\/radiorenau\/wp-json\/wp\/v2\/pages\/2"}],"collection":[{"href":"https:\/\/blogs.urz.uni-halle.de\/radiorenau\/wp-json\/wp\/v2\/pages"}],"about":[{"href":"https:\/\/blogs.urz.uni-halle.de\/radiorenau\/wp-json\/wp\/v2\/types\/page"}],"author":[{"embeddable":true,"href":"https:\/\/blogs.urz.uni-halle.de\/radiorenau\/wp-json\/wp\/v2\/users\/5865"}],"replies":[{"embeddable":true,"href":"https:\/\/blogs.urz.uni-halle.de\/radiorenau\/wp-json\/wp\/v2\/comments?post=2"}],"version-history":[{"count":10,"href":"https:\/\/blogs.urz.uni-halle.de\/radiorenau\/wp-json\/wp\/v2\/pages\/2\/revisions"}],"predecessor-version":[{"id":91,"href":"https:\/\/blogs.urz.uni-halle.de\/radiorenau\/wp-json\/wp\/v2\/pages\/2\/revisions\/91"}],"wp:attachment":[{"href":"https:\/\/blogs.urz.uni-halle.de\/radiorenau\/wp-json\/wp\/v2\/media?parent=2"}],"curies":[{"name":"wp","href":"https:\/\/api.w.org\/{rel}","templated":true}]}}