{"id":140,"date":"2017-09-16T16:40:54","date_gmt":"2017-09-16T14:40:54","guid":{"rendered":"https:\/\/blogs.urz.uni-halle.de\/readingandacupoftea\/?page_id=140"},"modified":"2017-09-16T16:40:54","modified_gmt":"2017-09-16T14:40:54","slug":"veranstaltungstipps","status":"publish","type":"page","link":"https:\/\/blogs.urz.uni-halle.de\/readingandacupoftea\/veranstaltungstipps\/","title":{"rendered":"Veranstaltungstipps"},"content":{"rendered":"<p>Oft bekommt man gar nicht mit, wie viele tolle Veranstaltungen rund um B\u00fccher es gibt. Hier habe ich euch mal ein paar zusammengestellt, die auf jeden Fall jedes B\u00fccherherz h\u00f6her schlagen l\u00e4sst.<\/p>\n<h2>Buchmessen<\/h2>\n<h3>Leipziger Buchmesse<\/h3>\n<p><em>15.-18. M\u00e4rz 2018<\/em><\/p>\n<p>Ich war selber schon da und fand es einfach toll. Wie toll k\u00f6nnt ihr in meinem <a href=\"https:\/\/blogs.urz.uni-halle.de\/readingandacupoftea\/leipziger-buchmesse-2017\/\">Blogeintrag <\/a>nachlesen! \ud83d\ude42 \u00a0Der n\u00e4chste Besuch ist fest eingeplant! \u00dcbrigens findet zur gleichen Zeit Leipzig liest! statt. In der ganzen Stadt gibt es hunderte von Lesungen.<\/p>\n<p><a href=\"http:\/\/www.leipziger-buchmesse.de\/\">http:\/\/www.leipziger-buchmesse.de\/<\/a><\/p>\n<h3>Frankfurter Buchmesse<\/h3>\n<p><em>11.-15. Oktober 2018<\/em><\/p>\n<p>Leider konnte ich Deutschlands gr\u00f6\u00dfte Buchmesse noch nicht besuchen, es ist und bleibt momentan noch ein riesengro\u00dfer Wunsch.\u00a0 Es handelt sich dabei allerdings zum Gro\u00dfteil um eine Fachbesuchermesse. Privatbesuchern stehen die T\u00fcren aber am Wochenende offen.<\/p>\n<p><a href=\"https:\/\/buchmesse.de\/de\/fbm\/\">https:\/\/buchmesse.de<\/a><\/p>\n<h2>Festivals<\/h2>\n<h3>Hamburger Krimi Festival<\/h3>\n<p><em>07.-11. November 2017<\/em><\/p>\n<p>Ganz gro\u00dfer Tipp von mir! Ich hab dort selbst schon einige Veranstaltungen besucht und war jedes Mal wieder total begeistert. Tolle Location im Kampnagel und immer eine besondere Stimmung.<\/p>\n<p><a href=\"https:\/\/www.krimifestival-hamburg.de\/\">https:\/\/www.krimifestival-hamburg.de\/<\/a><\/p>\n<h3>Harbour Front Literaturfestival<\/h3>\n<p><em>13. September &#8211; 15. Oktober 2017<\/em><\/p>\n<p>\u00dcber mehrere Wochen finden sich in Hamburg viele spannende Autoren ein, um rund um den Hafen tolle Veranstaltungen zu geben. Ich habe 2016 eine wunderbare Lesung mit Sebastian Fitzek im Hamburger Cruise Center besucht. Passenderweise hat er aus Passagier 23 gelesen \ud83d\ude09<\/p>\n<p><a href=\"https:\/\/harbourfront-hamburg.com\/\">https:\/\/harbourfront-hamburg.com\/<\/a><\/p>\n<h3>Crime Cologne<\/h3>\n<p><em>25. September &#8211; 01. Oktober 2017<\/em><\/p>\n<p>Ich war selber leider noch nicht dort aber wie ich gelesen habe, sind viele tolle Autoren vertreten! Also schaut mal vorbei!<\/p>\n<p><a href=\"http:\/\/crime-cologne.eu\/\">http:\/\/crime-cologne.eu\/<\/a><\/p>\n<h3>lit.COLOGNE<\/h3>\n<p><em>06.-17. M\u00e4rz 2018<\/em><\/p>\n<p>Auch hier kann ich leider nicht viel zu sagen aber 2018 werde ich zu der Zeit in K\u00f6ln sein und auf jeden Fall die ein oder andere Veranstaltung besuchen, ich freue mich sehr drauf. Es ist Europas gr\u00f6\u00dftes Literaturfestival<\/p>\n<p><a href=\"https:\/\/www.litcologne.de\/\">https:\/\/www.litcologne.de\/<\/a><\/p>\n<h3>Mord am Hellweg<\/h3>\n<p><em>leider habe ich noch keine Termine gefunden<\/em><\/p>\n<p>Viele Lesungen quer durchs Ruhrgebiet findet ihr bei Mord am Hellweg. Leider findet das Festival nur alle 2 Jahre statt.<\/p>\n<p><a href=\"http:\/\/www.mordamhellweg.de\/\">http:\/\/www.mordamhellweg.de\/<\/a><\/p>\n<h3>M\u00fcnchner \u00a0Krimi-Herbst<\/h3>\n<p><em>11.September &#8211; 12. November 2017<\/em><\/p>\n<p>Auch hier: Auf jeden Fall einen Besuch wert. Besonders die vielen, thematisch passenden R\u00e4umlichkeiten finde ich spannend. Gef\u00e4ngnisse, Polizeistationen und R\u00e4ume der Gerichtsmedizin werden hier zum Lesesaal und geben noch das gewisse Etwas an Spannung.<\/p>\n<p><a href=\"http:\/\/www.krimifestival-muenchen.de\/index.html\">http:\/\/www.krimifestival-muenchen.de\/<\/a><\/p>\n","protected":false},"excerpt":{"rendered":"<p>Oft bekommt man gar nicht mit, wie viele tolle Veranstaltungen rund um B\u00fccher es gibt. Hier habe ich euch mal ein paar zusammengestellt, die auf jeden Fall jedes B\u00fccherherz h\u00f6her schlagen l\u00e4sst. Buchmessen Leipziger Buchmesse 15.-18. M\u00e4rz 2018 Ich war &hellip; <a href=\"https:\/\/blogs.urz.uni-halle.de\/readingandacupoftea\/veranstaltungstipps\/\">Weiterlesen <span class=\"meta-nav\">&rarr;<\/span><\/a><\/p>\n","protected":false},"author":3060,"featured_media":0,"parent":0,"menu_order":0,"comment_status":"closed","ping_status":"closed","template":"","meta":[],"_links":{"self":[{"href":"https:\/\/blogs.urz.uni-halle.de\/readingandacupoftea\/wp-json\/wp\/v2\/pages\/140"}],"collection":[{"href":"https:\/\/blogs.urz.uni-halle.de\/readingandacupoftea\/wp-json\/wp\/v2\/pages"}],"about":[{"href":"https:\/\/blogs.urz.uni-halle.de\/readingandacupoftea\/wp-json\/wp\/v2\/types\/page"}],"author":[{"embeddable":true,"href":"https:\/\/blogs.urz.uni-halle.de\/readingandacupoftea\/wp-json\/wp\/v2\/users\/3060"}],"replies":[{"embeddable":true,"href":"https:\/\/blogs.urz.uni-halle.de\/readingandacupoftea\/wp-json\/wp\/v2\/comments?post=140"}],"version-history":[{"count":1,"href":"https:\/\/blogs.urz.uni-halle.de\/readingandacupoftea\/wp-json\/wp\/v2\/pages\/140\/revisions"}],"predecessor-version":[{"id":141,"href":"https:\/\/blogs.urz.uni-halle.de\/readingandacupoftea\/wp-json\/wp\/v2\/pages\/140\/revisions\/141"}],"wp:attachment":[{"href":"https:\/\/blogs.urz.uni-halle.de\/readingandacupoftea\/wp-json\/wp\/v2\/media?parent=140"}],"curies":[{"name":"wp","href":"https:\/\/api.w.org\/{rel}","templated":true}]}}