{"id":1168,"date":"2016-11-14T10:35:46","date_gmt":"2016-11-14T09:35:46","guid":{"rendered":"https:\/\/blogs.urz.uni-halle.de\/romanikzentrum\/?page_id=1168"},"modified":"2024-03-25T21:08:55","modified_gmt":"2024-03-25T20:08:55","slug":"more-romano","status":"publish","type":"page","link":"https:\/\/blogs.urz.uni-halle.de\/romanikzentrum\/publikationen\/more-romano\/","title":{"rendered":"more romano"},"content":{"rendered":"<p>In der Schriftenreihe <em>more romano<\/em> werden Beitr\u00e4ge wissenschaftlicher Fachtagungen, die das Europ\u00e4ische Romanik Zentrum veranstaltet, und neuere Forschungsarbeiten zum Themenspektrum der europ\u00e4ischen Romanik ver\u00f6ffentlicht.<\/p>\n<p><strong>bisher erschienen:<\/strong><\/p>\n<ul>\n<li><a href=\"https:\/\/blogs.urz.uni-halle.de\/romanikzentrum\/more-romano-1\/\">Romanik in Europa<\/a> (2009)<\/li>\n<li><a href=\"https:\/\/blogs.urz.uni-halle.de\/romanikzentrum\/more-romano-2\/\">Der Magdeburger Dom im europ\u00e4ischen Kontext<\/a> (2012)<\/li>\n<li><a href=\"https:\/\/blogs.urz.uni-halle.de\/romanikzentrum\/more-romano-3\/\">Kunst und Kultur in Ottonischer Zeit. Forschungen zum Fr\u00fchmittelalter<\/a> (2013)<\/li>\n<li><a href=\"https:\/\/blogs.urz.uni-halle.de\/romanikzentrum\/more-romano-4\/\">Architektur als Zitat.&nbsp;Formen, Motive und Strategien der Vergegenw\u00e4rtigung<\/a> (2014)<\/li>\n<li><a href=\"https:\/\/blogs.urz.uni-halle.de\/romanikzentrum\/publikationen\/more-romano-5\/\">Kulturstra\u00dfen als Konzept. 20 Jahre Stra\u00dfe der Romanik<\/a> (2016)<\/li>\n<li><a href=\"https:\/\/blogs.urz.uni-halle.de\/romanikzentrum\/publikationen\/more-romano-6\/\">Herrschaftslandschaft im Umbruch. 1000 Jahre Merseburger Dom<\/a> (2017)<\/li>\n<li><a href=\"https:\/\/blogs.urz.uni-halle.de\/romanikzentrum\/more-romano-7\/\">Westbau \u2013 Vorhalle \u2013 Portal. Forschungen zum Halberst\u00e4dter Dom<\/a> (2021)<\/li>\n<\/ul>\n<p>Die B\u00e4nde der <em>more romano<\/em>-Reihe sind zu beziehen \u00fcber den <a href=\"https:\/\/www.schnell-und-steiner.de\/\">Verlag Schnell &amp; Steiner<\/a>.<\/p>\n<p><\/p>","protected":false},"excerpt":{"rendered":"<p>In der Schriftenreihe more romano werden Beitr\u00e4ge wissenschaftlicher Fachtagungen, die das Europ\u00e4ische Romanik Zentrum veranstaltet, und neuere Forschungsarbeiten zum Themenspektrum der europ\u00e4ischen Romanik ver\u00f6ffentlicht. bisher erschienen: Romanik in Europa (2009) Der Magdeburger Dom im europ\u00e4ischen Kontext (2012) Kunst und Kultur in Ottonischer Zeit. Forschungen zum Fr\u00fchmittelalter (2013) Architektur als Zitat.&nbsp;Formen, Motive und Strategien der Vergegenw\u00e4rtigung &hellip; <\/p>\n<p><a class=\"more-link btn\" href=\"https:\/\/blogs.urz.uni-halle.de\/romanikzentrum\/publikationen\/more-romano\/\">Weiterlesen<\/a><\/p>\n","protected":false},"author":6030,"featured_media":1373,"parent":1017,"menu_order":0,"comment_status":"closed","ping_status":"closed","template":"","meta":{"ngg_post_thumbnail":0},"_links":{"self":[{"href":"https:\/\/blogs.urz.uni-halle.de\/romanikzentrum\/wp-json\/wp\/v2\/pages\/1168"}],"collection":[{"href":"https:\/\/blogs.urz.uni-halle.de\/romanikzentrum\/wp-json\/wp\/v2\/pages"}],"about":[{"href":"https:\/\/blogs.urz.uni-halle.de\/romanikzentrum\/wp-json\/wp\/v2\/types\/page"}],"author":[{"embeddable":true,"href":"https:\/\/blogs.urz.uni-halle.de\/romanikzentrum\/wp-json\/wp\/v2\/users\/6030"}],"replies":[{"embeddable":true,"href":"https:\/\/blogs.urz.uni-halle.de\/romanikzentrum\/wp-json\/wp\/v2\/comments?post=1168"}],"version-history":[{"count":10,"href":"https:\/\/blogs.urz.uni-halle.de\/romanikzentrum\/wp-json\/wp\/v2\/pages\/1168\/revisions"}],"predecessor-version":[{"id":3589,"href":"https:\/\/blogs.urz.uni-halle.de\/romanikzentrum\/wp-json\/wp\/v2\/pages\/1168\/revisions\/3589"}],"up":[{"embeddable":true,"href":"https:\/\/blogs.urz.uni-halle.de\/romanikzentrum\/wp-json\/wp\/v2\/pages\/1017"}],"wp:featuredmedia":[{"embeddable":true,"href":"https:\/\/blogs.urz.uni-halle.de\/romanikzentrum\/wp-json\/wp\/v2\/media\/1373"}],"wp:attachment":[{"href":"https:\/\/blogs.urz.uni-halle.de\/romanikzentrum\/wp-json\/wp\/v2\/media?parent=1168"}],"curies":[{"name":"wp","href":"https:\/\/api.w.org\/{rel}","templated":true}]}}