{"id":9,"date":"2023-04-18T11:37:35","date_gmt":"2023-04-18T09:37:35","guid":{"rendered":"https:\/\/blogs.urz.uni-halle.de\/rundumrundfunk\/?page_id=9"},"modified":"2023-05-08T19:50:09","modified_gmt":"2023-05-08T17:50:09","slug":"history-lab","status":"publish","type":"page","link":"https:\/\/blogs.urz.uni-halle.de\/rundumrundfunk\/podcast\/history-lab\/","title":{"rendered":"History \u2014&nbsp;Lab"},"content":{"rendered":"\n<div class=\"wp-block-group\"><div class=\"wp-block-group__inner-container\">\n<p>Die Geschichte des Radios in Deutsch\u00adland ist lang und facetten\u00adre\u00adich. Von der \u00dcber\u00adtra\u00adgung elek\u00adtro\u00admag\u00adnetis\u00adch\u00ader Wellen bis hin zum heuti\u00adgen Inter\u00adne\u00adtra\u00addio hat sich das Medi\u00adum st\u00e4ndig weit\u00ader\u00aden\u00adtwick\u00adelt und seine Bedeu\u00adtung f\u00fcr die Gesellschaft ver\u00e4n\u00addert. In diesem Artikel wer\u00adden die wichtig\u00adsten Sta\u00adtio\u00adnen der deutschen Radi\u00adogeschichte vorgestellt, die aus unser\u00ader Sicht beson\u00adders pr\u00e4\u00adgend waren. Dabei geht es sowohl um tech\u00adnis\u00adche Inno\u00adva\u00adtio\u00adnen als auch um gesellschaftliche und poli\u00adtis\u00adche Ereignisse, die das Medi\u00adum Radio gepr\u00e4gt haben.<\/p>\n\n\n\n<p><\/p>\n<\/div><\/div>\n\n\n\n<p><em>Psssst\u2026 einen aus\u00adf\u00fchrlichen Recap \u00fcber die Geschichte des Radios gibt es in unserem Pod\u00adcast zu h\u00f6ren. Diesen find\u00adest du <a href=\"https:\/\/blogs.urz.uni-halle.de\/rundumrundfunk\/podcast\/\">hier.<\/a><\/em><\/p>\n\n\n\n<!--more KEEP READING-->\n\n\n\n<div class=\"wp-block-media-text alignwide is-stacked-on-mobile\" style=\"grid-template-columns:30% auto\"><figure class=\"wp-block-media-text__media\"><img loading=\"lazy\" width=\"816\" height=\"1024\" src=\"https:\/\/blogs.urz.uni-halle.de\/rundumrundfunk\/files\/2023\/04\/Heinrich_Hertz.jpeg\" alt class=\"wp-image-140\" srcset=\"https:\/\/blogs.urz.uni-halle.de\/rundumrundfunk\/files\/2023\/04\/Heinrich_Hertz.jpeg 816w, https:\/\/blogs.urz.uni-halle.de\/rundumrundfunk\/files\/2023\/04\/Heinrich_Hertz-239x300.jpeg 239w, https:\/\/blogs.urz.uni-halle.de\/rundumrundfunk\/files\/2023\/04\/Heinrich_Hertz-768x964.jpeg 768w\" sizes=\"(max-width: 816px) 100vw, 816px\"><\/figure><div class=\"wp-block-media-text__content\">\n<p><strong>1886<\/strong>: In diesem Jahr hat <em>Hein\u00adrich Hertz <\/em>erst\u00adma\u00adlig die \u00dcber\u00admit\u00adtlung von <em>elek\u00adtro\u00admag\u00adnetis\u00adchen Wellen <\/em>nachgewiesen, die die Grund\u00advo\u00adraus\u00adset\u00adzung f\u00fcrs Radio\u00adh\u00f6ren&nbsp;sind.<\/p>\n\n\n\n<p style=\"font-size:11px\"><\/p>\n<\/div><\/div>\n\n\n\n<p class=\"has-small-font-size\">Bild: Wiki\u00adme\u00addia Commons<\/p>\n\n\n\n<p><\/p>\n\n\n\n<div class=\"wp-block-group\"><div class=\"wp-block-group__inner-container\">\n<div class=\"wp-block-group alignwide\"><div class=\"wp-block-group__inner-container\">\n<div class=\"wp-block-media-text alignwide has-media-on-the-right is-stacked-on-mobile is-image-fill\" style=\"grid-template-columns:auto 51%\"><figure class=\"wp-block-media-text__media\" style=\"background-image:url(https:\/\/blogs.urz.uni-halle.de\/rundumrundfunk\/files\/2023\/05\/Bildschirm\u00adfoto-2023-05-07-um-13.05.35.png);background-position:0% 62%\"><img loading=\"lazy\" width=\"839\" height=\"803\" src=\"https:\/\/blogs.urz.uni-halle.de\/rundumrundfunk\/files\/2023\/05\/Bildschirm\u00adfoto-2023-05-07-um-13.05.35.png\" alt class=\"wp-image-232\" srcset=\"https:\/\/blogs.urz.uni-halle.de\/rundumrundfunk\/files\/2023\/05\/Bildschirm\u00adfoto-2023-05-07-um-13.05.35.png 839w, https:\/\/blogs.urz.uni-halle.de\/rundumrundfunk\/files\/2023\/05\/Bildschirm\u00adfoto-2023-05-07-um-13.05.35-300x287.png 300w, https:\/\/blogs.urz.uni-halle.de\/rundumrundfunk\/files\/2023\/05\/Bildschirm\u00adfoto-2023-05-07-um-13.05.35-768x735.png 768w\" sizes=\"(max-width: 839px) 100vw, 839px\"><\/figure><div class=\"wp-block-media-text__content\">\n<p><strong>24. Dezem\u00adber 1906:<\/strong> <em>Regi\u00adnald Fes\u00adsenden <\/em>sendet aus Brant Rock in Mass\u00ada\u00adchu\u00adsetts die <em>erste Radiosendung<\/em>, beste\u00adhend aus Mod\u00ader\u00ada\u00adtion, Gesang, dem Vor\u00adlesen eines Bibel\u00adtextes und ein\u00ader Abmod\u00ader\u00ada\u00adtion mit dem Hin\u00adweis auf die n\u00e4ch\u00adste Sendung.<\/p>\n\n\n\n<p style=\"font-size:11px\"><\/p>\n<\/div><\/div>\n<\/div><\/div>\n<\/div><\/div>\n\n\n\n<p class=\"has-text-align-right has-small-font-size\">Bild: Bettmann Archive\/Getty Images<\/p>\n\n\n\n<p><\/p>\n\n\n\n<p><strong>I. Weltkrieg<\/strong>: wurde das Radio zun\u00e4chst als <em>mobiles Emp\u00adfangs\u00adger\u00e4t<\/em> genutzt und dann weit\u00ader\u00aden\u00adtwick\u00adelt als<em> Punkt-zu-Punkt-Kom\u00admu\u00adnika\u00adtion<\/em>, bei der es einen Sender gibt, der elek\u00adtro\u00admag\u00adnetis\u00adche Wellen aussendet, und einen Empf\u00e4nger, der diese empf\u00e4ngt und in nutzbare Infor\u00adma\u00adtio\u00adnen umwandelt.<\/p>\n\n\n\n<p><strong>22. Dezem\u00adber 1920: <\/strong><em>Erste \u00f6ffentliche Rund\u00adfunkaussendung in Deutsch\u00adland <\/em>mit dem Lied \u201cStille Nacht, heilige Nacht\u201d, intoniert von Har\u00admo\u00adni\u00adum, Stre\u00adichin\u00adstru\u00admenten und Klavier wird im Radio gesendet. Mitar\u00adbeit\u00ader der Reich\u00adspost spiel\u00adten in der Haupt\u00adfunkstelle in K\u00f6nigswurster\u00adhausen bei Berlin ein <em>Wei\u00adh\u00adnacht\u00adskonz\u00adert<\/em>. <\/p>\n\n\n\n<figure class=\"wp-block-gallery columns-2 is-cropped\"><ul class=\"blocks-gallery-grid\"><li class=\"blocks-gallery-item\"><figure><img loading=\"lazy\" width=\"1024\" height=\"682\" src=\"https:\/\/blogs.urz.uni-halle.de\/rundumrundfunk\/files\/2023\/04\/Bildschirm\u00adfoto-2023-04-24-um-17.06.06-1024x682.png\" alt data-id=\"144\" data-link=\"https:\/\/blogs.urz.uni-halle.de\/rundumrundfunk\/podcast\/history-lab\/bildschirmfoto-2023-04-24-um-17-06-06\/\" class=\"wp-image-144\" srcset=\"https:\/\/blogs.urz.uni-halle.de\/rundumrundfunk\/files\/2023\/04\/Bildschirm\u00adfoto-2023-04-24-um-17.06.06-1024x682.png 1024w, https:\/\/blogs.urz.uni-halle.de\/rundumrundfunk\/files\/2023\/04\/Bildschirm\u00adfoto-2023-04-24-um-17.06.06-300x200.png 300w, https:\/\/blogs.urz.uni-halle.de\/rundumrundfunk\/files\/2023\/04\/Bildschirm\u00adfoto-2023-04-24-um-17.06.06-768x512.png 768w, https:\/\/blogs.urz.uni-halle.de\/rundumrundfunk\/files\/2023\/04\/Bildschirm\u00adfoto-2023-04-24-um-17.06.06-1536x1024.png 1536w, https:\/\/blogs.urz.uni-halle.de\/rundumrundfunk\/files\/2023\/04\/Bildschirm\u00adfoto-2023-04-24-um-17.06.06.png 1589w\" sizes=\"(max-width: 1024px) 100vw, 1024px\"><\/figure><\/li><li class=\"blocks-gallery-item\"><figure><img loading=\"lazy\" width=\"1024\" height=\"654\" src=\"https:\/\/blogs.urz.uni-halle.de\/rundumrundfunk\/files\/2023\/04\/Bildschirm\u00adfoto-2023-04-24-um-17.07.06-1024x654.png\" alt data-id=\"145\" data-full-url=\"https:\/\/blogs.urz.uni-halle.de\/rundumrundfunk\/files\/2023\/04\/Bildschirm\u00adfoto-2023-04-24-um-17.07.06.png\" data-link=\"https:\/\/blogs.urz.uni-halle.de\/rundumrundfunk\/podcast\/history-lab\/bildschirmfoto-2023-04-24-um-17-07-06\/\" class=\"wp-image-145\" srcset=\"https:\/\/blogs.urz.uni-halle.de\/rundumrundfunk\/files\/2023\/04\/Bildschirm\u00adfoto-2023-04-24-um-17.07.06-1024x654.png 1024w, https:\/\/blogs.urz.uni-halle.de\/rundumrundfunk\/files\/2023\/04\/Bildschirm\u00adfoto-2023-04-24-um-17.07.06-300x192.png 300w, https:\/\/blogs.urz.uni-halle.de\/rundumrundfunk\/files\/2023\/04\/Bildschirm\u00adfoto-2023-04-24-um-17.07.06-768x490.png 768w, https:\/\/blogs.urz.uni-halle.de\/rundumrundfunk\/files\/2023\/04\/Bildschirm\u00adfoto-2023-04-24-um-17.07.06-1536x981.png 1536w, https:\/\/blogs.urz.uni-halle.de\/rundumrundfunk\/files\/2023\/04\/Bildschirm\u00adfoto-2023-04-24-um-17.07.06.png 1615w\" sizes=\"(max-width: 1024px) 100vw, 1024px\"><\/figure><\/li><\/ul><figcaption class=\"blocks-gallery-caption\">Bilder: Archiv Funk\u00adtech\u00adnik-Muse\u00adum K\u00f6nigs Wusterhausen<\/figcaption><\/figure>\n\n\n\n<p><\/p>\n\n\n\n<p><strong>29. Okto\u00adber 1923:<\/strong> <em>Erste Unter\u00adhal\u00adtungsra\u00addiosendung<\/em> aus dem Vox\u00adhaus Berlin wird gesendet. Diese markierte den<em> Start\u00adpunkt <\/em>f\u00fcr den deutschen Unterhaltungsrundfunk.<\/p>\n\n\n\n<p><strong>Wichtig: <\/strong>Zur Zeit der <strong>Weimar\u00ader Repub\u00adlik<\/strong> galt der Rund\u00adfunk als <em>unpoli\u00adtis\u00adches<\/em> Bil\u00addungs- und Unter\u00adhal\u00adtungsmedi\u00adum, was jedoch unter <em>Zen\u00adsur<\/em> stand. Es gab eine <em>Rund\u00adfunko\u00adrd\u00adnung<\/em>, die die Ein\u00adrich\u00adtung von \u00dcberwachungsauss\u00adch\u00fcssen des Reich\u00adspost\u00admin\u00adis\u00adteri\u00adums gew\u00e4hrleis\u00adtete. Medi\u00adum wurde als <em>1 to many Kom\u00admu\u00adnika\u00adtion <\/em>etabliert&nbsp; \u2013 was bedeutet, dass es einen Sender gibt, der sich an viele Empf\u00e4nger richtet.<\/p>\n\n\n\n<p><strong>um 1930:<\/strong><em> Bertolt Brechts Radio\u00adthe\u00ado\u00adrie<\/em>. Um mehr \u00fcber seine Visio\u00adnen f\u00fcrs Radio zu erfahren, klicke bitte <a href=\"https:\/\/blogs.urz.uni-halle.de\/rundumrundfunk\/podcast\/history-lab\/berthold-brecht\/\" data-type=\"URL\" data-id=\"https:\/\/blogs.urz.uni-halle.de\/rundumrundfunk\/podcast\/history-lab\/berthold-brecht\/\">hier<\/a>.<\/p>\n\n\n\n<p><strong>1930er:<\/strong> <em>Erforschung der Radionutzung.<\/em> Paul Lazars\u00adfeld und Her\u00adta Her\u00adzog erforscht\u00aden am \u201cOffice of Radio Research\u201d in den USA, warum Men\u00adschen Radio h\u00f6ren. Ihre Forschungsergeb\u00adnisse legten den Grund\u00adstein f\u00fcr die sp\u00e4tere Radio\u00adforschung in Deutsch\u00adland. <em>Ergeb\u00adnis:<\/em> Radio ist beson\u00adders wirk\u00adsam ist, wenn es <em>kon\u00adsumentenori\u00aden\u00adtiert<\/em> agiert<\/p>\n\n\n\n<figure class=\"wp-block-image size-large is-style-default\"><img loading=\"lazy\" width=\"1024\" height=\"524\" src=\"https:\/\/blogs.urz.uni-halle.de\/rundumrundfunk\/files\/2023\/04\/Bildschirm\u00adfoto-2023-04-19-um-15.37.34-1024x524.png\" alt class=\"wp-image-45\" srcset=\"https:\/\/blogs.urz.uni-halle.de\/rundumrundfunk\/files\/2023\/04\/Bildschirm\u00adfoto-2023-04-19-um-15.37.34-1024x524.png 1024w, https:\/\/blogs.urz.uni-halle.de\/rundumrundfunk\/files\/2023\/04\/Bildschirm\u00adfoto-2023-04-19-um-15.37.34-300x153.png 300w, https:\/\/blogs.urz.uni-halle.de\/rundumrundfunk\/files\/2023\/04\/Bildschirm\u00adfoto-2023-04-19-um-15.37.34-768x393.png 768w, https:\/\/blogs.urz.uni-halle.de\/rundumrundfunk\/files\/2023\/04\/Bildschirm\u00adfoto-2023-04-19-um-15.37.34-1536x786.png 1536w, https:\/\/blogs.urz.uni-halle.de\/rundumrundfunk\/files\/2023\/04\/Bildschirm\u00adfoto-2023-04-19-um-15.37.34-1200x614.png 1200w, https:\/\/blogs.urz.uni-halle.de\/rundumrundfunk\/files\/2023\/04\/Bildschirm\u00adfoto-2023-04-19-um-15.37.34.png 1564w\" sizes=\"(max-width: 1024px) 100vw, 1024px\"><\/figure>\n\n\n\n<p><strong>1933\u20131945:<\/strong> NS- Zeit. Unter der F\u00fchrung von Joseph Goebbels diente das deutsche Rund\u00adfunkwe\u00adsen als m\u00e4chtiges <em>Pro\u00adpa\u00adgan\u00addamedi\u00adum<\/em>, um die Ide\u00adolo\u00adgie des Nation\u00adal\u00adsozial\u00adis\u00admus zu ver\u00adbre\u00adit\u00aden. Das Rund\u00adfunkwe\u00adsen wurde zen\u00adtral\u00adisiert. Beispiele f\u00fcr die Nutzung des Radios durch die Nazis:  Wei\u00adh\u00adnacht\u00adsringsendun\u00adgen von 1940 bis&nbsp;1943.&nbsp;<\/p>\n\n\n\n<figure class=\"wp-block-gallery columns-2 is-cropped\"><ul class=\"blocks-gallery-grid\"><li class=\"blocks-gallery-item\"><figure><img loading=\"lazy\" width=\"1024\" height=\"1001\" src=\"https:\/\/blogs.urz.uni-halle.de\/rundumrundfunk\/files\/2023\/04\/Radiohoerer-am-Volksempfaenger-Foto-1933-Radio-Listener-Volksempfaenger-1.jpg\" alt data-id=\"148\" data-full-url=\"https:\/\/blogs.urz.uni-halle.de\/rundumrundfunk\/files\/2023\/04\/Radiohoerer-am-Volksempfaenger-Foto-1933-Radio-Listener-Volksempfaenger-1.jpg\" data-link=\"https:\/\/blogs.urz.uni-halle.de\/rundumrundfunk\/podcast\/history-lab\/radiohoerer-am-volksempfaenger-foto-1933-radio-listener-volksempfaenger-1\/\" class=\"wp-image-148\" srcset=\"https:\/\/blogs.urz.uni-halle.de\/rundumrundfunk\/files\/2023\/04\/Radiohoerer-am-Volksempfaenger-Foto-1933-Radio-Listener-Volksempfaenger-1.jpg 1024w, https:\/\/blogs.urz.uni-halle.de\/rundumrundfunk\/files\/2023\/04\/Radiohoerer-am-Volksempfaenger-Foto-1933-Radio-Listener-Volksempfaenger-1-300x293.jpg 300w, https:\/\/blogs.urz.uni-halle.de\/rundumrundfunk\/files\/2023\/04\/Radiohoerer-am-Volksempfaenger-Foto-1933-Radio-Listener-Volksempfaenger-1-768x751.jpg 768w\" sizes=\"(max-width: 1024px) 100vw, 1024px\"><\/figure><\/li><li class=\"blocks-gallery-item\"><figure><img loading=\"lazy\" width=\"1024\" height=\"1001\" src=\"https:\/\/blogs.urz.uni-halle.de\/rundumrundfunk\/files\/2023\/04\/Goebbels-u-Glasmeyer-Funkausstell-1939-Goebbels-Glasmeyer-Funkausstell-1939.jpg\" alt data-id=\"147\" data-link=\"https:\/\/blogs.urz.uni-halle.de\/rundumrundfunk\/podcast\/history-lab\/goebbels-u-glasmeyer-funkausstell-1939-goebbels-glasmeyer-funkausstell-1939\/\" class=\"wp-image-147\" srcset=\"https:\/\/blogs.urz.uni-halle.de\/rundumrundfunk\/files\/2023\/04\/Goebbels-u-Glasmeyer-Funkausstell-1939-Goebbels-Glasmeyer-Funkausstell-1939.jpg 1024w, https:\/\/blogs.urz.uni-halle.de\/rundumrundfunk\/files\/2023\/04\/Goebbels-u-Glasmeyer-Funkausstell-1939-Goebbels-Glasmeyer-Funkausstell-1939-300x293.jpg 300w, https:\/\/blogs.urz.uni-halle.de\/rundumrundfunk\/files\/2023\/04\/Goebbels-u-Glasmeyer-Funkausstell-1939-Goebbels-Glasmeyer-Funkausstell-1939-768x751.jpg 768w\" sizes=\"(max-width: 1024px) 100vw, 1024px\"><\/figure><\/li><\/ul><figcaption class=\"blocks-gallery-caption\">Bilder: pic\u00adture-alliance \/ akg-images<\/figcaption><\/figure>\n\n\n\n<p><\/p>\n\n\n\n<p><strong>Entwick\u00adlung in der DDR nach 1945: <\/strong>Sow\u00adjets reor\u00adgan\u00adisierten nach der DDR-Staats\u00adgr\u00fcn\u00addung den Rund\u00adfunk. Dann wurde das Radio&nbsp;erneut <em>Pro\u00adpa\u00adgandain\u00adstru\u00adment<\/em> f\u00fcr kom\u00admu\u00adnis\u00adtis\u00adche Ide\u00adolo\u00adgie.  Au\u00dfer\u00addem gab es eine starke Kon\u00adtrolle \u00fcber die Ver\u00adbre\u00aditung von Infor\u00adma\u00adtio\u00adnen aus dem Aus\u00adland, ins\u00adbeson\u00addere aus Westdeutschland.&nbsp;<\/p>\n\n\n\n<p><strong>Entwick\u00adlung in der BRD nach 1945:<\/strong> Im West\u00aden fiel der Rund\u00adfunk in die H\u00e4nde der Allierten. Die <em>Ent\u00adnaz\u00adi\u00adfizierung<\/em> des Rund\u00adfunks begann. <em>Gen\u00ader\u00adal Lucius Clay,<\/em> US-amerikanis\u00adch\u00ader Mil\u00adit\u00e4r\u00adgou\u00adverneur, forderte die <em>Unab\u00adh\u00e4ngigkeit<\/em> der Medi\u00aden vom Staat, damit Rund\u00adfunk wieder im Inter\u00adesse der All\u00adge\u00admein\u00adheit ste\u00adht. Jedes Bun\u00addes\u00adland hat seit\u00addem ein Lan\u00addesme\u00addi\u00adenge\u00adsetz und eine Landesmedienanstalt.<\/p>\n\n\n\n<div class=\"wp-block-media-text alignwide is-stacked-on-mobile is-vertically-aligned-top\" style=\"grid-template-columns:45% auto\"><figure class=\"wp-block-media-text__media\"><img loading=\"lazy\" width=\"540\" height=\"615\" src=\"https:\/\/blogs.urz.uni-halle.de\/rundumrundfunk\/files\/2023\/04\/hc-greene.jpg\" alt class=\"wp-image-150\" srcset=\"https:\/\/blogs.urz.uni-halle.de\/rundumrundfunk\/files\/2023\/04\/hc-greene.jpg 540w, https:\/\/blogs.urz.uni-halle.de\/rundumrundfunk\/files\/2023\/04\/hc-greene-263x300.jpg 263w\" sizes=\"(max-width: 540px) 100vw, 540px\"><\/figure><div class=\"wp-block-media-text__content\">\n<p><strong>1948<\/strong>:&nbsp;<em>Hugh Car\u00adleton Greene<\/em>, der sp\u00e4tere Direk\u00adtor BBC, entwick\u00adelte eine&nbsp;<em>Pro\u00adgramm\u00adpoli\u00adtik<\/em>, die vorschrieb, dass der Rund\u00adfunk zum Auf\u00adbau eines freien, demokratis\u00adchen und friedlichen Deutsch\u00adlands beitra\u00adgen solle. Diese  sah vor, dass der Rund\u00adfunk die Plu\u00adral\u00adit\u00e4t der Inhalte sich\u00adern m\u00fcsse, was bedeutet, dass Sendezeit f\u00fcr alle religi\u00f6sen, sozialen und eth\u00adnis\u00adchen Grup\u00adpen sowie f\u00fcr alle poli\u00adtis\u00adchen Parteien zur Ver\u00adf\u00fc\u00adgung gestellt werde.<\/p>\n\n\n\n<p><\/p>\n<\/div><\/div>\n\n\n\n<p class=\"has-small-font-size\">Bild: BBC MCMXLVI. Pic\u00adture cour\u00adtesy of BBC History<\/p>\n\n\n\n<p>Die Sendeanstal\u00adten wer\u00adden nun von einem Rund\u00adfunkrat und einem Ver\u00adwal\u00adtungsrat kon\u00adtrol\u00adliert. Mit dieser Pro\u00adgramm\u00adpoli\u00adtik wurde das&nbsp;<strong>\u00f6ffentlich-rechtliche Rund\u00adfunksys\u00adtem<\/strong>&nbsp;in der Bun\u00addesre\u00adpub\u00adlik Deutsch\u00adland etabliert.<\/p>\n\n\n\n<p><strong>1960er Jahren<\/strong>: Das Mod\u00adell der Voll\u00adpro\u00adgramme ist in der Radi\u00adoland\u00adschaft der BRD \u00fcblich. Dabei wur\u00adden von den \u00f6ffentlich-rechtlichen Rund\u00adfunkanstal\u00adten lan\u00addesweite Pro\u00adgramme aus\u00adges\u00adtrahlt, die ein bre\u00adites Spek\u00adtrum an Inhal\u00adten abdeck\u00aden, wie Nachricht\u00aden, Kul\u00adtur, Bil\u00addung, Unter\u00adhal\u00adtung und Sport. Heutzu\u00adtage wer\u00adden diese Voll\u00adpro\u00adgramme in der Regel als <em>Full-Ser\u00advice-Pro\u00adgramm<\/em> real\u00adisiert. Dieses ist auf <em>Durch\u00adh\u00f6r\u00adbarkei<\/em>t aus\u00adgelegt. <\/p>\n\n\n\n<p><strong>1970er Jahre: <\/strong>Das Mod\u00adell des <em>K\u00e4stchen\u00adpro\u00adgramms<\/em> auf. Die einzel\u00adnen Bestandteile des Pro\u00adgramms waren h\u00f6chst ver\u00adschieden und fol\u00adgten ohne \u00dcber\u00adleitung aufeinan\u00adder. Es wurde davon aus\u00adge\u00adgan\u00adgen, dass Zuh\u00f6r\u00ader f\u00fcr ein bes\u00adtimmtes Pro\u00adgramm ein\u00adschal\u00adten. Angek\u00fcndigt wur\u00adden die einzel\u00adnen Pro\u00adgramme in einem Heft. Das K\u00e4stchen\u00adpro\u00adgramm f\u00fchrte zu ein\u00ader gr\u00f6\u00dferen Vielfalt an Inhal\u00adten und Ange\u00adboten im Rund\u00adfunk, da pri\u00advate Ver\u00adanstal\u00adter jet\u00adzt ihre eige\u00adnen Pro\u00adgrammkonzepte entwick\u00adeln konnten.<\/p>\n\n\n\n<p>+<\/p>\n\n\n\n<p>Eine dritte Form des Radios begann sich in Deutsch\u00adland zu entwick\u00adeln: <em>das Freie Radio.<\/em> Urspr\u00fcnglich richteten sich Friedens- und Umweltak\u00adtivis\u00adten gegen den Wider\u00adstand der Poli\u00adtik und riefen Piratensender ins Leben. Sie beset\u00adzten freie Fre\u00adquen\u00adzen und sende\u00adten Musik, Diskus\u00adsio\u00adnen und poli\u00adtis\u00adche Inhalte, die von den etablierten Rund\u00adfunkanstal\u00adten nicht ange\u00adboten wur\u00adden. Da die Betreiber von Piratensendern keine Sende\u00adgenehmi\u00adgung hat\u00adten, wur\u00adden sie ver\u00adfol\u00adgt, ihre Aus\u00adr\u00fcs\u00adtun\u00adgen wur\u00adden beschlagnahmt und Gerichtsver\u00adfahren gegen sie eingeleitet.&nbsp;<\/p>\n\n\n\n<p><strong> 3. Rund\u00adfunk\u00adturteil von 1981<\/strong>: Der <em>pri\u00advate Rund\u00adfunk<\/em> in Deutsch\u00adland wurde nun auch <em>ver\u00adfas\u00adsungsm\u00e4\u00dfig legit\u00adim<\/em>, sofern aus\u00adre\u00adichend Fre\u00adquen\u00adz\u00adpl\u00e4tze vorhan\u00adden waren. Die Lan\u00addesme\u00addi\u00aden\u00adanstal\u00adten ver\u00adgaben Sende\u00adfre\u00adquen\u00adzen nur an Pro\u00adgramme, die eine Erweiterung der Plu\u00adral\u00adit\u00e4t versprachen.&nbsp;<\/p>\n\n\n\n<p><strong>1984<\/strong>: Umset\u00adzung des soge\u00adnan\u00adnten <strong>\u201c<em>Dualen Rund\u00adfunksys\u00adtems\u201d<\/em><\/strong>, bei dem pri\u00advater Rund\u00adfunk nur existieren durfte, wenn es auch \u00f6ffentlich-rechtliche Sender gab. Dies sollte Vielfalt, Aus\u00adge\u00adwogen\u00adheit und Qual\u00adit\u00e4t garantieren, da \u00f6ffentlich-rechtliche Sender nicht durch Geld bee\u00adin\u00adfluss\u00adbar&nbsp;sind.<\/p>\n\n\n\n<p><strong>1990er:<\/strong> Erst nach dem <em>Mauer\u00adfall<\/em> wurde in der BRD die geset\u00adzliche Grund\u00adlage f\u00fcr \u201enichtkom\u00admerzielle Lokalra\u00addios\u201c \u2014 also freie Radios \u2014 geschaf\u00adfen, welche das Fehlen und die falsche Darstel\u00adlung von Min\u00adder\u00adheit\u00adskul\u00adturen in den Main\u00adstream-Medi\u00aden aus\u00adgle\u00adichen sollen.&nbsp;<\/p>\n\n\n\n<div class=\"wp-block-group\"><div class=\"wp-block-group__inner-container\">\n<p>+ die <em>Dig\u00adi\u00adtal\u00adisierung<\/em> des Radios begann. Satel\u00adliten- und Inter\u00adnet-Radio wur\u00adden pop\u00adul\u00e4r\u00ader und erm\u00f6glicht\u00aden den Emp\u00adfang von Radiosendun\u00adgen aus der ganzen Welt.&nbsp;<\/p>\n\n\n\n<div class=\"wp-block-group\"><div class=\"wp-block-group__inner-container\">\n<figure class=\"wp-block-image size-large is-style-default\"><img loading=\"lazy\" width=\"1024\" height=\"576\" src=\"https:\/\/blogs.urz.uni-halle.de\/rundumrundfunk\/files\/2023\/04\/2-2-1024x576.png\" alt class=\"wp-image-80\" srcset=\"https:\/\/blogs.urz.uni-halle.de\/rundumrundfunk\/files\/2023\/04\/2-2-1024x576.png 1024w, https:\/\/blogs.urz.uni-halle.de\/rundumrundfunk\/files\/2023\/04\/2-2-300x169.png 300w, https:\/\/blogs.urz.uni-halle.de\/rundumrundfunk\/files\/2023\/04\/2-2-768x432.png 768w, https:\/\/blogs.urz.uni-halle.de\/rundumrundfunk\/files\/2023\/04\/2-2-1536x864.png 1536w, https:\/\/blogs.urz.uni-halle.de\/rundumrundfunk\/files\/2023\/04\/2-2-1200x675.png 1200w, https:\/\/blogs.urz.uni-halle.de\/rundumrundfunk\/files\/2023\/04\/2-2.png 1920w\" sizes=\"(max-width: 1024px) 100vw, 1024px\"><\/figure>\n<\/div><\/div>\n\n\n\n<p><\/p>\n\n\n\n<p><strong>Anfang der 2000er: <\/strong>Die ersten <em>Web\u00adplay\u00ader<\/em> wur\u00adden ins Leben gerufen und der erste deutschsprachige <em>Pod\u00adcast<\/em> startete.&nbsp;<\/p>\n\n\n\n<p><strong>2013<\/strong>: Ein\u00adf\u00fchrung des <em>Rund\u00adfunkbeitrags<\/em>.&nbsp;<\/p>\n\n\n\n<p><strong>2020<\/strong>: <em>Coro\u00adna Pan\u00addemie.<\/em> Viele Sendun\u00adgen wur\u00adden von zuhause aus pro\u00adduziert, einige Sender haben die Anzahl von Infor\u00adma\u00adtions\u00adfor\u00admat\u00aden wie Nachricht\u00aden aus\u00adgeweit\u00adet, andere passten ihr Musikpro\u00adgramm an, um die Stim\u00admung der H\u00f6r\u00ader zu&nbsp;heben.&nbsp;<\/p>\n\n\n\n<p><\/p>\n<\/div><\/div>\n\n\n\n<p><\/p>\n","protected":false},"excerpt":{"rendered":"<div class=\"entry-summary\">\nPsssst\u2026 einen aus\u00adf\u00fchrlichen Recap \u00fcber die Geschichte des Radios gibt es in unserem Pod\u00adcast zu h\u00f6ren. Diesen find\u00adest du&nbsp;hier.&nbsp;<\/div>\n<div class=\"link-more\"><a href=\"https:\/\/blogs.urz.uni-halle.de\/rundumrundfunk\/podcast\/history-lab\/\" class=\"more-link\">Con\u00adtin\u00adue read\u00ading<span class=\"screen-reader-text\"> \u201cHis\u00adto\u00adry \u2014&nbsp;Lab\u201d<\/span>\u2026<\/a><\/div>\n","protected":false},"author":5453,"featured_media":0,"parent":13,"menu_order":0,"comment_status":"closed","ping_status":"closed","template":"","meta":{"wp_typography_post_enhancements_disabled":false,"ngg_post_thumbnail":0},"_links":{"self":[{"href":"https:\/\/blogs.urz.uni-halle.de\/rundumrundfunk\/wp-json\/wp\/v2\/pages\/9"}],"collection":[{"href":"https:\/\/blogs.urz.uni-halle.de\/rundumrundfunk\/wp-json\/wp\/v2\/pages"}],"about":[{"href":"https:\/\/blogs.urz.uni-halle.de\/rundumrundfunk\/wp-json\/wp\/v2\/types\/page"}],"author":[{"embeddable":true,"href":"https:\/\/blogs.urz.uni-halle.de\/rundumrundfunk\/wp-json\/wp\/v2\/users\/5453"}],"replies":[{"embeddable":true,"href":"https:\/\/blogs.urz.uni-halle.de\/rundumrundfunk\/wp-json\/wp\/v2\/comments?post=9"}],"version-history":[{"count":10,"href":"https:\/\/blogs.urz.uni-halle.de\/rundumrundfunk\/wp-json\/wp\/v2\/pages\/9\/revisions"}],"predecessor-version":[{"id":315,"href":"https:\/\/blogs.urz.uni-halle.de\/rundumrundfunk\/wp-json\/wp\/v2\/pages\/9\/revisions\/315"}],"up":[{"embeddable":true,"href":"https:\/\/blogs.urz.uni-halle.de\/rundumrundfunk\/wp-json\/wp\/v2\/pages\/13"}],"wp:attachment":[{"href":"https:\/\/blogs.urz.uni-halle.de\/rundumrundfunk\/wp-json\/wp\/v2\/media?parent=9"}],"curies":[{"name":"wp","href":"https:\/\/api.w.org\/{rel}","templated":true}]}}