{"id":14,"date":"2017-04-06T17:21:43","date_gmt":"2017-04-06T15:21:43","guid":{"rendered":"https:\/\/blogs.urz.uni-halle.de\/sayurikamizukiarts\/?page_id=14"},"modified":"2017-04-27T10:11:39","modified_gmt":"2017-04-27T08:11:39","slug":"ueber-mich","status":"publish","type":"page","link":"https:\/\/blogs.urz.uni-halle.de\/sayurikamizukiarts\/ueber-mich\/","title":{"rendered":"\u00dcber mich"},"content":{"rendered":"<h3><strong>Ein lautes Halli Hallo von meiner Seite.<\/strong><img loading=\"lazy\" class=\"alignright wp-image-25 size-medium\" src=\"https:\/\/blogs.urz.uni-halle.de\/sayurikamizukiarts\/files\/2017\/04\/IMG_1977-225x300.jpg\" width=\"225\" height=\"300\" srcset=\"https:\/\/blogs.urz.uni-halle.de\/sayurikamizukiarts\/files\/2017\/04\/IMG_1977-225x300.jpg 225w, https:\/\/blogs.urz.uni-halle.de\/sayurikamizukiarts\/files\/2017\/04\/IMG_1977.jpg 640w\" sizes=\"(max-width: 225px) 100vw, 225px\" \/><\/h3>\n<p>Mein Name ist\u00a0Tanja alias Sayuri. Ich bin K\u00fcnstlerin ohne bestimmten Schwerpunkt und m\u00f6chte diese Seite nutzen, um meine Werke und kreativen Ideen mit euch zu Teilen.<\/p>\n<p>Zu mir als Person:<br \/>\nIch bin 1996 in Weimar geboren und studiere seit 2016 an der MLU in Halle.<br \/>\nZeitweilig bin ich in anderen L\u00e4ndern unterwegs, wie zum Beispiel 2015\/16 f\u00fcr 10 Monate in Japan. Diesen Winter ging es f\u00fcr eine Woche nach Slowenien und als n\u00e4chstes steht Russland auf dem Plan.<br \/>\nZudem liebe ich es neues zu lernen. Ob das nun Sprachen sind, neue Zeichenstile oder etwas basteln, was ich noch nie zuvor gemacht habe.<\/p>\n<p>Falls jetzt doch noch Fragen offen sind, scheut euch nicht und fragt mich einfach.<\/p>\n<p>Viel spa\u00df beim st\u00f6bern, eure Sayu ;D<\/p>\n<div class=\"twoclick_social_bookmarks_post_14 social_share_privacy clearfix 1.6.4 locale-de_DE sprite-de_DE\"><\/div><div class=\"twoclick-js\"><script type=\"text\/javascript\">\/* <![CDATA[ *\/\njQuery(document).ready(function($){if($('.twoclick_social_bookmarks_post_14')){$('.twoclick_social_bookmarks_post_14').socialSharePrivacy({\"services\":{\"facebook\":{\"status\":\"on\",\"txt_info\":\"2 Klicks f\\u00fcr mehr Datenschutz: Erst wenn Sie hier klicken, wird der Button aktiv und Sie k\\u00f6nnen Ihre Empfehlung an Facebook senden. Schon beim Aktivieren werden Daten an Dritte \\u00fcbertragen - siehe <em>i<\\\/em>.\",\"perma_option\":\"off\",\"action\":\"like\",\"language\":\"de_DE\"},\"twitter\":{\"reply_to\":\"\",\"tweet_text\":\"%C3%9Cber%20mich%20%C2%BB%20%E7%A5%9E%E6%9C%88%E3%80%80%E5%B0%8F%E7%99%BE%E5%90%88%20%20%20-%20Arts\",\"status\":\"on\",\"txt_info\":\"2 Klicks f\\u00fcr mehr Datenschutz: Erst wenn Sie hier klicken, wird der Button aktiv und Sie k\\u00f6nnen Ihre Empfehlung an Twitter senden. Schon beim Aktivieren werden Daten an Dritte \\u00fcbertragen - siehe <em>i<\\\/em>.\",\"perma_option\":\"off\",\"language\":\"de\",\"referrer_track\":\"\"},\"gplus\":{\"status\":\"on\",\"txt_info\":\"2 Klicks f\\u00fcr mehr Datenschutz: Erst wenn Sie hier klicken, wird der Button aktiv und Sie k\\u00f6nnen Ihre Empfehlung an Google+ senden. Schon beim Aktivieren werden Daten an Dritte \\u00fcbertragen - siehe <em>i<\\\/em>.\",\"perma_option\":\"off\",\"referrer_track\":\"\"},\"pinterest\":{\"status\":\"on\",\"the_excerpt\":\"\\u00dcber mich\",\"txt_info\":\"2 Klicks f\\u00fcr mehr Datenschutz: Erst wenn Sie hier klicken, wird der Button aktiv und Sie k\\u00f6nnen Ihre Empfehlung an Pinterest senden. Schon beim Aktivieren werden Daten an Dritte \\u00fcbertragen - siehe <em>i<\\\/em>.\",\"perma_option\":\"off\",\"media\":\"https:\\\/\\\/blogs.urz.uni-halle.de\\\/sayurikamizukiarts\\\/files\\\/2017\\\/04\\\/fullsizeoutput_3e7.jpeg\"}},\"txt_help\":\"Wenn Sie diese Felder durch einen Klick aktivieren, werden Informationen an Facebook, Twitter, Flattr, Xing, t3n, LinkedIn, Pinterest oder Google eventuell ins Ausland \\u00fcbertragen und unter Umst\\u00e4nden auch dort gespeichert. N\\u00e4heres erfahren Sie durch einen Klick auf das <em>i<\\\/em>.\",\"settings_perma\":\"Dauerhaft aktivieren und Daten\\u00fcber-tragung zustimmen:\",\"info_link\":\"http:\\\/\\\/www.heise.de\\\/ct\\\/artikel\\\/2-Klicks-fuer-mehr-Datenschutz-1333879.html\",\"uri\":\"https:\\\/\\\/blogs.urz.uni-halle.de\\\/sayurikamizukiarts\\\/ueber-mich\\\/\",\"post_id\":14,\"post_title_referrer_track\":\"%C3%9Cber+mich\",\"display_infobox\":\"on\"});}});\n\/* ]]> *\/<\/script><\/div>","protected":false},"excerpt":{"rendered":"<p>Ein lautes Halli Hallo von meiner Seite. Mein Name ist\u00a0Tanja alias Sayuri. Ich bin K\u00fcnstlerin ohne bestimmten Schwerpunkt und m\u00f6chte diese Seite nutzen, um meine Werke und kreativen Ideen mit euch zu Teilen. Zu mir als Person: Ich bin 1996 in Weimar geboren und studiere seit 2016 an der MLU in Halle. Zeitweilig bin ich &hellip; <a href=\"https:\/\/blogs.urz.uni-halle.de\/sayurikamizukiarts\/ueber-mich\/\" class=\"more-link\"><span class=\"screen-reader-text\">\u00dcber mich<\/span> weiterlesen <span class=\"meta-nav\">&rarr;<\/span><\/a><\/p>\n","protected":false},"author":3007,"featured_media":118,"parent":0,"menu_order":0,"comment_status":"open","ping_status":"closed","template":"","meta":[],"_links":{"self":[{"href":"https:\/\/blogs.urz.uni-halle.de\/sayurikamizukiarts\/wp-json\/wp\/v2\/pages\/14"}],"collection":[{"href":"https:\/\/blogs.urz.uni-halle.de\/sayurikamizukiarts\/wp-json\/wp\/v2\/pages"}],"about":[{"href":"https:\/\/blogs.urz.uni-halle.de\/sayurikamizukiarts\/wp-json\/wp\/v2\/types\/page"}],"author":[{"embeddable":true,"href":"https:\/\/blogs.urz.uni-halle.de\/sayurikamizukiarts\/wp-json\/wp\/v2\/users\/3007"}],"replies":[{"embeddable":true,"href":"https:\/\/blogs.urz.uni-halle.de\/sayurikamizukiarts\/wp-json\/wp\/v2\/comments?post=14"}],"version-history":[{"count":5,"href":"https:\/\/blogs.urz.uni-halle.de\/sayurikamizukiarts\/wp-json\/wp\/v2\/pages\/14\/revisions"}],"predecessor-version":[{"id":127,"href":"https:\/\/blogs.urz.uni-halle.de\/sayurikamizukiarts\/wp-json\/wp\/v2\/pages\/14\/revisions\/127"}],"wp:featuredmedia":[{"embeddable":true,"href":"https:\/\/blogs.urz.uni-halle.de\/sayurikamizukiarts\/wp-json\/wp\/v2\/media\/118"}],"wp:attachment":[{"href":"https:\/\/blogs.urz.uni-halle.de\/sayurikamizukiarts\/wp-json\/wp\/v2\/media?parent=14"}],"curies":[{"name":"wp","href":"https:\/\/api.w.org\/{rel}","templated":true}]}}