{"id":175,"date":"2022-08-02T20:21:43","date_gmt":"2022-08-02T18:21:43","guid":{"rendered":"https:\/\/blogs.urz.uni-halle.de\/schimpfworte\/?page_id=175"},"modified":"2022-08-31T16:35:54","modified_gmt":"2022-08-31T14:35:54","slug":"quiz","status":"publish","type":"page","link":"https:\/\/blogs.urz.uni-halle.de\/schimpfworte\/quiz\/","title":{"rendered":"Quiz"},"content":{"rendered":"\n<p>Wie gut sind Ihre Schimpfwortkenntnisse?<\/p>\n\n\n\n<p>In dem folgenden Quiz haben Sie die M\u00f6glichkeit, Ihr Wissen zu testen. Wie gut kennen Sie sich mit den derzeit gel\u00e4ufigen Schimpfw\u00f6rtern von Jugendlichen aus? Vielleicht werden Sie mit W\u00f6rtern konfrontiert, die sie noch nie zuvor geh\u00f6rt haben. M\u00f6glicherweise werden Sie aber auch dar\u00fcber staunen, welche Informationen und Urspr\u00fcnge sich hinter den Begriffen verbergen. <\/p>\n\n\n\n<p>An dieser Stelle sei auch auf die Schimpfwort-Ausstellung verwiesen, die dem gesamten Blog zugrunde liegt. Diese k\u00f6nnen Sie ab dem 27. Oktober 2022 im <a rel=\"noreferrer noopener\" href=\"https:\/\/www.google.de\/maps\/place\/Martin-Luther-Universit%C3%A4t+L%C3%B6wengeb%C3%A4ude\/@51.486538,11.9671684,17z\/data=!3m1!4b1!4m5!3m4!1s0x47a66353cc7458e7:0xbc5dbf0dc517e06a!8m2!3d51.4864025!4d11.9691279\" target=\"_blank\">L\u00f6wengeb\u00e4ude<\/a> der <a rel=\"noreferrer noopener\" href=\"https:\/\/www.uni-halle.de\/\" target=\"_blank\">Martin-Luther-Universit\u00e4t Halle-Wittenberg<\/a> bestaunen. Dort befinden sich diverse Banner rund um das Thema Schimpfw\u00f6rter. Unteranderem befindet sich auch ein Banner zu den Schimpfw\u00f6rtern in der Jugendsprache unter ihnen, welches eine Vielzahl an Beispielen bietet. Diese Schimpfw\u00f6rter werden in dem untenstehenden Quiz aufgegriffen und sowohl in ihrer Bedeutung als auch Herkunft genauer beleuchtet. Viel Erfolg und Spa\u00df beim Zuordnen!<\/p>\n\n\n\n<p class=\"has-text-align-right\">A. Barthel, 08. 2022 <\/p>\n\n\n\n<div class=\"h5p-iframe-wrapper\"><iframe id=\"h5p-iframe-4\" class=\"h5p-iframe\" data-content-id=\"4\" style=\"height:1px\" src=\"about:blank\" frameBorder=\"0\" scrolling=\"no\" title=\"Wie sick sind deine Schimpfwortkenntnisse?\"><\/iframe><\/div>\n\n\n\n<p class=\"has-text-align-right\"><\/p>\n","protected":false},"excerpt":{"rendered":"<p>Wie gut sind Ihre Schimpfwortkenntnisse? In dem folgenden Quiz haben Sie die M\u00f6glichkeit, Ihr Wissen zu testen. Wie gut kennen Sie sich mit den derzeit gel\u00e4ufigen Schimpfw\u00f6rtern von Jugendlichen aus? Vielleicht werden Sie mit W\u00f6rtern konfrontiert, die sie noch nie zuvor geh\u00f6rt haben. M\u00f6glicherweise werden Sie aber auch dar\u00fcber staunen, welche Informationen und Urspr\u00fcnge sich [&hellip;]<\/p>\n","protected":false},"author":5287,"featured_media":0,"parent":0,"menu_order":0,"comment_status":"closed","ping_status":"closed","template":"","meta":[],"_links":{"self":[{"href":"https:\/\/blogs.urz.uni-halle.de\/schimpfworte\/wp-json\/wp\/v2\/pages\/175"}],"collection":[{"href":"https:\/\/blogs.urz.uni-halle.de\/schimpfworte\/wp-json\/wp\/v2\/pages"}],"about":[{"href":"https:\/\/blogs.urz.uni-halle.de\/schimpfworte\/wp-json\/wp\/v2\/types\/page"}],"author":[{"embeddable":true,"href":"https:\/\/blogs.urz.uni-halle.de\/schimpfworte\/wp-json\/wp\/v2\/users\/5287"}],"replies":[{"embeddable":true,"href":"https:\/\/blogs.urz.uni-halle.de\/schimpfworte\/wp-json\/wp\/v2\/comments?post=175"}],"version-history":[{"count":10,"href":"https:\/\/blogs.urz.uni-halle.de\/schimpfworte\/wp-json\/wp\/v2\/pages\/175\/revisions"}],"predecessor-version":[{"id":644,"href":"https:\/\/blogs.urz.uni-halle.de\/schimpfworte\/wp-json\/wp\/v2\/pages\/175\/revisions\/644"}],"wp:attachment":[{"href":"https:\/\/blogs.urz.uni-halle.de\/schimpfworte\/wp-json\/wp\/v2\/media?parent=175"}],"curies":[{"name":"wp","href":"https:\/\/api.w.org\/{rel}","templated":true}]}}