{"id":28,"date":"2022-07-28T12:40:07","date_gmt":"2022-07-28T10:40:07","guid":{"rendered":"https:\/\/blogs.urz.uni-halle.de\/schimpfworte\/?page_id=28"},"modified":"2022-07-29T10:25:58","modified_gmt":"2022-07-29T08:25:58","slug":"schimpfen-als-handlung","status":"publish","type":"page","link":"https:\/\/blogs.urz.uni-halle.de\/schimpfworte\/grundlagen-des-schimpfens\/schimpfen-als-handlung\/","title":{"rendered":"Schimpfen als Handlung"},"content":{"rendered":"\n<span id=\"Sehr_geehrte_Leserinnen\"><h3><strong>Sehr geehrte Leser*innen,<\/strong><\/h3><\/span>\n\n\n\n<p>in der Ausstellung konnten Sie sich zun\u00e4chst allgemein \u00fcber die Handlung des Schimpfens informieren. Auf den folgenden Seiten werden die gelegten Grundlagen nun systematisch erweitert. In einem ersten definitorischen Abschnitt erfahren Sie, inwiefern sich das Schimpfen vom Fluchen oder Drohen abhebt und welche Rolle dabei das Vorhandenseins eines*r<span class=\"has-inline-color has-cyan-bluish-gray-color\"> Empf\u00e4nger*in<\/span> spielt. Anschlie\u00dfend wird die Charakteristik des Schimpfens deutlich gemacht, indem unter anderem verschiedene Quellen von <span class=\"has-inline-color has-cyan-bluish-gray-color\">pejorativer Lexik <\/span>benannt und am Beispiel illustriert werden. In einem Video soll der Kommunikationsakt verbal-aggressiver Handlungen anhand des bekannten Kommunikationsmodells von Friedemann Schulz von Thun erl\u00e4utert werden. Innerhalb eines letzten Bereichs wird mit dem Konzept der <span class=\"has-inline-color has-cyan-bluish-gray-color\">Pejorisierung<\/span> nach Lann Hornscheidt (2011) die strukturelle Komponente von Beschimpfungen und sprachlichen Diskriminierungen eingef\u00fchrt. Schlie\u00dflich k\u00f6nnen Sie im Rahmen eines Quizzes die gelernten Informationen testen und sich gegebenenfalls mithilfe der Literaturangaben weiter in die Materie einlesen.<\/p>\n\n\n\n<p>Max Groschke, 2022<\/p>\n\n\n\n<p><\/p>\n\n\n\n<p><\/p>\n\n\n\n<hr class=\"wp-block-separator\" \/>\n\n\n\n<span id=\"Erluterungen\"><h6>Erl\u00e4uterungen<\/h6><\/span>\n\n\n\n<ul><li><strong>Empf\u00e4nger*in:<\/strong> Person, welche die an sie gerichtete Botschaft einer anderen Person erh\u00e4lt.<\/li><li><strong>pejorative Lexik:<\/strong> abwertender Wortschatz<\/li><li><strong>Pejorisierung:<\/strong> realisierte sprachliche Diskriminierungshandlung aus einer konstruktivistischen Perspektive; als Konzept nach Lann Hornscheidt (2011) dient es der pragmatischen Besch\u00e4ftigung mit beleidigenden Sprachhandlungen und betrachtet neben individuellen Beweggr\u00fcnden auch die gesellschaftlich-strukturelle Dimension von Beschimpfungen<\/li><\/ul>\n\n\n\n<p><\/p>\n","protected":false},"excerpt":{"rendered":"<p>Sehr geehrte Leser*innen, in der Ausstellung konnten Sie sich zun\u00e4chst allgemein \u00fcber die Handlung des Schimpfens informieren. Auf den folgenden Seiten werden die gelegten Grundlagen nun systematisch erweitert. In einem ersten definitorischen Abschnitt erfahren Sie, inwiefern sich das Schimpfen vom Fluchen oder Drohen abhebt und welche Rolle dabei das Vorhandenseins eines*r Empf\u00e4nger*in spielt. Anschlie\u00dfend wird [&hellip;]<\/p>\n","protected":false},"author":5491,"featured_media":24,"parent":26,"menu_order":1,"comment_status":"closed","ping_status":"closed","template":"","meta":[],"_links":{"self":[{"href":"https:\/\/blogs.urz.uni-halle.de\/schimpfworte\/wp-json\/wp\/v2\/pages\/28"}],"collection":[{"href":"https:\/\/blogs.urz.uni-halle.de\/schimpfworte\/wp-json\/wp\/v2\/pages"}],"about":[{"href":"https:\/\/blogs.urz.uni-halle.de\/schimpfworte\/wp-json\/wp\/v2\/types\/page"}],"author":[{"embeddable":true,"href":"https:\/\/blogs.urz.uni-halle.de\/schimpfworte\/wp-json\/wp\/v2\/users\/5491"}],"replies":[{"embeddable":true,"href":"https:\/\/blogs.urz.uni-halle.de\/schimpfworte\/wp-json\/wp\/v2\/comments?post=28"}],"version-history":[{"count":8,"href":"https:\/\/blogs.urz.uni-halle.de\/schimpfworte\/wp-json\/wp\/v2\/pages\/28\/revisions"}],"predecessor-version":[{"id":147,"href":"https:\/\/blogs.urz.uni-halle.de\/schimpfworte\/wp-json\/wp\/v2\/pages\/28\/revisions\/147"}],"up":[{"embeddable":true,"href":"https:\/\/blogs.urz.uni-halle.de\/schimpfworte\/wp-json\/wp\/v2\/pages\/26"}],"wp:featuredmedia":[{"embeddable":true,"href":"https:\/\/blogs.urz.uni-halle.de\/schimpfworte\/wp-json\/wp\/v2\/media\/24"}],"wp:attachment":[{"href":"https:\/\/blogs.urz.uni-halle.de\/schimpfworte\/wp-json\/wp\/v2\/media?parent=28"}],"curies":[{"name":"wp","href":"https:\/\/api.w.org\/{rel}","templated":true}]}}