{"id":10,"date":"2021-12-30T20:42:04","date_gmt":"2021-12-30T19:42:04","guid":{"rendered":"https:\/\/blogs.urz.uni-halle.de\/interactivelearing\/?page_id=10"},"modified":"2024-09-03T18:14:45","modified_gmt":"2024-09-03T16:14:45","slug":"referenzen","status":"publish","type":"page","link":"https:\/\/blogs.urz.uni-halle.de\/sdg-interactivelearning\/referenzen\/","title":{"rendered":"Referenzen\u00b7Referencias"},"content":{"rendered":"\n<blockquote class=\"wp-block-quote\"><p>Vielen Dank f\u00fcr das sch\u00f6ne Fest! Die Kinder, Sie und die Hortmitarbeiter*innen haben sich so viel M\u00fche gegeben. Ich fand toll, dass Kinder, die nicht so viel mit Religion zu tun haben, dabei waren.<\/p><br><cite>Ltd. O\u00c4 Dr. Katrin Borucki<br>Otto-von-Guericke-Universit\u00e4t Magdeburg<\/cite><\/blockquote>\n\n\n\n<p>\u00a1Muchas gracias por la hermosa fiesta! Los ni\u00f1os, usted y el personal del centro de cuidado se esforzaron mucho. Me pareci\u00f3 genial que tambi\u00e9n participaran ni\u00f1os que no est\u00e1n tan relacionados con la religi\u00f3n.<\/p>\n\n\n\n<p>Ltd. O\u00c4 Dr. Katrin Borucki<br>Universidad Otto-von-Guericke de Magdeburgo<\/p>\n\n\n\n<blockquote class=\"wp-block-quote\"><p>Das gestrige Schatzfest war ein ganz besonderer Schatz in diesem Schuljahr. Vielen lieben Dank daf\u00fcr.<\/p><br><cite>Cindy Dannehl<br>Familie<\/cite><\/blockquote>\n\n\n\n<p>La fiesta del tesoro de ayer fue un tesoro muy especial en este a\u00f1o escolar. Much\u00edsimas gracias por ello.<\/p>\n\n\n\n<p>Cindy Dannehl<br>Familia<\/p>\n\n\n\n<blockquote class=\"wp-block-quote\"><p>Herzlichen Dank an Sie und die Mitwirkenden f\u00fcr das sch\u00f6ne Fest. Die Resonanz der Kinder und Eltern sowie der Kolleg*innen war durchweg positiv.<\/p><br><cite>Christiane Lubaczowski<br>Franckesche Stiftungen zu Halle Leiterin Kinderhort August Hermann Francke<\/cite><\/blockquote>\n\n\n\n<p>Muchas gracias a usted y a los colaboradores por la hermosa fiesta. La respuesta de los ni\u00f1os, los padres y los colegas ha sido muy positiva.<\/p>\n\n\n\n<p>Christiane Lubaczowski<br>Franckesche Stiftungen zu Halle<br>Directora del Centro Infantil August Hermann Francke<\/p>\n\n\n\n<p><\/p>\n","protected":false},"excerpt":{"rendered":"<p>Vielen Dank f\u00fcr das sch\u00f6ne Fest! Die Kinder, Sie und die Hortmitarbeiter*innen haben sich so viel M\u00fche gegeben. Ich fand toll, dass Kinder, die nicht so viel mit Religion zu tun haben, dabei waren. Ltd. O\u00c4 Dr. Katrin BoruckiOtto-von-Guericke-Universit\u00e4t Magdeburg \u00a1Muchas gracias por la hermosa fiesta! Los ni\u00f1os, usted y el personal del centro de [&hellip;]<\/p>\n","protected":false},"author":4435,"featured_media":0,"parent":0,"menu_order":0,"comment_status":"closed","ping_status":"closed","template":"","meta":[],"_links":{"self":[{"href":"https:\/\/blogs.urz.uni-halle.de\/sdg-interactivelearning\/wp-json\/wp\/v2\/pages\/10"}],"collection":[{"href":"https:\/\/blogs.urz.uni-halle.de\/sdg-interactivelearning\/wp-json\/wp\/v2\/pages"}],"about":[{"href":"https:\/\/blogs.urz.uni-halle.de\/sdg-interactivelearning\/wp-json\/wp\/v2\/types\/page"}],"author":[{"embeddable":true,"href":"https:\/\/blogs.urz.uni-halle.de\/sdg-interactivelearning\/wp-json\/wp\/v2\/users\/4435"}],"replies":[{"embeddable":true,"href":"https:\/\/blogs.urz.uni-halle.de\/sdg-interactivelearning\/wp-json\/wp\/v2\/comments?post=10"}],"version-history":[{"count":10,"href":"https:\/\/blogs.urz.uni-halle.de\/sdg-interactivelearning\/wp-json\/wp\/v2\/pages\/10\/revisions"}],"predecessor-version":[{"id":707,"href":"https:\/\/blogs.urz.uni-halle.de\/sdg-interactivelearning\/wp-json\/wp\/v2\/pages\/10\/revisions\/707"}],"wp:attachment":[{"href":"https:\/\/blogs.urz.uni-halle.de\/sdg-interactivelearning\/wp-json\/wp\/v2\/media?parent=10"}],"curies":[{"name":"wp","href":"https:\/\/api.w.org\/{rel}","templated":true}]}}

<blockquote class="wp-block-quote"><p>Vielen Dank für das schöne Fest! Die Kinder, Sie und die Hortmitarbeiter*innen haben sich so viel Mühe gegeben. Ich fand toll, dass Kinder, die nicht so viel mit Religion zu tun haben, dabei waren.</p><br><cite>Ltd. OÄ Dr. Katrin Borucki<br>Otto-von-Guericke-Universität Magdeburg</cite></blockquote>



<p>¡Muchas gracias por la hermosa fiesta! Los niños, usted y el personal del centro de cuidado se esforzaron mucho. Me pareció genial que también participaran niños que no están tan relacionados con la religión.</p>



<p>Ltd. OÄ Dr. Katrin Borucki<br>Universidad Otto-von-Guericke de Magdeburgo</p>



<blockquote class="wp-block-quote"><p>Das gestrige Schatzfest war ein ganz besonderer Schatz in diesem Schuljahr. Vielen lieben Dank dafür.</p><br><cite>Cindy Dannehl<br>Familie</cite></blockquote>



<p>La fiesta del tesoro de ayer fue un tesoro muy especial en este año escolar. Muchísimas gracias por ello.</p>



<p>Cindy Dannehl<br>Familia</p>



<blockquote class="wp-block-quote"><p>Herzlichen Dank an Sie und die Mitwirkenden für das schöne Fest. Die Resonanz der Kinder und Eltern sowie der Kolleg*innen war durchweg positiv.</p><br><cite>Christiane Lubaczowski<br>Franckesche Stiftungen zu Halle Leiterin Kinderhort August Hermann Francke</cite></blockquote>



<p>Muchas gracias a usted y a los colaboradores por la hermosa fiesta. La respuesta de los niños, los padres y los colegas ha sido muy positiva.</p>



<p>Christiane Lubaczowski<br>Franckesche Stiftungen zu Halle<br>Directora del Centro Infantil August Hermann Francke</p>



<p></p>

<p>Vielen Dank für das schöne Fest! Die Kinder, Sie und die Hortmitarbeiter*innen haben sich so viel Mühe gegeben. Ich fand toll, dass Kinder, die nicht so viel mit Religion zu tun haben, dabei waren. Ltd. OÄ Dr. Katrin BoruckiOtto-von-Guericke-Universität Magdeburg ¡Muchas gracias por la hermosa fiesta! Los niños, usted y el personal del centro de [&hellip;]</p>
