{"id":220,"date":"2023-06-16T15:38:29","date_gmt":"2023-06-16T13:38:29","guid":{"rendered":"https:\/\/blogs.urz.uni-halle.de\/sdg-interactivelearning\/?page_id=220"},"modified":"2024-07-22T17:32:14","modified_gmt":"2024-07-22T15:32:14","slug":"padlet","status":"publish","type":"page","link":"https:\/\/blogs.urz.uni-halle.de\/sdg-interactivelearning\/padlet\/","title":{"rendered":"Padlet"},"content":{"rendered":"\n<p>Das Padlet als virtuelle Pinnwand bietet die M\u00f6glichkeit, Inhalte in Form von Texten, Bildern, Videos und Links zu teilen und gemeinsam zu bearbeiten. Diese vielseitige Plattform kann sowohl f\u00fcr digitales als auch f\u00fcr analoges Lernen verwendet werden, um eine kollaborative und interaktive Lernumgebung zu schaffen. <\/p>\n\n\n\n<p>El Padlet, como tablero virtual, ofrece la posibilidad de compartir y colaborar en contenidos en forma de textos, im\u00e1genes, videos y enlaces. Esta vers\u00e1til plataforma puede utilizarse tanto para el aprendizaje digital como anal\u00f3gico, creando un entorno de aprendizaje colaborativo e interactivo.<\/p>\n\n\n\n<p>So erm\u00f6glichen die digitalen Pinnw\u00e4nde Entdeckerwerkst\u00e4tten zu kreieren, um spielerisch und handlungsorientiert in Einzel-, Partner- oder Gruppenarbeit nachhaltige und globale Themen interdisziplin\u00e4r zu erschlie\u00dfen. Parallel dazu entsteht ein analoges Themenheft zum Erinnern, Nachschlagen und Schm\u00f6kern &#8211; nicht nur f\u00fcr das Kind, sondern f\u00fcr die ganze Familie.<\/p>\n\n\n\n<p>De esta manera, los tableros digitales permiten crear talleres de exploraci\u00f3n para abordar de manera l\u00fadica y orientada a la acci\u00f3n, en trabajo individual, en pareja o en grupo, temas sostenibles y globales de manera interdisciplinaria. Paralelamente, se elabora un cuaderno tem\u00e1tico anal\u00f3gico para recordar, consultar y disfrutar, no solo para el ni\u00f1o, sino tambi\u00e9n para toda la familia.<\/p>\n","protected":false},"excerpt":{"rendered":"<p>Das Padlet als virtuelle Pinnwand bietet die M\u00f6glichkeit, Inhalte in Form von Texten, Bildern, Videos und Links zu teilen und gemeinsam zu bearbeiten. Diese vielseitige Plattform kann sowohl f\u00fcr digitales als auch f\u00fcr analoges Lernen verwendet werden, um eine kollaborative und interaktive Lernumgebung zu schaffen. El Padlet, como tablero virtual, ofrece la posibilidad de compartir [&hellip;]<\/p>\n","protected":false},"author":4435,"featured_media":0,"parent":0,"menu_order":0,"comment_status":"closed","ping_status":"closed","template":"","meta":[],"_links":{"self":[{"href":"https:\/\/blogs.urz.uni-halle.de\/sdg-interactivelearning\/wp-json\/wp\/v2\/pages\/220"}],"collection":[{"href":"https:\/\/blogs.urz.uni-halle.de\/sdg-interactivelearning\/wp-json\/wp\/v2\/pages"}],"about":[{"href":"https:\/\/blogs.urz.uni-halle.de\/sdg-interactivelearning\/wp-json\/wp\/v2\/types\/page"}],"author":[{"embeddable":true,"href":"https:\/\/blogs.urz.uni-halle.de\/sdg-interactivelearning\/wp-json\/wp\/v2\/users\/4435"}],"replies":[{"embeddable":true,"href":"https:\/\/blogs.urz.uni-halle.de\/sdg-interactivelearning\/wp-json\/wp\/v2\/comments?post=220"}],"version-history":[{"count":7,"href":"https:\/\/blogs.urz.uni-halle.de\/sdg-interactivelearning\/wp-json\/wp\/v2\/pages\/220\/revisions"}],"predecessor-version":[{"id":680,"href":"https:\/\/blogs.urz.uni-halle.de\/sdg-interactivelearning\/wp-json\/wp\/v2\/pages\/220\/revisions\/680"}],"wp:attachment":[{"href":"https:\/\/blogs.urz.uni-halle.de\/sdg-interactivelearning\/wp-json\/wp\/v2\/media?parent=220"}],"curies":[{"name":"wp","href":"https:\/\/api.w.org\/{rel}","templated":true}]}}