{"id":9,"date":"2021-12-30T20:42:04","date_gmt":"2021-12-30T19:42:04","guid":{"rendered":"https:\/\/blogs.urz.uni-halle.de\/interactivelearing\/?page_id=9"},"modified":"2024-07-22T17:20:41","modified_gmt":"2024-07-22T15:20:41","slug":"download-feste","status":"publish","type":"page","link":"https:\/\/blogs.urz.uni-halle.de\/sdg-interactivelearning\/download-feste\/","title":{"rendered":"Download Feste Descargar fiestas"},"content":{"rendered":"\n<h3>SDG &#8211; F\u00e4cher\u00fcbergreifende Feste &#8211; Fiestas interdisciplinarias<\/h3>\n\n\n\n<figure class=\"wp-block-table\"><table><tbody><tr><td><img loading=\"lazy\" src=\"https:\/\/blogs.urz.uni-halle.de\/interactivelearing\/files\/2022\/02\/Screenshot-2022-02-22-16.32.04-1-edited.png\" alt=\"Dieses Bild hat ein leeres Alt-Attribut. Der Dateiname ist Screenshot-2022-02-22-16.32.04-1-edited.png\" width=\"62\" height=\"62\"><\/td><td>Welche Farbe hat eigentlich der Regenbogen? (3.\/4. Kl.) <a href=\"https:\/\/cloud.uni-halle.de\/s\/UDRQhCfDcvnhk8z\">https:\/\/cloud.uni-halle.de\/s\/UDRQhCfDcvnhk8z<\/a><\/td><\/tr><tr><td><img src=\"https:\/\/blogs.urz.uni-halle.de\/sdg-interactivelearning\/files\/2023\/08\/Pflanzenforscher-1.jpg\"><\/td><td>Wiesenfest (2.\/3. Kl.) <a href=\"https:\/\/cloud.uni-halle.de\/s\/FOZj3RKktY6fVhs\">https:\/\/cloud.uni-halle.de\/s\/FOZj3RKktY6fVhs<\/a><\/td><\/tr><tr><td><img src=\"https:\/\/blogs.urz.uni-halle.de\/sdg-interactivelearning\/files\/2023\/08\/Apfelfest-1.jpg\"><\/td><td>Apfelfest (3.\/4. Kl.) <a href=\"https:\/\/cloud.uni-halle.de\/s\/DgcP0FYNHj8NVat\">https:\/\/cloud.uni-halle.de\/s\/DgcP0FYNHj8NVat<\/a><\/td><\/tr><tr><td><img src=\"https:\/\/blogs.urz.uni-halle.de\/sdg-interactivelearning\/files\/2023\/10\/Screenshot-2023-10-10-at-19-59-49-Booklet_Bienenfest1.pdf.png\" alt=\"\"><\/td><td>Bienenfest (2.- 4. Kl.)<br><a href=\"https:\/\/blogs.urz.uni-halle.de\/sdg-interactivelearning\/files\/2023\/10\/Booklet_Bienenfest1.pdf\">https:\/\/blogs.urz.uni-halle.de\/sdg-interactivelearning\/files\/2023\/10\/Booklet_Bienenfest1.pdf<\/a><br><a href=\"https:\/\/blogs.urz.uni-halle.de\/sdg-interactivelearning\/files\/2024\/02\/Bienen-1.pptx\">https:\/\/blogs.urz.uni-halle.de\/sdg-interactivelearning\/files\/2024\/02\/Bienen-1.pptx<\/a><\/td><\/tr><tr><td><img src=\"https:\/\/blogs.urz.uni-halle.de\/sdg-interactivelearning\/files\/2023\/10\/Screenshot-2023-10-13-at-09-38-14-Booklet_Schmetterlingsfest.pdf.png\" alt=\"\"><\/td><td>Schmetterlingfest (2. &#8211; 4. Kl.)<br><a href=\"https:\/\/blogs.urz.uni-halle.de\/sdg-interactivelearning\/files\/2023\/10\/Booklet_Schmetterlingsfest-1.pdf\">https:\/\/blogs.urz.uni-halle.de\/sdg-interactivelearning\/files\/2023\/10\/Booklet_Schmetterlingsfest-1.pdf<\/a><br><a href=\"https:\/\/blogs.urz.uni-halle.de\/sdg-interactivelearning\/files\/2023\/10\/Schmetterlingsfest.PP_.Ueberarbeitet.pdf\">https:\/\/blogs.urz.uni-halle.de\/sdg-interactivelearning\/files\/2023\/10\/Schmetterlingsfest.PP_.Ueberarbeitet.pdf<\/a><a href=\"https:\/\/blogs.urz.uni-halle.de\/sdg-interactivelearning\/files\/2023\/10\/Booklet_Schmetterlingsfest.pdf\">https:\/\/blogs.urz.uni-halle.de\/sdg-interactivelearning\/files\/2023\/10\/Booklet_Schmetterlingsfest.pdf<\/a><\/td><\/tr><tr><td><img src=\"https:\/\/blogs.urz.uni-halle.de\/sdg-interactivelearning\/files\/2024\/04\/bauernhof.jpg\" alt=\"Dieses Bild hat ein leeres Alt-Attribut. Der Dateiname ist bauernhof.jpg\"><\/td><td>Bauernhoffest (2.-4. Kl.)<br><a href=\"https:\/\/blogs.urz.uni-halle.de\/sdg-interactivelearning\/files\/2024\/04\/Bauernhof-Fest_Frau_Buhrau_Frau_Dymarz.pdf\">https:\/\/blogs.urz.uni-halle.de\/sdg-interactivelearning\/files\/2024\/04\/Bauernhof-Fest_Frau_Buhrau_Frau_Dymarz.pdf<\/a><br><a href=\"https:\/\/blogs.urz.uni-halle.de\/sdg-interactivelearning\/files\/2024\/04\/Quiz_PowerPoint_Bauernhof_-1.pdf\">https:\/\/blogs.urz.uni-halle.de\/sdg-interactivelearning\/files\/2024\/04\/Quiz_PowerPoint_Bauernhof_-1.pdf<\/a><\/td><\/tr><tr><td><img src=\"https:\/\/blogs.urz.uni-halle.de\/sdg-interactivelearning\/files\/2024\/04\/Igel.png\" alt=\"Dieses Bild hat ein leeres Alt-Attribut. Der Dateiname ist Igel.png\"><\/td><td>Ingo Igel sucht einen Schlafplatz (2. &#8211; 4. Kl.)<br><a href=\"https:\/\/blogs.urz.uni-halle.de\/sdg-interactivelearning\/files\/2024\/04\/Booklet_Igelfest_ueberarbeitet.pdf\">https:\/\/blogs.urz.uni-halle.de\/sdg-interactivelearning\/files\/2024\/04\/Booklet_Igelfest_ueberarbeitet.pdf<\/a><br><a href=\"https:\/\/blogs.urz.uni-halle.de\/sdg-interactivelearning\/files\/2024\/04\/PowerPoint-Igelfest.pdf\">https:\/\/blogs.urz.uni-halle.de\/sdg-interactivelearning\/files\/2024\/04\/PowerPoint-Igelfest.pdf<\/a><br><a href=\"https:\/\/blogs.urz.uni-halle.de\/sdg-interactivelearning\/files\/2024\/04\/Igelfest-Kopiervorlagen.docx\">https:\/\/blogs.urz.uni-halle.de\/sdg-interactivelearning\/files\/2024\/04\/Igelfest-Kopiervorlagen.docx<\/a><\/td><\/tr><tr><td><img src=\"https:\/\/blogs.urz.uni-halle.de\/sdg-interactivelearning\/files\/2024\/04\/crocuses-8592214_1280.jpg\" alt=\"Dieses Bild hat ein leeres Alt-Attribut. Der Dateiname ist crocuses-8592214_1280.jpg\"><\/td><td>Fr\u00fchlingsfest (2. &#8211; 4. Kl.)<br><a href=\"https:\/\/blogs.urz.uni-halle.de\/sdg-interactivelearning\/files\/2024\/04\/Fruehjahrsfest_Booklet.pdf\">https:\/\/blogs.urz.uni-halle.de\/sdg-interactivelearning\/files\/2024\/04\/Fruehjahrsfest_Booklet.pdf<\/a><br><a href=\"https:\/\/blogs.urz.uni-halle.de\/sdg-interactivelearning\/files\/2024\/04\/Fruehblueherquiz_PPP.pptx\">https:\/\/blogs.urz.uni-halle.de\/sdg-interactivelearning\/files\/2024\/04\/Fruehblueherquiz_PPP.pptx<\/a><\/td><\/tr><\/tbody><\/table><\/figure>\n\n\n\n<h3>Religi\u00f6se Bildung &#8211; F\u00e4cher\u00fcbergreifende Feste  &#8211; Educaci\u00f3n religiosa &#8211; Fiestas interdisciplinarias<\/h3>\n\n\n\n<figure class=\"wp-block-table\"><table><tbody><tr><td><img loading=\"lazy\" width=\"62\" height=\"62\" src=\"https:\/\/blogs.urz.uni-halle.de\/interactivelearing\/files\/2022\/01\/Hut-Slideshow_0014-edited.jpg\" alt=\"Dieses Bild hat ein leeres Alt-Attribut. Der Dateiname ist Hut-Slideshow_0014-edited.jpg\"><\/td><td>Die himmlische Hutmodenschau (3.\/4. Kl.) <a href=\"https:\/\/cloud.uni-halle.de\/s\/RAPCsRdqap7Zztd\">https:\/\/cloud.uni-halle.de\/s\/RAPCsRdqap7Zztd<\/a><\/td><\/tr><tr><td><img loading=\"lazy\" width=\"62\" height=\"62\" src=\"https:\/\/blogs.urz.uni-halle.de\/interactivelearing\/files\/2022\/01\/Pinguinfest-2-edited.png\" alt=\"Dieses Bild hat ein leeres Alt-Attribut. Der Dateiname ist Pinguinfest-2-edited.png\"><\/td><td>Auf Weihnachtsentdeckertour mit Pepe Pinguin (3.\/4. Kl.) <br><a href=\"https:\/\/cloud.uni-halle.de\/s\/8R885YuE6eCE2p5\">https:\/\/cloud.uni-halle.de\/s\/8R885YuE6eCE2p5<\/a><\/td><\/tr><tr><td><\/td><td><\/td><\/tr><tr><td><\/td><td><\/td><\/tr><tr><td><\/td><td><\/td><\/tr><\/tbody><\/table><\/figure>\n","protected":false},"excerpt":{"rendered":"<p>SDG &#8211; F\u00e4cher\u00fcbergreifende Feste &#8211; Fiestas interdisciplinarias Welche Farbe hat eigentlich der Regenbogen? (3.\/4. Kl.) https:\/\/cloud.uni-halle.de\/s\/UDRQhCfDcvnhk8z Wiesenfest (2.\/3. Kl.) https:\/\/cloud.uni-halle.de\/s\/FOZj3RKktY6fVhs Apfelfest (3.\/4. Kl.) https:\/\/cloud.uni-halle.de\/s\/DgcP0FYNHj8NVat Bienenfest (2.- 4. Kl.)https:\/\/blogs.urz.uni-halle.de\/sdg-interactivelearning\/files\/2023\/10\/Booklet_Bienenfest1.pdfhttps:\/\/blogs.urz.uni-halle.de\/sdg-interactivelearning\/files\/2024\/02\/Bienen-1.pptx Schmetterlingfest (2. &#8211; 4. Kl.)https:\/\/blogs.urz.uni-halle.de\/sdg-interactivelearning\/files\/2023\/10\/Booklet_Schmetterlingsfest-1.pdfhttps:\/\/blogs.urz.uni-halle.de\/sdg-interactivelearning\/files\/2023\/10\/Schmetterlingsfest.PP_.Ueberarbeitet.pdfhttps:\/\/blogs.urz.uni-halle.de\/sdg-interactivelearning\/files\/2023\/10\/Booklet_Schmetterlingsfest.pdf Bauernhoffest (2.-4. Kl.)https:\/\/blogs.urz.uni-halle.de\/sdg-interactivelearning\/files\/2024\/04\/Bauernhof-Fest_Frau_Buhrau_Frau_Dymarz.pdfhttps:\/\/blogs.urz.uni-halle.de\/sdg-interactivelearning\/files\/2024\/04\/Quiz_PowerPoint_Bauernhof_-1.pdf Ingo Igel sucht einen Schlafplatz (2. &#8211; 4. Kl.)https:\/\/blogs.urz.uni-halle.de\/sdg-interactivelearning\/files\/2024\/04\/Booklet_Igelfest_ueberarbeitet.pdfhttps:\/\/blogs.urz.uni-halle.de\/sdg-interactivelearning\/files\/2024\/04\/PowerPoint-Igelfest.pdfhttps:\/\/blogs.urz.uni-halle.de\/sdg-interactivelearning\/files\/2024\/04\/Igelfest-Kopiervorlagen.docx Fr\u00fchlingsfest (2. &#8211; 4. Kl.)https:\/\/blogs.urz.uni-halle.de\/sdg-interactivelearning\/files\/2024\/04\/Fruehjahrsfest_Booklet.pdfhttps:\/\/blogs.urz.uni-halle.de\/sdg-interactivelearning\/files\/2024\/04\/Fruehblueherquiz_PPP.pptx Religi\u00f6se Bildung &#8211; F\u00e4cher\u00fcbergreifende Feste [&hellip;]<\/p>\n","protected":false},"author":4435,"featured_media":0,"parent":0,"menu_order":0,"comment_status":"open","ping_status":"closed","template":"","meta":[],"_links":{"self":[{"href":"https:\/\/blogs.urz.uni-halle.de\/sdg-interactivelearning\/wp-json\/wp\/v2\/pages\/9"}],"collection":[{"href":"https:\/\/blogs.urz.uni-halle.de\/sdg-interactivelearning\/wp-json\/wp\/v2\/pages"}],"about":[{"href":"https:\/\/blogs.urz.uni-halle.de\/sdg-interactivelearning\/wp-json\/wp\/v2\/types\/page"}],"author":[{"embeddable":true,"href":"https:\/\/blogs.urz.uni-halle.de\/sdg-interactivelearning\/wp-json\/wp\/v2\/users\/4435"}],"replies":[{"embeddable":true,"href":"https:\/\/blogs.urz.uni-halle.de\/sdg-interactivelearning\/wp-json\/wp\/v2\/comments?post=9"}],"version-history":[{"count":10,"href":"https:\/\/blogs.urz.uni-halle.de\/sdg-interactivelearning\/wp-json\/wp\/v2\/pages\/9\/revisions"}],"predecessor-version":[{"id":675,"href":"https:\/\/blogs.urz.uni-halle.de\/sdg-interactivelearning\/wp-json\/wp\/v2\/pages\/9\/revisions\/675"}],"wp:attachment":[{"href":"https:\/\/blogs.urz.uni-halle.de\/sdg-interactivelearning\/wp-json\/wp\/v2\/media?parent=9"}],"curies":[{"name":"wp","href":"https:\/\/api.w.org\/{rel}","templated":true}]}}