{"id":23,"date":"2020-02-25T15:18:25","date_gmt":"2020-02-25T14:18:25","guid":{"rendered":"https:\/\/blogs.urz.uni-halle.de\/stadtcafe\/?page_id=23"},"modified":"2020-02-25T16:40:19","modified_gmt":"2020-02-25T15:40:19","slug":"unser-kaffee","status":"publish","type":"page","link":"https:\/\/blogs.urz.uni-halle.de\/stadtcafe\/unser-kaffee\/","title":{"rendered":"Unser Kaffee"},"content":{"rendered":"\n<p>Unser Kaffee ist aus nachhaltiger Bio Produktion und wird in Zusammenarbeit von Mensch und Maschine zu fairen L\u00f6hnen geerntet und verarbeitet. F\u00fcr guten Kaffee spielt die Herkunft aus warmen Regionen eine gro\u00dfe Rolle, weshalb dieser eines unser wenigen nicht Regionalen Produkte ist. Deshalb ist auf jede Tasse Kaffee ein kleiner Zuschlag durch den ein CO2-Ausgleich finanziert wird und der daf\u00fcr sorgt, dass unsere Besucher nicht nur in gem\u00fctlichster Atmosph\u00e4re, sondern auch mit einem guten Gewissen ihren Kaffe genie\u00dfen k\u00f6nnen.<\/p>\n\n\n\n<figure class=\"wp-block-image size-large\"><img loading=\"lazy\" width=\"960\" height=\"638\" src=\"https:\/\/blogs.urz.uni-halle.de\/stadtcafe\/files\/2020\/02\/Unser-Kaffee-2.jpg\" alt=\"\" class=\"wp-image-24\" srcset=\"https:\/\/blogs.urz.uni-halle.de\/stadtcafe\/files\/2020\/02\/Unser-Kaffee-2.jpg 960w, https:\/\/blogs.urz.uni-halle.de\/stadtcafe\/files\/2020\/02\/Unser-Kaffee-2-300x199.jpg 300w, https:\/\/blogs.urz.uni-halle.de\/stadtcafe\/files\/2020\/02\/Unser-Kaffee-2-768x510.jpg 768w\" sizes=\"(max-width: 767px) 89vw, (max-width: 1000px) 54vw, (max-width: 1071px) 543px, 580px\" \/><\/figure>\n\n\n\n<p><strong>Argentino Negro<\/strong> &#8211; ein starker Kaffee aus dem Herzen Argentiniens mit einer leichten &#8230; Note. Ein Kaffee zum Munter werden.<\/p>\n\n\n\n<p><strong>Americano<\/strong> &#8211; milder Kaffee mit Bohnen aus dem Norden Amerikas<\/p>\n\n\n\n<p><strong>Better than Starbaks<\/strong> &#8211; Kaffee mit Mandelmilch und Wahlweise Karamell oder Vanille<\/p>\n\n\n\n<p><\/p>\n","protected":false},"excerpt":{"rendered":"<p>Unser Kaffee ist aus nachhaltiger Bio Produktion und wird in Zusammenarbeit von Mensch und Maschine zu fairen L\u00f6hnen geerntet und verarbeitet. F\u00fcr guten Kaffee spielt die Herkunft aus warmen Regionen eine gro\u00dfe Rolle, weshalb dieser eines unser wenigen nicht Regionalen Produkte ist. Deshalb ist auf jede Tasse Kaffee ein kleiner Zuschlag durch den ein CO2-Ausgleich &hellip; <\/p>\n<p class=\"link-more\"><a href=\"https:\/\/blogs.urz.uni-halle.de\/stadtcafe\/unser-kaffee\/\" class=\"more-link\"><span class=\"screen-reader-text\">\u201eUnser Kaffee\u201c<\/span> weiterlesen<\/a><\/p>\n","protected":false},"author":4375,"featured_media":0,"parent":0,"menu_order":0,"comment_status":"closed","ping_status":"closed","template":"","meta":[],"_links":{"self":[{"href":"https:\/\/blogs.urz.uni-halle.de\/stadtcafe\/wp-json\/wp\/v2\/pages\/23"}],"collection":[{"href":"https:\/\/blogs.urz.uni-halle.de\/stadtcafe\/wp-json\/wp\/v2\/pages"}],"about":[{"href":"https:\/\/blogs.urz.uni-halle.de\/stadtcafe\/wp-json\/wp\/v2\/types\/page"}],"author":[{"embeddable":true,"href":"https:\/\/blogs.urz.uni-halle.de\/stadtcafe\/wp-json\/wp\/v2\/users\/4375"}],"replies":[{"embeddable":true,"href":"https:\/\/blogs.urz.uni-halle.de\/stadtcafe\/wp-json\/wp\/v2\/comments?post=23"}],"version-history":[{"count":4,"href":"https:\/\/blogs.urz.uni-halle.de\/stadtcafe\/wp-json\/wp\/v2\/pages\/23\/revisions"}],"predecessor-version":[{"id":59,"href":"https:\/\/blogs.urz.uni-halle.de\/stadtcafe\/wp-json\/wp\/v2\/pages\/23\/revisions\/59"}],"wp:attachment":[{"href":"https:\/\/blogs.urz.uni-halle.de\/stadtcafe\/wp-json\/wp\/v2\/media?parent=23"}],"curies":[{"name":"wp","href":"https:\/\/api.w.org\/{rel}","templated":true}]}}