{"id":58,"date":"2015-05-19T12:52:09","date_gmt":"2015-05-19T10:52:09","guid":{"rendered":"https:\/\/blogs.urz.uni-halle.de\/startklar\/?page_id=58"},"modified":"2015-10-05T16:12:33","modified_gmt":"2015-10-05T14:12:33","slug":"impressum","status":"publish","type":"page","link":"https:\/\/blogs.urz.uni-halle.de\/startklar\/impressum\/","title":{"rendered":"Impressum"},"content":{"rendered":"<h2>Institution<\/h2>\n<p>Die Martin-Luther-Universit\u00e4t Halle-Wittenberg ist eine K\u00f6rperschaft des \u00f6ffentlichen Rechts. Sie wird durch den Rektor Prof. Dr. Udo Str\u00e4ter gesetzlich vertreten: rektor@uni-halle.de<\/p>\n<h3>Umsatzsteuer-Identifikationsnummer<\/h3>\n<p>gem\u00e4\u00df \u00a727 a Umsatzsteuergesetz<br \/>\nDE 811353703<\/p>\n<h2>Adresse<\/h2>\n<p>Martin-Luther-Universit\u00e4t Halle-Wittenberg<br \/>\nGermanistisches Institut\/Fachdidaktik Deutsch<br \/>\nEWE Verst\u00e4ndlichkeitsforschung<br \/>\n06108 Halle<br \/>\nDeutschland<\/p>\n<p><a href=\"https:\/\/blogs.urz.uni-halle.de\/startklar\/kontakt\/\">Kontaktinformationen<\/a><\/p>\n<h2>Urheberrechtshinweis<\/h2>\n<p>Bitte beachten Sie, dass alle Texte, Bilder und Grafiken sowie ihre Arrangements &#8211; soweit nicht anders ersichtlich &#8211; von der Martin-Luther-Universit\u00e4t Halle-Wittenberg selbst erstellt wurden und dem Schutz des Urheberrechts unterliegen.<\/p>\n<p>Sie d\u00fcrfen damit beispielsweise weder kopiert, noch ver\u00e4ndert noch auf anderen Webseiten verwendet werden. Der Nutzung der allgemein zug\u00e4nglichen Texte durch Dritte stimmen wir hiermit &#8211; auch auszugsweise &#8211; nur unter der Bedingung zu, dass die Martin-Luther-Universit\u00e4t Halle-Wittenberg als Urheber genannt wird.<\/p>\n<p>Die Nutzung der anderen Inhalte, wie beispielsweise der Bilder und Grafiken, ist nicht gestattet. Sollten Sie jedoch Interesse an einem Nutzungsrecht haben, verwenden Sie bitte <a href=\"https:\/\/blogs.urz.uni-halle.de\/startklar\/kontakt\/\">unsere Kontaktinformationen<\/a>.<\/p>\n","protected":false},"excerpt":{"rendered":"<p>Institution Die Martin-Luther-Universit\u00e4t Halle-Wittenberg ist eine K\u00f6rperschaft des \u00f6ffentlichen Rechts. Sie wird durch den Rektor Prof. Dr. Udo Str\u00e4ter gesetzlich vertreten: rektor@uni-halle.de Umsatzsteuer-Identifikationsnummer gem\u00e4\u00df \u00a727 a Umsatzsteuergesetz DE 811353703 Adresse Martin-Luther-Universit\u00e4t Halle-Wittenberg Germanistisches Institut\/Fachdidaktik Deutsch EWE Verst\u00e4ndlichkeitsforschung 06108 Halle Deutschland Kontaktinformationen Urheberrechtshinweis Bitte beachten Sie, dass alle Texte, Bilder und Grafiken sowie ihre Arrangements &#8211; [&hellip;]<\/p>\n","protected":false},"author":2304,"featured_media":0,"parent":0,"menu_order":0,"comment_status":"closed","ping_status":"closed","template":"","meta":[],"_links":{"self":[{"href":"https:\/\/blogs.urz.uni-halle.de\/startklar\/wp-json\/wp\/v2\/pages\/58"}],"collection":[{"href":"https:\/\/blogs.urz.uni-halle.de\/startklar\/wp-json\/wp\/v2\/pages"}],"about":[{"href":"https:\/\/blogs.urz.uni-halle.de\/startklar\/wp-json\/wp\/v2\/types\/page"}],"author":[{"embeddable":true,"href":"https:\/\/blogs.urz.uni-halle.de\/startklar\/wp-json\/wp\/v2\/users\/2304"}],"replies":[{"embeddable":true,"href":"https:\/\/blogs.urz.uni-halle.de\/startklar\/wp-json\/wp\/v2\/comments?post=58"}],"version-history":[{"count":5,"href":"https:\/\/blogs.urz.uni-halle.de\/startklar\/wp-json\/wp\/v2\/pages\/58\/revisions"}],"predecessor-version":[{"id":400,"href":"https:\/\/blogs.urz.uni-halle.de\/startklar\/wp-json\/wp\/v2\/pages\/58\/revisions\/400"}],"wp:attachment":[{"href":"https:\/\/blogs.urz.uni-halle.de\/startklar\/wp-json\/wp\/v2\/media?parent=58"}],"curies":[{"name":"wp","href":"https:\/\/api.w.org\/{rel}","templated":true}]}}

<h2>Institution</h2>
<p>Die Martin-Luther-Universität Halle-Wittenberg ist eine Körperschaft des öffentlichen Rechts. Sie wird durch den Rektor Prof. Dr. Udo Sträter gesetzlich vertreten: rektor@uni-halle.de</p>
<h3>Umsatzsteuer-Identifikationsnummer</h3>
<p>gemäß §27 a Umsatzsteuergesetz<br />
DE 811353703</p>
<h2>Adresse</h2>
<p>Martin-Luther-Universität Halle-Wittenberg<br />
Germanistisches Institut/Fachdidaktik Deutsch<br />
EWE Verständlichkeitsforschung<br />
06108 Halle<br />
Deutschland</p>
<p><a href="https://blogs.urz.uni-halle.de/startklar/kontakt/">Kontaktinformationen</a></p>
<h2>Urheberrechtshinweis</h2>
<p>Bitte beachten Sie, dass alle Texte, Bilder und Grafiken sowie ihre Arrangements &#8211; soweit nicht anders ersichtlich &#8211; von der Martin-Luther-Universität Halle-Wittenberg selbst erstellt wurden und dem Schutz des Urheberrechts unterliegen.</p>
<p>Sie dürfen damit beispielsweise weder kopiert, noch verändert noch auf anderen Webseiten verwendet werden. Der Nutzung der allgemein zugänglichen Texte durch Dritte stimmen wir hiermit &#8211; auch auszugsweise &#8211; nur unter der Bedingung zu, dass die Martin-Luther-Universität Halle-Wittenberg als Urheber genannt wird.</p>
<p>Die Nutzung der anderen Inhalte, wie beispielsweise der Bilder und Grafiken, ist nicht gestattet. Sollten Sie jedoch Interesse an einem Nutzungsrecht haben, verwenden Sie bitte <a href="https://blogs.urz.uni-halle.de/startklar/kontakt/">unsere Kontaktinformationen</a>.</p>

<p>Institution Die Martin-Luther-Universität Halle-Wittenberg ist eine Körperschaft des öffentlichen Rechts. Sie wird durch den Rektor Prof. Dr. Udo Sträter gesetzlich vertreten: rektor@uni-halle.de Umsatzsteuer-Identifikationsnummer gemäß §27 a Umsatzsteuergesetz DE 811353703 Adresse Martin-Luther-Universität Halle-Wittenberg Germanistisches Institut/Fachdidaktik Deutsch EWE Verständlichkeitsforschung 06108 Halle Deutschland Kontaktinformationen Urheberrechtshinweis Bitte beachten Sie, dass alle Texte, Bilder und Grafiken sowie ihre Arrangements &#8211; [&hellip;]</p>
