{"id":2,"date":"2025-05-27T14:26:59","date_gmt":"2025-05-27T12:26:59","guid":{"rendered":"https:\/\/blogs.urz.uni-halle.de\/subjekteohneraum\/?page_id=2"},"modified":"2025-06-24T15:43:52","modified_gmt":"2025-06-24T13:43:52","slug":"beispiel-seite","status":"publish","type":"page","link":"https:\/\/blogs.urz.uni-halle.de\/subjekteohneraum\/","title":{"rendered":"Das Projekt."},"content":{"rendered":"\n<div class=\"wp-block-group\"><div class=\"wp-block-group__inner-container\">\n<h2 class=\"has-text-color\" style=\"font-size:38px;color:#ba0c49\"><span style=\"color:#ff6200\" class=\"has-inline-color\">Ein Audio- und Videobeitrag \u00fcber R\u00e4ume, Menschen und Strukturen \u2013 und eine Stadt im Umbruch.<\/span><\/h2>\n\n\n\n<p><\/p>\n\n\n\n<div class=\"wp-block-columns\">\n<div class=\"wp-block-column\">\n<div class=\"wp-block-buttons\">\n<div class=\"wp-block-button is-style-outline\"><a class=\"wp-block-button__link\" rel=\"https:\/\/blogs.urz.uni-halle.de\/subjekteohneraum\/ueber-das-projekt\/\">\u00dcber das Projekt<\/a><\/div>\n<\/div>\n<\/div>\n\n\n\n<div class=\"wp-block-column\">\n<div class=\"wp-block-buttons\">\n<div class=\"wp-block-button is-style-outline\"><a class=\"wp-block-button__link\" rel=\"https:\/\/blogs.urz.uni-halle.de\/subjekteohneraum\/die-beitraege\/\">Die Beitr\u00e4ge<\/a><\/div>\n<\/div>\n<\/div>\n<\/div>\n\n\n\n<div class=\"wp-block-columns\">\n<div class=\"wp-block-column\">\n<p class=\"has-extra-small-font-size\" style=\"line-height:1.3\">Jahr f\u00fcr Jahr zieht Halle zahlreiche junge Menschen, insbesondere Studierende, an, die auf vergleichsweise g\u00fcnstigen Wohnraum, kulturelle Vielfalt, individuelle Freizeitgestaltungsm\u00f6glichkeiten und ein unverwechselbares Stadtgef\u00fchl hoffen. Was nach einer Erfolgsgeschichte klingt, hat jedoch auch Schattenseiten, die genau jene Orte bedrohen, die Halle seinen einzigartigen Charakter verleihen: <\/p>\n<\/div>\n\n\n\n<div class=\"wp-block-column\">\n<p class=\"has-extra-small-font-size\" style=\"line-height:1.3\">Clubs, welche nicht nur n\u00e4chtliche Vergn\u00fcgungsst\u00e4tten sind, die von feierw\u00fctigen Jugendlichen profitieren, sondern die seit jeher auch kulturelle und politische Schwerpunkte sind. Clubs, die weit mehr als gewerbliche Objekte sind, sondern soziale, kulturelle und<br>kreative R\u00e4ume. Sie sind lebendige Netzwerke, in denen Menschen kollektiv agieren und Gemeinschaft leben. Sie sind R\u00e4ume, die das Stadtbild &#8230;<\/p>\n<\/div>\n<\/div>\n<\/div><\/div>\n","protected":false},"excerpt":{"rendered":"","protected":false},"author":6341,"featured_media":0,"parent":0,"menu_order":0,"comment_status":"closed","ping_status":"open","template":"","meta":[],"_links":{"self":[{"href":"https:\/\/blogs.urz.uni-halle.de\/subjekteohneraum\/wp-json\/wp\/v2\/pages\/2"}],"collection":[{"href":"https:\/\/blogs.urz.uni-halle.de\/subjekteohneraum\/wp-json\/wp\/v2\/pages"}],"about":[{"href":"https:\/\/blogs.urz.uni-halle.de\/subjekteohneraum\/wp-json\/wp\/v2\/types\/page"}],"author":[{"embeddable":true,"href":"https:\/\/blogs.urz.uni-halle.de\/subjekteohneraum\/wp-json\/wp\/v2\/users\/6341"}],"replies":[{"embeddable":true,"href":"https:\/\/blogs.urz.uni-halle.de\/subjekteohneraum\/wp-json\/wp\/v2\/comments?post=2"}],"version-history":[{"count":10,"href":"https:\/\/blogs.urz.uni-halle.de\/subjekteohneraum\/wp-json\/wp\/v2\/pages\/2\/revisions"}],"predecessor-version":[{"id":49,"href":"https:\/\/blogs.urz.uni-halle.de\/subjekteohneraum\/wp-json\/wp\/v2\/pages\/2\/revisions\/49"}],"wp:attachment":[{"href":"https:\/\/blogs.urz.uni-halle.de\/subjekteohneraum\/wp-json\/wp\/v2\/media?parent=2"}],"curies":[{"name":"wp","href":"https:\/\/api.w.org\/{rel}","templated":true}]}}