{"id":27,"date":"2020-04-13T08:54:00","date_gmt":"2020-04-13T06:54:00","guid":{"rendered":"https:\/\/blogs.urz.uni-halle.de\/testblognt2020\/?page_id=27"},"modified":"2020-04-13T10:37:16","modified_gmt":"2020-04-13T08:37:16","slug":"begriffsdefinition-jude-juedin-judentum-etc","status":"publish","type":"page","link":"https:\/\/blogs.urz.uni-halle.de\/testblognt2020\/begriffsdefinition-jude-juedin-judentum-etc\/","title":{"rendered":"Sitzung 2: Begriffsdefinition: Jude\/J\u00fcdin, Judentum etc."},"content":{"rendered":"\n<p>Bitte stellen Sie Ihre Eintr\u00e4ge im Bereich der entsprechenden Autoren ein. Sollte bei dem von Ihnen gew\u00e4hlten Autor schon etwas stehen, machen Sie bitte einen gut sichtbaren Absatz und f\u00fcgen Ihren Text dann darunter ein.<\/p>\n\n\n\n<p><br><\/p>\n","protected":false},"excerpt":{"rendered":"<p>Bitte stellen Sie Ihre Eintr\u00e4ge im Bereich der entsprechenden Autoren ein. Sollte bei dem von Ihnen gew\u00e4hlten Autor schon etwas stehen, machen Sie bitte einen gut sichtbaren Absatz und f\u00fcgen Ihren Text dann darunter ein.<\/p>\n","protected":false},"author":4507,"featured_media":0,"parent":0,"menu_order":0,"comment_status":"open","ping_status":"closed","template":"","meta":[],"_links":{"self":[{"href":"https:\/\/blogs.urz.uni-halle.de\/testblognt2020\/wp-json\/wp\/v2\/pages\/27"}],"collection":[{"href":"https:\/\/blogs.urz.uni-halle.de\/testblognt2020\/wp-json\/wp\/v2\/pages"}],"about":[{"href":"https:\/\/blogs.urz.uni-halle.de\/testblognt2020\/wp-json\/wp\/v2\/types\/page"}],"author":[{"embeddable":true,"href":"https:\/\/blogs.urz.uni-halle.de\/testblognt2020\/wp-json\/wp\/v2\/users\/4507"}],"replies":[{"embeddable":true,"href":"https:\/\/blogs.urz.uni-halle.de\/testblognt2020\/wp-json\/wp\/v2\/comments?post=27"}],"version-history":[{"count":8,"href":"https:\/\/blogs.urz.uni-halle.de\/testblognt2020\/wp-json\/wp\/v2\/pages\/27\/revisions"}],"predecessor-version":[{"id":84,"href":"https:\/\/blogs.urz.uni-halle.de\/testblognt2020\/wp-json\/wp\/v2\/pages\/27\/revisions\/84"}],"wp:attachment":[{"href":"https:\/\/blogs.urz.uni-halle.de\/testblognt2020\/wp-json\/wp\/v2\/media?parent=27"}],"curies":[{"name":"wp","href":"https:\/\/api.w.org\/{rel}","templated":true}]}}