{"id":72,"date":"2015-05-22T12:51:28","date_gmt":"2015-05-22T10:51:28","guid":{"rendered":"https:\/\/blogs.urz.uni-halle.de\/thementagmigrationsrecht\/?page_id=72"},"modified":"2016-10-14T08:52:41","modified_gmt":"2016-10-14T06:52:41","slug":"aa","status":"publish","type":"page","link":"https:\/\/blogs.urz.uni-halle.de\/thementagmigrationsrecht\/aa\/","title":{"rendered":"Anmeldung"},"content":{"rendered":"<p><span style=\"color: #000000\">Interessierte k\u00f6nnen sich unter\u00a0<\/span><strong><span style=\"color: #2880de\">thementagmigrationsrecht@googlemail.com\u00a0<\/span><\/strong><span style=\"color: #000000\">f\u00fcr den 2. Thementag Migrationsrecht am 19.11.2016 anmelden.<\/span><\/p>\n<p>Der Teilnahmebeitrag betr\u00e4gt 10 Euro, die Kosten f\u00fcr einen Mittagsimbiss sind inbegriffen.<\/p>\n<p>Bitte geben Sie bei der Anmeldung Ihren vollst\u00e4ndigen Namen und ggf. die dazugeh\u00f6rige Institution an sowie den Workshop, an welchem Sie teilnehmen m\u00f6chten.<\/p>\n<p>Weitere Anmeldeinformationen erhalten Sie nach der Anmeldung umgehend per E-Mail.<\/p>\n","protected":false},"excerpt":{"rendered":"<p>Interessierte k\u00f6nnen sich unter\u00a0thementagmigrationsrecht@googlemail.com\u00a0f\u00fcr den 2. Thementag Migrationsrecht am 19.11.2016 anmelden. Der Teilnahmebeitrag betr\u00e4gt 10 Euro, die Kosten f\u00fcr einen Mittagsimbiss sind inbegriffen. Bitte geben Sie bei der Anmeldung Ihren vollst\u00e4ndigen Namen und ggf. die dazugeh\u00f6rige Institution an sowie den &hellip; <a href=\"https:\/\/blogs.urz.uni-halle.de\/thementagmigrationsrecht\/aa\/\">Weiterlesen <span class=\"meta-nav\">&rarr;<\/span><\/a><\/p>\n","protected":false},"author":2253,"featured_media":0,"parent":0,"menu_order":5,"comment_status":"closed","ping_status":"closed","template":"","meta":[],"_links":{"self":[{"href":"https:\/\/blogs.urz.uni-halle.de\/thementagmigrationsrecht\/wp-json\/wp\/v2\/pages\/72"}],"collection":[{"href":"https:\/\/blogs.urz.uni-halle.de\/thementagmigrationsrecht\/wp-json\/wp\/v2\/pages"}],"about":[{"href":"https:\/\/blogs.urz.uni-halle.de\/thementagmigrationsrecht\/wp-json\/wp\/v2\/types\/page"}],"author":[{"embeddable":true,"href":"https:\/\/blogs.urz.uni-halle.de\/thementagmigrationsrecht\/wp-json\/wp\/v2\/users\/2253"}],"replies":[{"embeddable":true,"href":"https:\/\/blogs.urz.uni-halle.de\/thementagmigrationsrecht\/wp-json\/wp\/v2\/comments?post=72"}],"version-history":[{"count":10,"href":"https:\/\/blogs.urz.uni-halle.de\/thementagmigrationsrecht\/wp-json\/wp\/v2\/pages\/72\/revisions"}],"predecessor-version":[{"id":468,"href":"https:\/\/blogs.urz.uni-halle.de\/thementagmigrationsrecht\/wp-json\/wp\/v2\/pages\/72\/revisions\/468"}],"wp:attachment":[{"href":"https:\/\/blogs.urz.uni-halle.de\/thementagmigrationsrecht\/wp-json\/wp\/v2\/media?parent=72"}],"curies":[{"name":"wp","href":"https:\/\/api.w.org\/{rel}","templated":true}]}}