{"id":27,"date":"2023-10-05T14:29:02","date_gmt":"2023-10-05T12:29:02","guid":{"rendered":"https:\/\/blogs.urz.uni-halle.de\/theologischerstudientag2024\/?page_id=27"},"modified":"2023-11-03T09:51:46","modified_gmt":"2023-11-03T08:51:46","slug":"anmeldung","status":"publish","type":"page","link":"https:\/\/blogs.urz.uni-halle.de\/theologischerstudientag2024\/anmeldung\/","title":{"rendered":"Anmeldung"},"content":{"rendered":"\n<p>Die Teilnahme am Studientag ist f\u00fcr alle Personen nur nach vorheriger Anmeldung m\u00f6glich. <\/p>\n\n\n\n<p>Teilnahme ist f\u00fcr alle Interessierten m\u00f6glich. F\u00fcr die Anmeldung von Gruppen wenden Sie sich bitte direkt an die Organisatoren <a href=\"https:\/\/www.theologie.uni-halle.de\/gcg\/paulau\/\">Stanislau Paulau<\/a> und <a href=\"https:\/\/www.theologie.uni-halle.de\/rw\/cyranka\/\">Daniel Cyranka<\/a>.<\/p>\n\n\n\n<p>Bitte senden Sie eine <strong>Anmeldung<\/strong> bis sp\u00e4testens 07.01.2024 an Silvia Markus (<strong>silvia.markus@theologie.uni-halle.de<\/strong>). <\/p>\n\n\n\n<p>Die Anmeldung sollte folgende Angaben beinhalten:<\/p>\n\n\n\n<p><em>Name:<\/em><\/p>\n\n\n\n<p><em>E-Mail:<\/em><\/p>\n\n\n\n<p><em>Workshop Nr.:<\/em><\/p>\n\n\n\n<p><em>Teilnahme am Empfang : Ja\/Nein<\/em><\/p>\n\n\n\n<p><strong> Workshops:<\/strong><\/p>\n\n\n\n<p><strong>1)<\/strong> Natallia Vasilevich (Universit\u00e4t Bonn): \u201eChristians Against War\u201c: A Christian Anti-War Movement in Ukraine, Russia, Belarus and Beyond (Englisch)<\/p>\n\n\n\n<p><strong>2)<\/strong> Thea Sumalvico (Universit\u00e4t Halle): Remilitarisierung Deutschlands? Friedensethische Debatten zu Beginn des Kalten Krieges<\/p>\n\n\n\n<p><strong>3)<\/strong> Nora Blume und Christiana Steiner (f\u00fcr das Gleichstellungsteam der Theologischen Fakult\u00e4t Halle): Gewalt und Klimakrise. Interventionen gegen die Ohnmacht (Forumtheater)<\/p>\n\n\n\n<p><strong>4)<\/strong> Fernando Enns (Universit\u00e4t Hamburg): Die Perspektive der Friedenskirchen im Kontext \u00f6kumenischer Friedenstheologie<\/p>\n\n\n\n<p><strong>5)<\/strong> J\u00f6rg Dierken (Universit\u00e4t Halle): Frieden \u2013 Gewalt \u2013 Krieg? Perspektiven evangelischer Ethik<\/p>\n\n\n\n<p><strong>6)<\/strong> Teja Begrich (Pfarramt Havelberg) und Conrad Krannich (ESG \/ Universit\u00e4t Halle): Krieg und Gewalt als theologische Herausforderungen im j\u00fcdisch-christlichen Gespr\u00e4ch<\/p>\n\n\n\n<p><\/p>\n\n\n\n<p>Nach Ihrer Anmeldung erhalten Sie zeitnah eine Email mit einer Anmeldebest\u00e4tigung.<\/p>\n\n\n\n<p>Der theologische Studientag ist Bestandteil des kirchlichen Fortbildungsangebots f\u00fcr Pfarrerinnen und Pfarrer, kirchliche Mitarbeiterinnen und Mitarbeiter der EKM sowie der Nachbarkirchen.<\/p>\n\n\n\n<p><\/p>\n\n\n\n<p><\/p>\n\n\n\n<p><em>Gef\u00f6rdert durch<\/em><\/p>\n","protected":false},"excerpt":{"rendered":"<p>Die Teilnahme am Studientag ist f\u00fcr alle Personen nur nach vorheriger Anmeldung m\u00f6glich. Teilnahme ist f\u00fcr alle Interessierten m\u00f6glich. F\u00fcr die Anmeldung von Gruppen wenden Sie sich bitte direkt an die Organisatoren Stanislau Paulau und Daniel Cyranka. Bitte senden Sie &hellip; <a href=\"https:\/\/blogs.urz.uni-halle.de\/theologischerstudientag2024\/anmeldung\/\">Weiterlesen <span class=\"meta-nav\">&rarr;<\/span><\/a><\/p>\n","protected":false},"author":5874,"featured_media":0,"parent":0,"menu_order":0,"comment_status":"closed","ping_status":"closed","template":"","meta":[],"_links":{"self":[{"href":"https:\/\/blogs.urz.uni-halle.de\/theologischerstudientag2024\/wp-json\/wp\/v2\/pages\/27"}],"collection":[{"href":"https:\/\/blogs.urz.uni-halle.de\/theologischerstudientag2024\/wp-json\/wp\/v2\/pages"}],"about":[{"href":"https:\/\/blogs.urz.uni-halle.de\/theologischerstudientag2024\/wp-json\/wp\/v2\/types\/page"}],"author":[{"embeddable":true,"href":"https:\/\/blogs.urz.uni-halle.de\/theologischerstudientag2024\/wp-json\/wp\/v2\/users\/5874"}],"replies":[{"embeddable":true,"href":"https:\/\/blogs.urz.uni-halle.de\/theologischerstudientag2024\/wp-json\/wp\/v2\/comments?post=27"}],"version-history":[{"count":10,"href":"https:\/\/blogs.urz.uni-halle.de\/theologischerstudientag2024\/wp-json\/wp\/v2\/pages\/27\/revisions"}],"predecessor-version":[{"id":124,"href":"https:\/\/blogs.urz.uni-halle.de\/theologischerstudientag2024\/wp-json\/wp\/v2\/pages\/27\/revisions\/124"}],"wp:attachment":[{"href":"https:\/\/blogs.urz.uni-halle.de\/theologischerstudientag2024\/wp-json\/wp\/v2\/media?parent=27"}],"curies":[{"name":"wp","href":"https:\/\/api.w.org\/{rel}","templated":true}]}}