{"id":2,"date":"2022-12-15T12:16:39","date_gmt":"2022-12-15T11:16:39","guid":{"rendered":"https:\/\/blogs.urz.uni-halle.de\/walternienburg\/?page_id=2"},"modified":"2022-12-16T16:22:42","modified_gmt":"2022-12-16T15:22:42","slug":"beispiel-seite","status":"publish","type":"page","link":"https:\/\/blogs.urz.uni-halle.de\/walternienburg\/beispiel-seite\/","title":{"rendered":"Walternienburg"},"content":{"rendered":"<h1>Warum Walternienburg<\/h1>\n<p>Walternienburg ist ein Ortsteil der Stadt Zerbst\/Anhalt in Sachsen-Anhalt. Mit beschaulichen 468 Einwohner*innen, l\u00e4ndlicher Umgebung und ein Radweg der an der Nuthe entlangf\u00fchrt, wirkt es wie eine klassische Ortschaft der Region. Allerdings gibt es eine Besonderheit: die Archekirche<\/p>\n\n\n<figure class=\"wp-block-image size-large\"><img loading=\"lazy\" width=\"600\" height=\"599\" src=\"https:\/\/blogs.urz.uni-halle.de\/walternienburg\/files\/2022\/12\/20210730_160755-1.jpg\" alt=\"\" class=\"wp-image-53\" srcset=\"https:\/\/blogs.urz.uni-halle.de\/walternienburg\/files\/2022\/12\/20210730_160755-1.jpg 600w, https:\/\/blogs.urz.uni-halle.de\/walternienburg\/files\/2022\/12\/20210730_160755-1-300x300.jpg 300w, https:\/\/blogs.urz.uni-halle.de\/walternienburg\/files\/2022\/12\/20210730_160755-1-150x150.jpg 150w\" sizes=\"(max-width: 600px) 100vw, 600px\" \/><\/figure>\n\n\n\n<p><strong>ARCHE Walternienburg:<\/strong><\/p>\n\n\n\n<p>Walternienburg ist ein Ortsteil der Stadt Zerbst\/Anhalt im Landkreis Anhalt-Bitterfeld in Sachsen-Anhalt. Urkundlich 974 als Nuinburg erw\u00e4hnt, war das Pfarrdorf \u00fcber Jahrhunderte auch Herzoglich Anhaltisches Dom\u00e4neamt. Walternienburg zwischen Zerbst\/Anhalt und Barby liegt an der Nuthe, die nahe dem Ort in die Elbe m\u00fcndet \u2013 Teile des Gemeindegebietes geh\u00f6ren zum Biosph\u00e4renreservat Flusslandschaft Mittlere Elbe.<\/p>\n\n\n\n<p>Die urspr\u00fcnglich romanische Kirche St. Bartholomaei, Patronat des Herzogs von Anhalt, und zentral in der Ortsmitte des Ortes gelegen, wurde 1976 komplett abgerissen. Kirchliche Gemeindetreffen waren seither nur noch in den begrenzten R\u00e4umlichkeiten des Pfarrhauses m\u00f6glich.<\/p>\n\n\n\n<p>Mit Verkauf des Pfarrhauses 2014 entstand die \u00dcberlegung der ev. Kirchengemeinde Walternienburg, auf ihrem eigenen, park\u00e4hnlichen Grundst\u00fcck den Neubau eines kirchlichen Gemeindehauses anzustreben. Vordergr\u00fcndig sollte das christliche Gemeindeleben in Walternienburg wieder an einem zentralen Punkt im Ort statt finden k\u00f6nnen.<\/p>\n\n\n\n<p>Durch die in der Entwurfsplanung des B\u00fcros denk\u2018mal Architekten Magdeburg erarbeite Raumkonzeption als Kombination von Gemeinderaum, Andacht, Ausstellung und Platz f\u00fcr Freizeit k\u00f6nnen und sollen vielschichtige Nutzergruppen, Besucher und Touristen angesprochen werden.<\/p>\n\n\n\n<p>Weiteres wichtiges Planungskonzept war, die Verbindung Wasser \u2013 Kirche bereits an der \u00e4u\u00dferen Erscheinung ablesbar zu gestalten \u2013 daher wurde die historische Bauform einer Arche als Holzst\u00e4nderbau in moderner Formensprache konzipiert \u2013 dieser architektonische Entwurfsk\u00f6rper soll bereits in seiner \u00e4u\u00dferen Erscheinung den biblischem Hintergrund mit einem touristischem Anziehungspunkt verbinden.<\/p>\n\n\n\n<p>Die kirchliche Freifl\u00e4che, mit gro\u00df gewachsenem, historischen Baumbestand und idyllisch vis-\u00e0vis zur Wasserburg und den umgebenenen Freizeit- und Tourismusrouten gelegen, in Einheit mit der \u201eArche f\u00fcr Walternienburg\u201c , wird bereits vorhandene, bew\u00e4hrte Strukturen des Natur- und Aktivtourismus sinnvoll erg\u00e4nzen, gleichzeitig einen weiteren Anreiz f\u00fcr Ausflugsziele und zur Entspannung geschaffen.<\/p>\n\n\n\n<p>Biblische Bez\u00fcge sind vielf\u00e4ltig in die Architektur des Geb\u00e4udes integriert und lassen es auch f\u00fcr Nichtchristen und Besucher stets aufs Neue erleben und mit anderen Augen betrachten. Eine offene Gemeinde mit einzigartigem Ort der Einkehr, Besinnung und Stille, eine geplante Ausstellung mit regelm\u00e4\u00dfiger F\u00fchrungen zu historischen B\u00fcchern, Epitaphien und auch Platz f\u00fcr kleine Feiern oder Veranstaltungen \u2013 in Kooperation mit den gastronomischen Einrichtungen des Ortes -, bieten f\u00fcr jedermann eine neue Option des Aufenthaltes.<\/p>\n\n\n\n<p>Der Neubau der ARCHE wurde in den Jahren 2018 bis 2020 umgesetzt.<\/p>\n\n\n\n<p><strong>Die Fenster: <\/strong><\/p>\n\n\n\n<p>Zentrales Element des sonst sehr geschlossenen Bauk\u00f6rpers der ARCHE ist der Ort zur Andacht \u2013 hier steigt der nach S\u00fcd-West ausgerichtete \u201eBug\u201c auf \u00fcber 7,50 Meter H\u00f6he, das vertikale Lichtband hat die Abma\u00dfe von 6,50 x 0,70 Meter (HxB). Es entstand ein Hauptraum f\u00fcr die kirchliche Gemeinde, der gleichzeitig so konzipiert wurde, dass er den Touristen\/ Besuchern als \u201eRaum der Stille und Rast\u201c immer offenstehen kann.<\/p>\n\n\n\n<p>F\u00fcr die Gesamtwirkung des Innenraumes bildete also die Gestaltung des Zentral- bzw. Altarraumfensters ein ganz entscheidendes Kriterium. Der renommierte Glask\u00fcnstler Winfried M\u00fchlum \u2013 Pyrapheros \u2013 aus Wiesbaden konnte f\u00fcr die Gestaltung des zentralen Fensters gewonnen werden. Mit der von ihm entwickelten, patentierten Glastechnik \u2013 unter Ausnutzung der physikalischen Eigenschaften des Lichts \u2013 ist eine Fenstergestaltung gelungen, die den Regenbogen \u201eeinf\u00e4ngt\u201c und somit die darauf abgestimmte, schlichte Raumgestaltung entscheidend pr\u00e4gt. Je nach Sonnenstand ver\u00e4ndert sich die Licht- und Farbgebung im Raum \u2013 so ist die moderne Adaption der biblischen Glasgestaltungen als \u00e4u\u00dferst gelungen einzusch\u00e4tzen.<\/p>\n\n\n\n<p>Passend zum Glaskunstfenster wurden auch die Prinzipalien (Altartisch und Ambo) von Winfried M\u00fchlum entworfen \u2013 auch hier dominieren die transparenten und klaren Wirkungen des Lichts durch die Materialien Stahl und Glas. Gefertigt und eingebaut wurden die Glaskunstelemente von der Glasmalerei Peters Studios, Paderborn.<\/p>\n\n\n\n<p><strong>Modellcharakter und Nachhaltigkeit:<\/strong><\/p>\n\n\n\n<p>Zusammenfassend wurde ein Ort der Begegnungen f\u00fcr die gesamte Region und f\u00fcr alle Generationen geschaffen, der Raum, Schutz, Innehalten (\u201eEntschleunigen\u201c) zugleich bietet sowie christliche Historie, architektonisch- \u00f6kologische Innovation und Kunstgenuss vereint. Die geplante Grundfl\u00e4che der Arche ist ausreichend klein gehalten, um die Wirtschaftlichkeit des Geb\u00e4udes ganzj\u00e4hrig zu gew\u00e4hrleisten, jedoch ausreichend gro\u00df, um vielerlei Nutzungsm\u00f6glichkeiten Raum zu geben.<\/p>\n\n\n\n<p style=\"font-size:11px\">Quelle: https:\/\/www.lichtungen-glasmalerei.de\/kirchen\/walternienburg<\/p>\n\n\n\n<p><\/p>\n\n\n\n<p style=\"font-size:18px\"><strong>Kontaktm\u00f6glichkeiten<\/strong>:<\/p>\n\n\n\n<p><strong>Anfahrt\/Adresse<\/strong>: <br>Hauptstra\u00dfe\/G\u00fctergl\u00fccker Stra\u00dfe, Zerbst<\/p>\n\n\n\n<p><a href=\"https:\/\/www.ekmd.de\/kirche\/kirchenkreise\/elbe-flaeming\/loburg-leitzkau-ii\/walternienburg\/arche-walternienburg\/\">ARCHE Walternienburg | Kirchenkreise (ekmd.de)<\/a><\/p>\n\n\n\n<p><strong>Kontaktpersonen<\/strong>:<\/p>\n\n\n\n<p>Pfarrerin Benita Arnold: <br>Tel.: 039241 290;<br>Mail: ev.pfarramt.leitzkau@t-online.de<\/p>\n\n\n\n<p>Ortskundige Gemeindemitglieder:<br>Frau Veronika Hesse:<br>Tel.: 039247-5308<br><\/p>\n\n\n\n<p><strong>Website<\/strong>:<br><a href=\"https:\/\/www.lichtungen-glasmalerei.de\/kirchen\/walternienburg\">Walternienburg | Lichtungen (lichtungen-glasmalerei.de)<\/a><\/p>\n","protected":false},"excerpt":{"rendered":"<p>Warum Walternienburg Walternienburg ist ein Ortsteil der Stadt Zerbst\/Anhalt in Sachsen-Anhalt. Mit beschaulichen 468 Einwohner*innen, l\u00e4ndlicher Umgebung und ein Radweg der an der Nuthe entlangf\u00fchrt, wirkt es wie eine klassische Ortschaft der Region. Allerdings gibt es eine Besonderheit: die Archekirche &hellip; <a href=\"https:\/\/blogs.urz.uni-halle.de\/walternienburg\/beispiel-seite\/\">Weiterlesen <span class=\"meta-nav\">&rarr;<\/span><\/a><\/p>\n","protected":false},"author":5722,"featured_media":0,"parent":0,"menu_order":0,"comment_status":"closed","ping_status":"open","template":"","meta":[],"_links":{"self":[{"href":"https:\/\/blogs.urz.uni-halle.de\/walternienburg\/wp-json\/wp\/v2\/pages\/2"}],"collection":[{"href":"https:\/\/blogs.urz.uni-halle.de\/walternienburg\/wp-json\/wp\/v2\/pages"}],"about":[{"href":"https:\/\/blogs.urz.uni-halle.de\/walternienburg\/wp-json\/wp\/v2\/types\/page"}],"author":[{"embeddable":true,"href":"https:\/\/blogs.urz.uni-halle.de\/walternienburg\/wp-json\/wp\/v2\/users\/5722"}],"replies":[{"embeddable":true,"href":"https:\/\/blogs.urz.uni-halle.de\/walternienburg\/wp-json\/wp\/v2\/comments?post=2"}],"version-history":[{"count":10,"href":"https:\/\/blogs.urz.uni-halle.de\/walternienburg\/wp-json\/wp\/v2\/pages\/2\/revisions"}],"predecessor-version":[{"id":89,"href":"https:\/\/blogs.urz.uni-halle.de\/walternienburg\/wp-json\/wp\/v2\/pages\/2\/revisions\/89"}],"wp:attachment":[{"href":"https:\/\/blogs.urz.uni-halle.de\/walternienburg\/wp-json\/wp\/v2\/media?parent=2"}],"curies":[{"name":"wp","href":"https:\/\/api.w.org\/{rel}","templated":true}]}}