{"id":2,"date":"2022-05-20T12:30:40","date_gmt":"2022-05-20T10:30:40","guid":{"rendered":"https:\/\/blogs.urz.uni-halle.de\/wasserwelten\/?page_id=2"},"modified":"2022-07-14T10:45:53","modified_gmt":"2022-07-14T08:45:53","slug":"beispiel-seite","status":"publish","type":"page","link":"https:\/\/blogs.urz.uni-halle.de\/wasserwelten\/beispiel-seite\/","title":{"rendered":"Audiobeitrag"},"content":{"rendered":"<p>In einem Schwimmbad ist es oft laut. Die Wellen im Becken, die plantschenden Kinder, die rauschenden Lautsprechdurchsagen&#8230; das alles macht L\u00e4rm. Aber \u00b4 was h\u00f6rt man hinter den Kulissen? Wie klingt ein Schwimmbad f\u00fcr die Mitarbeiter? Wir haben einen Rundgang durch das mexikanische Erlebnisbad Maya Mare gemacht und dabei an verschiedenen Stationen die Ger\u00e4uschkulisse aufgenommen. H\u00f6rt gerne zu und folgt uns auf unserem Weg von der Rezeption entlang des Erlebnisbeckens und der K\u00fcche bis zum Wellnesbereich.<\/p>\n\n\n<figure class=\"wp-block-audio\"><audio controls src=\"https:\/\/blogs.urz.uni-halle.de\/wasserwelten\/files\/2022\/05\/WiSe21_Kauk_Josefin.mp3\"><\/audio><figcaption>Virtueller Rundgang durch den Arbeitsplatz Schwimmbad<\/figcaption><\/figure>\n\n\n\n<figure class=\"wp-block-gallery columns-2 is-cropped\"><ul class=\"blocks-gallery-grid\"><li class=\"blocks-gallery-item\"><figure><img loading=\"lazy\" width=\"1024\" height=\"683\" src=\"https:\/\/blogs.urz.uni-halle.de\/wasserwelten\/files\/2022\/05\/senior-traveler-2-1024x683.jpg\" alt=\"\" data-id=\"46\" data-link=\"https:\/\/blogs.urz.uni-halle.de\/wasserwelten\/beispiel-seite\/senior-traveler-3\/\" class=\"wp-image-46\" srcset=\"https:\/\/blogs.urz.uni-halle.de\/wasserwelten\/files\/2022\/05\/senior-traveler-2-1024x683.jpg 1024w, https:\/\/blogs.urz.uni-halle.de\/wasserwelten\/files\/2022\/05\/senior-traveler-2-300x200.jpg 300w, https:\/\/blogs.urz.uni-halle.de\/wasserwelten\/files\/2022\/05\/senior-traveler-2-768x512.jpg 768w, https:\/\/blogs.urz.uni-halle.de\/wasserwelten\/files\/2022\/05\/senior-traveler-2-1536x1024.jpg 1536w, https:\/\/blogs.urz.uni-halle.de\/wasserwelten\/files\/2022\/05\/senior-traveler-2-2048x1365.jpg 2048w, https:\/\/blogs.urz.uni-halle.de\/wasserwelten\/files\/2022\/05\/senior-traveler-2-150x100.jpg 150w\" sizes=\"(max-width: 1024px) 100vw, 1024px\" \/><figcaption class=\"blocks-gallery-item__caption\">Rezeption<\/figcaption><\/figure><\/li><li class=\"blocks-gallery-item\"><figure><img loading=\"lazy\" width=\"1024\" height=\"683\" src=\"https:\/\/blogs.urz.uni-halle.de\/wasserwelten\/files\/2022\/05\/five-swimmers-racing-against-each-other-swiming-pool-1-1024x683.jpg\" alt=\"\" data-id=\"48\" data-full-url=\"https:\/\/blogs.urz.uni-halle.de\/wasserwelten\/files\/2022\/05\/five-swimmers-racing-against-each-other-swiming-pool-1-scaled.jpg\" data-link=\"https:\/\/blogs.urz.uni-halle.de\/wasserwelten\/beispiel-seite\/five-swimmers-racing-against-each-other-in-a-swiming-pool-2\/\" class=\"wp-image-48\" srcset=\"https:\/\/blogs.urz.uni-halle.de\/wasserwelten\/files\/2022\/05\/five-swimmers-racing-against-each-other-swiming-pool-1-1024x683.jpg 1024w, https:\/\/blogs.urz.uni-halle.de\/wasserwelten\/files\/2022\/05\/five-swimmers-racing-against-each-other-swiming-pool-1-300x200.jpg 300w, https:\/\/blogs.urz.uni-halle.de\/wasserwelten\/files\/2022\/05\/five-swimmers-racing-against-each-other-swiming-pool-1-768x512.jpg 768w, https:\/\/blogs.urz.uni-halle.de\/wasserwelten\/files\/2022\/05\/five-swimmers-racing-against-each-other-swiming-pool-1-1536x1024.jpg 1536w, https:\/\/blogs.urz.uni-halle.de\/wasserwelten\/files\/2022\/05\/five-swimmers-racing-against-each-other-swiming-pool-1-2048x1365.jpg 2048w, https:\/\/blogs.urz.uni-halle.de\/wasserwelten\/files\/2022\/05\/five-swimmers-racing-against-each-other-swiming-pool-1-150x100.jpg 150w\" sizes=\"(max-width: 1024px) 100vw, 1024px\" \/><figcaption class=\"blocks-gallery-item__caption\">Erlebnisbecken<\/figcaption><\/figure><\/li><\/ul><\/figure>\n\n\n\n<figure class=\"wp-block-gallery columns-2 is-cropped\"><ul class=\"blocks-gallery-grid\"><li class=\"blocks-gallery-item\"><figure><img loading=\"lazy\" width=\"1024\" height=\"681\" src=\"https:\/\/blogs.urz.uni-halle.de\/wasserwelten\/files\/2022\/05\/woman-kitchen-washing-vegetables-before-cooking-1-1024x681.jpg\" alt=\"\" data-id=\"49\" data-link=\"https:\/\/blogs.urz.uni-halle.de\/wasserwelten\/beispiel-seite\/woman-in-the-kitchen-washing-vegetables-before-cooking-2\/\" class=\"wp-image-49\" srcset=\"https:\/\/blogs.urz.uni-halle.de\/wasserwelten\/files\/2022\/05\/woman-kitchen-washing-vegetables-before-cooking-1-1024x681.jpg 1024w, https:\/\/blogs.urz.uni-halle.de\/wasserwelten\/files\/2022\/05\/woman-kitchen-washing-vegetables-before-cooking-1-300x200.jpg 300w, https:\/\/blogs.urz.uni-halle.de\/wasserwelten\/files\/2022\/05\/woman-kitchen-washing-vegetables-before-cooking-1-768x511.jpg 768w, https:\/\/blogs.urz.uni-halle.de\/wasserwelten\/files\/2022\/05\/woman-kitchen-washing-vegetables-before-cooking-1-1536x1022.jpg 1536w, https:\/\/blogs.urz.uni-halle.de\/wasserwelten\/files\/2022\/05\/woman-kitchen-washing-vegetables-before-cooking-1-2048x1363.jpg 2048w, https:\/\/blogs.urz.uni-halle.de\/wasserwelten\/files\/2022\/05\/woman-kitchen-washing-vegetables-before-cooking-1-150x100.jpg 150w\" sizes=\"(max-width: 1024px) 100vw, 1024px\" \/><figcaption class=\"blocks-gallery-item__caption\">Bistro und K\u00fcche<\/figcaption><\/figure><\/li><li class=\"blocks-gallery-item\"><figure><img loading=\"lazy\" width=\"1024\" height=\"681\" src=\"https:\/\/blogs.urz.uni-halle.de\/wasserwelten\/files\/2022\/05\/masseur-doing-massage-female-shoulder-beauty-salon-1-1024x681.jpg\" alt=\"\" data-id=\"51\" data-full-url=\"https:\/\/blogs.urz.uni-halle.de\/wasserwelten\/files\/2022\/05\/masseur-doing-massage-female-shoulder-beauty-salon-1-scaled.jpg\" data-link=\"https:\/\/blogs.urz.uni-halle.de\/wasserwelten\/beispiel-seite\/massage-of-shuolder-2\/\" class=\"wp-image-51\" srcset=\"https:\/\/blogs.urz.uni-halle.de\/wasserwelten\/files\/2022\/05\/masseur-doing-massage-female-shoulder-beauty-salon-1-1024x681.jpg 1024w, https:\/\/blogs.urz.uni-halle.de\/wasserwelten\/files\/2022\/05\/masseur-doing-massage-female-shoulder-beauty-salon-1-300x200.jpg 300w, https:\/\/blogs.urz.uni-halle.de\/wasserwelten\/files\/2022\/05\/masseur-doing-massage-female-shoulder-beauty-salon-1-768x511.jpg 768w, https:\/\/blogs.urz.uni-halle.de\/wasserwelten\/files\/2022\/05\/masseur-doing-massage-female-shoulder-beauty-salon-1-1536x1022.jpg 1536w, https:\/\/blogs.urz.uni-halle.de\/wasserwelten\/files\/2022\/05\/masseur-doing-massage-female-shoulder-beauty-salon-1-2048x1363.jpg 2048w, https:\/\/blogs.urz.uni-halle.de\/wasserwelten\/files\/2022\/05\/masseur-doing-massage-female-shoulder-beauty-salon-1-150x100.jpg 150w\" sizes=\"(max-width: 1024px) 100vw, 1024px\" \/><figcaption class=\"blocks-gallery-item__caption\">Wellnessbereich<\/figcaption><\/figure><\/li><\/ul><\/figure>\n\n\n\n<p><\/p>\n","protected":false},"excerpt":{"rendered":"<p>In einem Schwimmbad ist es oft laut. Die Wellen im Becken, die plantschenden Kinder, die rauschenden Lautsprechdurchsagen&#8230; das alles macht L\u00e4rm. Aber \u00b4 was h\u00f6rt man hinter den Kulissen? Wie klingt ein Schwimmbad f\u00fcr die Mitarbeiter? Wir haben einen Rundgang durch das mexikanische Erlebnisbad Maya Mare gemacht und dabei an &#8230;<\/p>\n<p class=\"continue-reading-button\"> <a class=\"continue-reading-link\" href=\"https:\/\/blogs.urz.uni-halle.de\/wasserwelten\/beispiel-seite\/\">Continue reading<i class=\"crycon-right-dir\"><\/i><\/a><\/p>\n","protected":false},"author":5454,"featured_media":0,"parent":0,"menu_order":0,"comment_status":"closed","ping_status":"open","template":"","meta":[],"_links":{"self":[{"href":"https:\/\/blogs.urz.uni-halle.de\/wasserwelten\/wp-json\/wp\/v2\/pages\/2"}],"collection":[{"href":"https:\/\/blogs.urz.uni-halle.de\/wasserwelten\/wp-json\/wp\/v2\/pages"}],"about":[{"href":"https:\/\/blogs.urz.uni-halle.de\/wasserwelten\/wp-json\/wp\/v2\/types\/page"}],"author":[{"embeddable":true,"href":"https:\/\/blogs.urz.uni-halle.de\/wasserwelten\/wp-json\/wp\/v2\/users\/5454"}],"replies":[{"embeddable":true,"href":"https:\/\/blogs.urz.uni-halle.de\/wasserwelten\/wp-json\/wp\/v2\/comments?post=2"}],"version-history":[{"count":10,"href":"https:\/\/blogs.urz.uni-halle.de\/wasserwelten\/wp-json\/wp\/v2\/pages\/2\/revisions"}],"predecessor-version":[{"id":133,"href":"https:\/\/blogs.urz.uni-halle.de\/wasserwelten\/wp-json\/wp\/v2\/pages\/2\/revisions\/133"}],"wp:attachment":[{"href":"https:\/\/blogs.urz.uni-halle.de\/wasserwelten\/wp-json\/wp\/v2\/media?parent=2"}],"curies":[{"name":"wp","href":"https:\/\/api.w.org\/{rel}","templated":true}]}}