{"id":39,"date":"2024-10-13T15:58:12","date_gmt":"2024-10-13T13:58:12","guid":{"rendered":"https:\/\/blogs.urz.uni-halle.de\/weisstdunoch\/?page_id=39"},"modified":"2024-11-23T00:59:46","modified_gmt":"2024-11-22T23:59:46","slug":"audioprojekt","status":"publish","type":"page","link":"https:\/\/blogs.urz.uni-halle.de\/weisstdunoch\/audioprojekt\/","title":{"rendered":"Audioprojekt"},"content":{"rendered":"\n<div class=\"wp-block-cover alignwide has-background-dim has-background-gradient is-position-center-center\" style=\"background:linear-gradient(135deg,rgb(249,72,72) 1%,rgb(179,22,22) 100%);min-height:575px\"><div class=\"wp-block-cover__inner-container\">\n<div class=\"wp-block-columns alignwide\">\n<div class=\"wp-block-column\" style=\"flex-basis:12%\">\n<div style=\"height:100px\" aria-hidden=\"true\" class=\"wp-block-spacer\"><\/div>\n<\/div>\n\n\n\n<div class=\"wp-block-column\">\n<div style=\"height:100px\" aria-hidden=\"true\" class=\"wp-block-spacer\"><\/div>\n\n\n\n<p class=\"has-text-align-left has-text-color\" style=\"line-height:1.2;font-size:68px;color:#fffffa\"><strong>Ab dem 15.10 nur hier ver\u00f6ffentlicht<\/strong><\/p>\n\n\n\n<div class=\"wp-block-buttons\">\n<div class=\"wp-block-button\"><a class=\"wp-block-button__link has-text-color has-background\" href=\"https:\/\/blogs.urz.uni-halle.de\/weisstdunoch\/weisst-du-noch-die-andere-perspektive\/\" style=\"border-radius:3px;background-color:#fffffa;color:#00000a\">jetzt h\u00f6ren<\/a><\/div>\n<\/div>\n\n\n\n<p class=\"has-text-align-left\">Danke an alle, die uns bei den Aufnahmen unterst\u00fctzt und geholfen haben!<\/p>\n\n\n\n<div style=\"height:100px\" aria-hidden=\"true\" class=\"wp-block-spacer\"><\/div>\n<\/div>\n\n\n\n<div class=\"wp-block-column\" style=\"flex-basis:12%\">\n<div style=\"height:100px\" aria-hidden=\"true\" class=\"wp-block-spacer\"><\/div>\n<\/div>\n<\/div>\n<\/div><\/div>\n\n\n\n<div style=\"height:20px\" aria-hidden=\"true\" class=\"wp-block-spacer\"><\/div>\n\n\n\n<hr class=\"wp-block-separator\" \/>\n\n\n\n<div style=\"height:20px\" aria-hidden=\"true\" class=\"wp-block-spacer\"><\/div>\n\n\n\n<p class=\"has-drop-cap\">Im Audiofeature liegt der Fokus auf einer vielseitigen Repr\u00e4sentation der Mitmenschen, die Bezug auf ihre Wahrnehmung der Hauptperson nehmen. Im Gegensatz zum Videobeitrag bieten hier die Mitmenschen Erkl\u00e4rungen zu den Fragmenten der Hauptperson, die f\u00fcr sie von Bedeutung sind.<\/p>\n\n\n\n<p>Es erfolgt eine Darstellung von Erinnerungen aus einer Gegenpersepektive, die es uns auch erlaubt, den Audio- und Videobeitrag subtil miteinander zu verkn\u00fcpfen.<br>Dabei erstellen wir Aufnahmen als Interview, im Dia- und Monolog und erg\u00e4nzen diese kontrastreich durch atmosph\u00e4rische Untermalungen.<br>Diese Aufzeichnungen werden collagenartig kombiniert und erzeugen so eine metaphysische Ebene, die es auch den Zuschauenden erm\u00f6glicht, die Hauptperson aus einem auditiven Blickwinkel zu betrachten.<\/p>\n\n\n\n<p>Durch zeitliche Unsch\u00e4rfe, die Darstellung von Gef\u00fchlen und das Teilen von Erinnerungen erm\u00f6glicht der Audiobeitrag eine tiefere, detailliertere Erfassung von Erlebtem, ohne dass die Hauptperson selbst zu Wort kommt.<\/p>\n\n\n\n<p>Die Relevanz dieses Projekts liegt in dessen F\u00e4higkeit, ein tieferes Verst\u00e4ndnis f\u00fcr die menschliche Identit\u00e4t, die Bildung von Pers\u00f6nlichkeit und die Wechselwirkungen mit anderen Menschen zu vermitteln. Durch die Betonung der Fragmente, die uns formen, machen wir auf subtile Weise darauf aufmerksam, wie unsere engsten Beziehungen und Erlebnisse uns pr\u00e4gen, oft ohne bewusste Kenntnis. Diese Reflexion \u00fcber die eigene Identit\u00e4t und die Rolle in den Leben anderer kann eine tiefgreifende emotionale Resonanz beim Publikum ausl\u00f6sen.<\/p>\n\n\n\n<p>Die bewusste Reduzierung des gesprochenen Dialogs im Videobeitrag erm\u00f6glicht es den Zuschauenden, eigene Interpretationen und Emotionen zu entwickeln. Gleichzeitig bietet der Audiobeitrag eine zus\u00e4tzliche Dimension durch das Teilen von Erinnerungen und Gef\u00fchlen, das Innere und Metaphysische, das Ton besser vermitteln kann. Zusammen erzeugen die beiden Medien eine kraftvolle narrative Erfahrung, welche die Fragmente eines einzelnen Lebens und doch so vieler beteiligter Menschen auf vielschichtige Weise erforscht.<\/p>\n\n\n\n<div style=\"height:20px\" aria-hidden=\"true\" class=\"wp-block-spacer\"><\/div>\n\n\n\n<figure class=\"wp-block-pullquote is-style-default\" style=\"border-color:#cf2e2e\"><blockquote><p>Sneak Peak<\/p><cite>Lauscher auf<\/cite><\/blockquote><\/figure>\n\n\n\n<div style=\"height:20px\" aria-hidden=\"true\" class=\"wp-block-spacer\"><\/div>\n\n\n\n<figure class=\"wp-block-audio\"><audio controls src=\"https:\/\/blogs.urz.uni-halle.de\/weisstdunoch\/files\/2024\/10\/RPReplay_Final1728952158.mp3\"><\/audio><\/figure>\n","protected":false},"excerpt":{"rendered":"<p>Im Audiofeature liegt der Fokus auf einer vielseitigen Repr\u00e4sentation der Mitmenschen, die Bezug auf ihre Wahrnehmung der Hauptperson nehmen. Im Gegensatz zum Videobeitrag bieten hier die Mitmenschen Erkl\u00e4rungen zu den Fragmenten der Hauptperson, die f\u00fcr sie von Bedeutung sind. Es erfolgt eine Darstellung von Erinnerungen aus einer Gegenpersepektive, die es uns auch erlaubt, den Audio-&hellip; <a class=\"more-link\" href=\"https:\/\/blogs.urz.uni-halle.de\/weisstdunoch\/audioprojekt\/\">Continue reading <span class=\"screen-reader-text\">Audioprojekt<\/span><\/a><\/p>\n","protected":false},"author":6113,"featured_media":0,"parent":0,"menu_order":0,"comment_status":"closed","ping_status":"closed","template":"","meta":[],"_links":{"self":[{"href":"https:\/\/blogs.urz.uni-halle.de\/weisstdunoch\/wp-json\/wp\/v2\/pages\/39"}],"collection":[{"href":"https:\/\/blogs.urz.uni-halle.de\/weisstdunoch\/wp-json\/wp\/v2\/pages"}],"about":[{"href":"https:\/\/blogs.urz.uni-halle.de\/weisstdunoch\/wp-json\/wp\/v2\/types\/page"}],"author":[{"embeddable":true,"href":"https:\/\/blogs.urz.uni-halle.de\/weisstdunoch\/wp-json\/wp\/v2\/users\/6113"}],"replies":[{"embeddable":true,"href":"https:\/\/blogs.urz.uni-halle.de\/weisstdunoch\/wp-json\/wp\/v2\/comments?post=39"}],"version-history":[{"count":9,"href":"https:\/\/blogs.urz.uni-halle.de\/weisstdunoch\/wp-json\/wp\/v2\/pages\/39\/revisions"}],"predecessor-version":[{"id":171,"href":"https:\/\/blogs.urz.uni-halle.de\/weisstdunoch\/wp-json\/wp\/v2\/pages\/39\/revisions\/171"}],"wp:attachment":[{"href":"https:\/\/blogs.urz.uni-halle.de\/weisstdunoch\/wp-json\/wp\/v2\/media?parent=39"}],"curies":[{"name":"wp","href":"https:\/\/api.w.org\/{rel}","templated":true}]}}