{"id":2,"date":"2011-02-11T14:26:43","date_gmt":"2011-02-11T14:26:43","guid":{"rendered":"https:\/\/blogs.urz.uni-halle.de\/wirtschaftsrecht\/?page_id=2"},"modified":"2016-04-25T11:48:26","modified_gmt":"2016-04-25T09:48:26","slug":"ueber","status":"publish","type":"page","link":"https:\/\/blogs.urz.uni-halle.de\/wirtschaftsrecht\/ueber\/","title":{"rendered":"Impressum"},"content":{"rendered":"<h3>Bereichsverantwortlich<\/h3>\n<ul>\n<li>Prof. Dr. Christian Tietje<\/li>\n<\/ul>\n<h3>Redakteure<\/h3>\n<ul>\n<li>Prof. Dr. Christian Tietje<\/li>\n<\/ul>\n<h3>Institution<\/h3>\n<p>Die Martin-Luther-Universit\u00e4t Halle-Wittenberg ist eine K\u00f6rperschaft des \u00f6ffentlichen Rechts. Sie wird durch den Rektor Prof. Dr. Udo Str\u00e4ter gesetzlich vertreten:\u00a0<a href=\"mailto:rektor@uni-halle.de\">rektor@uni-halle.de<\/a><\/p>\n<h3>\n<p>Adresse:<\/h3>\n<p>Martin-Luther-Universit\u00e4t Halle-Wittenberg<br \/>\nUniversit\u00e4tsplatz 5; 06108 Halle; Deutschland<\/p>\n<p>&nbsp;<\/p>\n<div><\/div>\n<div>\n<h3>Umsatzsteuer-Identifikationsnummer<\/h3>\n<p>DE 811353703<br \/>\ngem\u00e4\u00df \u00a7 27 a Umsatzsteuergesetz<\/p>\n<\/div>\n<div><\/div>\n<div>\n<div>\n<h3>Kontakt<\/h3>\n<p>Martin-Luther-Universit\u00e4t Halle-Wittenberg<br \/>\nTelefon: +49 (0)345 55 23186<br \/>\nFax: +49 (0)345 55 27073<br \/>\nE-Mail:\u00a0<a href=\"mailto:ecohal@jura.uni-halle.de\">ecohal@jura.uni-halle.de<\/a><br \/>\nInternet:\u00a0<a href=\"http:\/\/www.institut.wirtschaftsrecht.uni-halle.de\/\">www.institut.wirtschaftsrecht.uni-halle.de<\/a><\/p>\n<\/div>\n<div>\n<div><\/div>\n<div>\n<h3>Urheberrechtshinweis<\/h3>\n<p>Bitte beachten Sie, dass alle Texte, Bilder und Grafiken sowie ihre Arrangements &#8211; soweit nicht anders ersichtlich &#8211; von der Martin-Luther-Universit\u00e4t Halle-Wittenberg selbst erstellt wurden und dem Schutz des Urheberrechts unterliegen. Sie d\u00fcrfen damit beispielsweise weder kopiert, noch ver\u00e4ndert noch auf anderen Web-Sites verwendet werden. Der Nutzung der allgemein zug\u00e4nglichen Texte durch Dritte stimmen wir hiermit &#8211; auch auszugsweise &#8211; nur unter der Bedingung zu, dass die Martin-Luther-Universit\u00e4t Halle-Wittenberg als Urheber genannt wird. Die Nutzung der anderen Inhalte, wie beispielsweise der Bilder und Grafiken, ist nicht gestattet. Sollten Sie jedoch Interesse an einem Nutzungsrecht haben, wenden Sie sich bitte an oben genannte Adresse.<\/p>\n<\/div>\n<\/div>\n<div>\n<p>&nbsp;<\/p>\n<\/div>\n<div><\/div>\n<\/div>\n<h3>Layout <span class=\"amp\">&amp;<\/span> Design<\/h3>\n<p><a href=\"http:\/\/www.sistersofdesign.de\/\">S.O.D. &#8211; Sisters of Design<\/a><\/p>\n<h3>Umsetzung <span class=\"amp\">&amp;<\/span> Anpassung<\/h3>\n<p><a href=\"http:\/\/www.alexander-winterstein.de\/\">Alexander Winterstein<\/a><\/p>\n<p>&nbsp;<\/p>\n","protected":false},"excerpt":{"rendered":"<p>Bereichsverantwortlich Prof. Dr. Christian Tietje Redakteure Prof. Dr. Christian Tietje Institution Die Martin-Luther-Universit\u00e4t Halle-Wittenberg ist eine K\u00f6rperschaft des \u00f6ffentlichen Rechts. Sie wird durch den Rektor Prof. Dr. Udo Str\u00e4ter gesetzlich vertreten:\u00a0rektor@uni-halle.de Adresse: Martin-Luther-Universit\u00e4t Halle-Wittenberg Universit\u00e4tsplatz 5; 06108 Halle; Deutschland &nbsp; Umsatzsteuer-Identifikationsnummer DE 811353703 gem\u00e4\u00df \u00a7 27 a Umsatzsteuergesetz Kontakt Martin-Luther-Universit\u00e4t Halle-Wittenberg Telefon: +49 (0)345 55 [&hellip;]<\/p>\n","protected":false},"author":334,"featured_media":0,"parent":0,"menu_order":0,"comment_status":"open","ping_status":"open","template":"","meta":[],"_links":{"self":[{"href":"https:\/\/blogs.urz.uni-halle.de\/wirtschaftsrecht\/wp-json\/wp\/v2\/pages\/2"}],"collection":[{"href":"https:\/\/blogs.urz.uni-halle.de\/wirtschaftsrecht\/wp-json\/wp\/v2\/pages"}],"about":[{"href":"https:\/\/blogs.urz.uni-halle.de\/wirtschaftsrecht\/wp-json\/wp\/v2\/types\/page"}],"author":[{"embeddable":true,"href":"https:\/\/blogs.urz.uni-halle.de\/wirtschaftsrecht\/wp-json\/wp\/v2\/users\/334"}],"replies":[{"embeddable":true,"href":"https:\/\/blogs.urz.uni-halle.de\/wirtschaftsrecht\/wp-json\/wp\/v2\/comments?post=2"}],"version-history":[{"count":10,"href":"https:\/\/blogs.urz.uni-halle.de\/wirtschaftsrecht\/wp-json\/wp\/v2\/pages\/2\/revisions"}],"predecessor-version":[{"id":1007,"href":"https:\/\/blogs.urz.uni-halle.de\/wirtschaftsrecht\/wp-json\/wp\/v2\/pages\/2\/revisions\/1007"}],"wp:attachment":[{"href":"https:\/\/blogs.urz.uni-halle.de\/wirtschaftsrecht\/wp-json\/wp\/v2\/media?parent=2"}],"curies":[{"name":"wp","href":"https:\/\/api.w.org\/{rel}","templated":true}]}}