{"id":207,"date":"2025-07-09T01:59:18","date_gmt":"2025-07-08T23:59:18","guid":{"rendered":"https:\/\/blogs.urz.uni-halle.de\/zeitschriftstudentischerbeitraege2025\/?page_id=207"},"modified":"2025-12-18T14:13:33","modified_gmt":"2025-12-18T13:13:33","slug":"team","status":"publish","type":"page","link":"https:\/\/blogs.urz.uni-halle.de\/zeitschriftstudentischerbeitraege2025\/team\/","title":{"rendered":"Team"},"content":{"rendered":"\n<figure class=\"wp-block-image\"><img alt=\"\" \/><\/figure>\n\n\n\n<div class=\"wp-block-columns\">\n<div class=\"wp-block-column\" style=\"flex-basis:33.33%\">\n<div class=\"wp-block-group\"><div class=\"wp-block-group__inner-container\">\n<figure class=\"wp-block-image size-large is-style-rounded\"><img loading=\"lazy\" width=\"768\" height=\"1024\" src=\"https:\/\/blogs.urz.uni-halle.de\/zeitschriftstudentischerbeitraege2025\/files\/2025\/12\/IMG_2443-5-768x1024.jpeg\" alt=\"\" class=\"wp-image-729\" srcset=\"https:\/\/blogs.urz.uni-halle.de\/zeitschriftstudentischerbeitraege2025\/files\/2025\/12\/IMG_2443-5-768x1024.jpeg 768w, https:\/\/blogs.urz.uni-halle.de\/zeitschriftstudentischerbeitraege2025\/files\/2025\/12\/IMG_2443-5-225x300.jpeg 225w, https:\/\/blogs.urz.uni-halle.de\/zeitschriftstudentischerbeitraege2025\/files\/2025\/12\/IMG_2443-5.jpeg 960w\" sizes=\"(max-width: 768px) 100vw, 768px\" \/><\/figure>\n<\/div><\/div>\n<\/div>\n\n\n\n<div class=\"wp-block-column\" style=\"flex-basis:66.66%\">\n<p><strong>Sarah B\u00e4umler <\/strong><\/p>\n\n\n\n<p><strong>Sarah<\/strong> (geb. 1998) hat im vergangenen Jahr ihr Staatsexamen im Lehramt Sonderp\u00e4dagogik an der Universit\u00e4t Leipzig abgeschlossen und prokrastiniert mit dem Master Literaturwissenschaft noch ein wenig das Referendariat. Am liebsten besch\u00e4ftigt sie sich mit queerer Kinder-, und Jugendliteratur, <a href=\"https:\/\/www.kubus-ev.de\/projekte\/mehr-sinn\/\" target=\"_blank\" rel=\"noreferrer noopener\">mehr\u00acSinn\u00ae<\/a> Geschichten und siebenb\u00fcrgischer Literatur.  In unserer Redaktion war Sarah im Lektorat und Korrektorat t\u00e4tig, \u00fcbernahm die Endz\u00fcge des Webdesigns und verfasste das Editorial. <\/p>\n\n\n\n<p class=\"has-primary-color has-text-color\">Kontakt: <br><a href=\"mailto:sarah.baeumler@student.uni-halle.de\">sarah.baeumler@student.uni-halle.de<\/a> <\/p>\n\n\n\n<p><\/p>\n\n\n\n<p><\/p>\n\n\n\n<p><\/p>\n<\/div>\n<\/div>\n\n\n\n<div class=\"wp-block-columns\">\n<div class=\"wp-block-column\" style=\"flex-basis:33.33%\">\n<figure class=\"wp-block-image size-large is-style-rounded\"><a href=\"https:\/\/blogs.urz.uni-halle.de\/zeitschriftstudentischerbeitraege2025\/franz-kafka\/\"><img loading=\"lazy\" width=\"902\" height=\"1024\" src=\"https:\/\/blogs.urz.uni-halle.de\/zeitschriftstudentischerbeitraege2025\/files\/2025\/12\/Bild-902x1024.jpeg\" alt=\"\" class=\"wp-image-367\" srcset=\"https:\/\/blogs.urz.uni-halle.de\/zeitschriftstudentischerbeitraege2025\/files\/2025\/12\/Bild-902x1024.jpeg 902w, https:\/\/blogs.urz.uni-halle.de\/zeitschriftstudentischerbeitraege2025\/files\/2025\/12\/Bild-264x300.jpeg 264w, https:\/\/blogs.urz.uni-halle.de\/zeitschriftstudentischerbeitraege2025\/files\/2025\/12\/Bild-768x871.jpeg 768w, https:\/\/blogs.urz.uni-halle.de\/zeitschriftstudentischerbeitraege2025\/files\/2025\/12\/Bild-1354x1536.jpeg 1354w, https:\/\/blogs.urz.uni-halle.de\/zeitschriftstudentischerbeitraege2025\/files\/2025\/12\/Bild-1200x1362.jpeg 1200w, https:\/\/blogs.urz.uni-halle.de\/zeitschriftstudentischerbeitraege2025\/files\/2025\/12\/Bild.jpeg 1410w\" sizes=\"(max-width: 902px) 100vw, 902px\" \/><\/a><\/figure>\n<\/div>\n\n\n\n<div class=\"wp-block-column\" style=\"flex-basis:66.66%\">\n<p><strong>Lucas Fach<\/strong> <\/p>\n\n\n\n<p><strong>Lucas<\/strong> (geb. 1996) studiert im Master komparatistische Literaturwissenschaft, dem der Bachelor in Literatur und Geschichte und eine dreimonatigen Mitarbeit in der Redaktion einer Tageszeitung vorangegangen ist. Sein Interesse erstreckt sich auf die Literatur des 18., 19. und 20. Jahrhunderts und auf die Frage nach narrativer Identit\u00e4tsbildung und Selbsterm\u00e4chtigung, sowohl in Biografie und Autofiktion als auch zu gesellschaftlichen Umbruchzeiten.<br>In unserer Redaktion war Lucas im Lektorat und Korrektorat t\u00e4tig.<\/p>\n\n\n\n<p class=\"has-primary-color has-text-color\">Kontakt: <br><a href=\"mailto:lucas.fach@student.uni-halle.de\">lucas.fach@student.uni-halle.de<\/a><\/p>\n\n\n\n<div class=\"wp-block-buttons\">\n<div class=\"wp-block-button is-style-outline\"><a class=\"wp-block-button__link\" href=\"https:\/\/blogs.urz.uni-halle.de\/zeitschriftstudentischerbeitraege2025\/franz-kafka\/\" target=\"_blank\" rel=\"noreferrer noopener\">Hier gehts zum text<\/a><\/div>\n<\/div>\n<\/div>\n<\/div>\n\n\n\n<p><\/p>\n\n\n\n<div class=\"wp-block-columns\">\n<div class=\"wp-block-column\" style=\"flex-basis:33.33%\">\n<figure class=\"wp-block-image size-large is-style-rounded\"><img loading=\"lazy\" width=\"768\" height=\"1024\" src=\"https:\/\/blogs.urz.uni-halle.de\/zeitschriftstudentischerbeitraege2025\/files\/2025\/12\/Unknown-768x1024.jpg\" alt=\"\" class=\"wp-image-815\" srcset=\"https:\/\/blogs.urz.uni-halle.de\/zeitschriftstudentischerbeitraege2025\/files\/2025\/12\/Unknown-768x1024.jpg 768w, https:\/\/blogs.urz.uni-halle.de\/zeitschriftstudentischerbeitraege2025\/files\/2025\/12\/Unknown-225x300.jpg 225w, https:\/\/blogs.urz.uni-halle.de\/zeitschriftstudentischerbeitraege2025\/files\/2025\/12\/Unknown-1152x1536.jpg 1152w, https:\/\/blogs.urz.uni-halle.de\/zeitschriftstudentischerbeitraege2025\/files\/2025\/12\/Unknown-1536x2048.jpg 1536w, https:\/\/blogs.urz.uni-halle.de\/zeitschriftstudentischerbeitraege2025\/files\/2025\/12\/Unknown-1200x1600.jpg 1200w, https:\/\/blogs.urz.uni-halle.de\/zeitschriftstudentischerbeitraege2025\/files\/2025\/12\/Unknown-1980x2640.jpg 1980w, https:\/\/blogs.urz.uni-halle.de\/zeitschriftstudentischerbeitraege2025\/files\/2025\/12\/Unknown-scaled.jpg 1920w\" sizes=\"(max-width: 768px) 100vw, 768px\" \/><\/figure>\n<\/div>\n\n\n\n<div class=\"wp-block-column\" style=\"flex-basis:66.66%\">\n<p><strong>Dr. Claudia Hein <\/strong><\/p>\n\n\n\n<p>Claudia Hein (geb. 1976) lektoriert leidenschaftlich gern wissenschaftliche Texte. Bereits w\u00e4hrend ihrer Promotion zu <a rel=\"noreferrer noopener\" href=\"https:\/\/www.aisthesis.de\/Hein-Claudia-Die-Essbarkeit-der-Welt#:~:text=\u201eDie%2520Essbarkeit%2520der%2520Welt\u201c%2520%255B,theoretical%2520and%2520a%2520literary%2520perspective\" target=\"_blank\">postkolonialen Einverleibungsfiguren<\/a> arbeitete sie am liebsten an dem, was andere geschrieben hatten, um es gemeinsam mit den jeweiligen Autor:innen noch besser zu machen. Seit 2014 ist sie als freie Lektorin t\u00e4tig, f\u00fcr 10 Jahre betreute sie zudem die Zeitschrift <a rel=\"noreferrer noopener\" href=\"https:\/\/weimarer-beitraege.de\" target=\"_blank\">Weimarer Beitr\u00e4ge<\/a>&nbsp;redaktionell. Von 2021 bis 2025 war sie wissenschaftliche Mitarbeiterin in der Komparatistik der MLU und unterrichtete dort bevorzugt zu Gender- wie postkolonialen Themen. Zusammen mit Studierenden rief sie die&nbsp;<a rel=\"noreferrer noopener\" href=\"https:\/\/blogs.urz.uni-halle.de\/zsbblog\/\" target=\"_blank\">Zeitschrift studentischer Beitr\u00e4ge<\/a>&nbsp;ins Leben. Nun widmet sie sich wieder ganz dem Lektorieren und freut sich auf die Arbeit mit immer neuen Texten, vielleicht ja auch einmal von ehemaligen Studierenden der MLU!<\/p>\n\n\n\n<p class=\"has-primary-color has-text-color\">Kontakt: <br><a href=\"mailto:claudia.hein@gulda.de\">claudia.hein@gulda.de<\/a><\/p>\n\n\n\n<p><\/p>\n<\/div>\n<\/div>\n\n\n\n<div class=\"wp-block-columns\">\n<div class=\"wp-block-column\" style=\"flex-basis:33.33%\">\n<figure class=\"wp-block-image size-large is-style-rounded\"><a href=\"https:\/\/blogs.urz.uni-halle.de\/zeitschriftstudentischerbeitraege2025\/retrokrimi\/\"><img loading=\"lazy\" width=\"768\" height=\"1024\" src=\"https:\/\/blogs.urz.uni-halle.de\/zeitschriftstudentischerbeitraege2025\/files\/2025\/12\/Bild-3-768x1024.jpeg\" alt=\"\" class=\"wp-image-428\" srcset=\"https:\/\/blogs.urz.uni-halle.de\/zeitschriftstudentischerbeitraege2025\/files\/2025\/12\/Bild-3-768x1024.jpeg 768w, https:\/\/blogs.urz.uni-halle.de\/zeitschriftstudentischerbeitraege2025\/files\/2025\/12\/Bild-3-225x300.jpeg 225w, https:\/\/blogs.urz.uni-halle.de\/zeitschriftstudentischerbeitraege2025\/files\/2025\/12\/Bild-3-1152x1536.jpeg 1152w, https:\/\/blogs.urz.uni-halle.de\/zeitschriftstudentischerbeitraege2025\/files\/2025\/12\/Bild-3-1200x1600.jpeg 1200w, https:\/\/blogs.urz.uni-halle.de\/zeitschriftstudentischerbeitraege2025\/files\/2025\/12\/Bild-3.jpeg 1536w\" sizes=\"(max-width: 768px) 100vw, 768px\" \/><\/a><\/figure>\n<\/div>\n\n\n\n<div class=\"wp-block-column\" style=\"flex-basis:66.66%\">\n<p><strong>Lukas Kagerer<\/strong><\/p>\n\n\n\n<p><strong>Lukas<\/strong> (geb. 1994) studiert im Master Literaturwissenschaft an der MLU. Seinen Bachelor absolvierte er in Komparatistik an der Universit\u00e4t Augsburg. Zu seinen Forschungsschwerpunkten z\u00e4hlen Digital Humanities, queerfeministische Literatur sowie Metafiktion. Gerade befindet er sich in den Anf\u00e4ngen seiner Masterarbeit, mit der er an ein gemeinsames <a href=\"https:\/\/msternchenw.de\/von-angst-bis-naturmystik-die-themen-im-disko-analysiert\/\" target=\"_blank\" rel=\"noreferrer noopener\">Projekt<\/a> mit Verena Schmitt ankn\u00fcpft. Im Team der ZsB war er f\u00fcr Lektorat und Korrektorat zust\u00e4ndig.<\/p>\n\n\n\n<p class=\"has-primary-color has-text-color\">Kontakt:<br><a href=\"mailto:lukas.kagerer@student.uni-halle.de\">lukas.kagerer@student.uni-halle.de<\/a><\/p>\n\n\n\n<div class=\"wp-block-buttons\">\n<div class=\"wp-block-button is-style-outline\"><a class=\"wp-block-button__link\" href=\"https:\/\/blogs.urz.uni-halle.de\/zeitschriftstudentischerbeitraege2025\/retrokrimi\/\" target=\"_blank\" rel=\"noreferrer noopener\">hier gehts zum text<\/a><\/div>\n<\/div>\n\n\n\n<p><\/p>\n<\/div>\n<\/div>\n\n\n\n<hr class=\"wp-block-separator is-style-dots\" \/>\n\n\n\n<p class=\"has-text-align-center\">Auch noch bei uns dabei war:<\/p>\n\n\n\n<p class=\"has-text-align-center\">Zo\u00e9 Hiemisch,<br>verantwortlich f\u00fcr das Call for Paper und die Grundbausteine des Webdesigns.<\/p>\n\n\n\n<div class=\"wp-block-image is-style-default\"><figure class=\"aligncenter size-large is-resized\"><img loading=\"lazy\" src=\"https:\/\/blogs.urz.uni-halle.de\/zeitschriftstudentischerbeitraege2025\/files\/2025\/12\/Call_for_Paper_2025_Plakat-3-724x1024.jpg\" alt=\"\" class=\"wp-image-1010\" width=\"181\" height=\"256\" srcset=\"https:\/\/blogs.urz.uni-halle.de\/zeitschriftstudentischerbeitraege2025\/files\/2025\/12\/Call_for_Paper_2025_Plakat-3-724x1024.jpg 724w, https:\/\/blogs.urz.uni-halle.de\/zeitschriftstudentischerbeitraege2025\/files\/2025\/12\/Call_for_Paper_2025_Plakat-3-212x300.jpg 212w, https:\/\/blogs.urz.uni-halle.de\/zeitschriftstudentischerbeitraege2025\/files\/2025\/12\/Call_for_Paper_2025_Plakat-3-768x1086.jpg 768w, https:\/\/blogs.urz.uni-halle.de\/zeitschriftstudentischerbeitraege2025\/files\/2025\/12\/Call_for_Paper_2025_Plakat-3-1086x1536.jpg 1086w, https:\/\/blogs.urz.uni-halle.de\/zeitschriftstudentischerbeitraege2025\/files\/2025\/12\/Call_for_Paper_2025_Plakat-3.jpg 1190w\" sizes=\"(max-width: 181px) 100vw, 181px\" \/><\/figure><\/div>\n\n\n\n<hr class=\"wp-block-separator is-style-dots\" \/>\n","protected":false},"excerpt":{"rendered":"<p>Sarah B\u00e4umler Sarah (geb. 1998) hat im vergangenen Jahr ihr Staatsexamen im Lehramt Sonderp\u00e4dagogik an der Universit\u00e4t Leipzig abgeschlossen und prokrastiniert mit dem Master Literaturwissenschaft noch ein wenig das Referendariat. Am liebsten besch\u00e4ftigt sie sich mit queerer Kinder-, und Jugendliteratur, mehr\u00acSinn\u00ae Geschichten und siebenb\u00fcrgischer Literatur. In unserer Redaktion war Sarah im Lektorat und Korrektorat t\u00e4tig, [&hellip;]<\/p>\n","protected":false},"author":6292,"featured_media":0,"parent":0,"menu_order":0,"comment_status":"closed","ping_status":"closed","template":"","meta":[],"_links":{"self":[{"href":"https:\/\/blogs.urz.uni-halle.de\/zeitschriftstudentischerbeitraege2025\/wp-json\/wp\/v2\/pages\/207"}],"collection":[{"href":"https:\/\/blogs.urz.uni-halle.de\/zeitschriftstudentischerbeitraege2025\/wp-json\/wp\/v2\/pages"}],"about":[{"href":"https:\/\/blogs.urz.uni-halle.de\/zeitschriftstudentischerbeitraege2025\/wp-json\/wp\/v2\/types\/page"}],"author":[{"embeddable":true,"href":"https:\/\/blogs.urz.uni-halle.de\/zeitschriftstudentischerbeitraege2025\/wp-json\/wp\/v2\/users\/6292"}],"replies":[{"embeddable":true,"href":"https:\/\/blogs.urz.uni-halle.de\/zeitschriftstudentischerbeitraege2025\/wp-json\/wp\/v2\/comments?post=207"}],"version-history":[{"count":10,"href":"https:\/\/blogs.urz.uni-halle.de\/zeitschriftstudentischerbeitraege2025\/wp-json\/wp\/v2\/pages\/207\/revisions"}],"predecessor-version":[{"id":1026,"href":"https:\/\/blogs.urz.uni-halle.de\/zeitschriftstudentischerbeitraege2025\/wp-json\/wp\/v2\/pages\/207\/revisions\/1026"}],"wp:attachment":[{"href":"https:\/\/blogs.urz.uni-halle.de\/zeitschriftstudentischerbeitraege2025\/wp-json\/wp\/v2\/media?parent=207"}],"curies":[{"name":"wp","href":"https:\/\/api.w.org\/{rel}","templated":true}]}}