{"id":235,"date":"2025-07-09T10:39:42","date_gmt":"2025-07-09T08:39:42","guid":{"rendered":"https:\/\/blogs.urz.uni-halle.de\/zeitschriftstudentischerbeitraege2025\/?page_id=235"},"modified":"2025-12-19T11:15:25","modified_gmt":"2025-12-19T10:15:25","slug":"home","status":"publish","type":"page","link":"https:\/\/blogs.urz.uni-halle.de\/zeitschriftstudentischerbeitraege2025\/","title":{"rendered":"ZsB 2025"},"content":{"rendered":"\n<h5 class=\"has-text-align-center\">Herzlich willkommen auf dem Blog der Zeitschrift studentischer Beitr\u00e4ge 2025!<\/h5>\n\n\n\n<figure class=\"wp-block-image alignfull size-large\"><img loading=\"lazy\" width=\"1024\" height=\"480\" src=\"https:\/\/blogs.urz.uni-halle.de\/zeitschriftstudentischerbeitraege2025\/files\/2025\/12\/Bildschirmfoto-2025-12-19-um-11.14.33-1024x480.png\" alt=\"\" class=\"wp-image-1038\" srcset=\"https:\/\/blogs.urz.uni-halle.de\/zeitschriftstudentischerbeitraege2025\/files\/2025\/12\/Bildschirmfoto-2025-12-19-um-11.14.33-1024x480.png 1024w, https:\/\/blogs.urz.uni-halle.de\/zeitschriftstudentischerbeitraege2025\/files\/2025\/12\/Bildschirmfoto-2025-12-19-um-11.14.33-300x141.png 300w, https:\/\/blogs.urz.uni-halle.de\/zeitschriftstudentischerbeitraege2025\/files\/2025\/12\/Bildschirmfoto-2025-12-19-um-11.14.33-768x360.png 768w, https:\/\/blogs.urz.uni-halle.de\/zeitschriftstudentischerbeitraege2025\/files\/2025\/12\/Bildschirmfoto-2025-12-19-um-11.14.33-1536x720.png 1536w, https:\/\/blogs.urz.uni-halle.de\/zeitschriftstudentischerbeitraege2025\/files\/2025\/12\/Bildschirmfoto-2025-12-19-um-11.14.33-2048x960.png 2048w, https:\/\/blogs.urz.uni-halle.de\/zeitschriftstudentischerbeitraege2025\/files\/2025\/12\/Bildschirmfoto-2025-12-19-um-11.14.33-1200x563.png 1200w, https:\/\/blogs.urz.uni-halle.de\/zeitschriftstudentischerbeitraege2025\/files\/2025\/12\/Bildschirmfoto-2025-12-19-um-11.14.33-1980x928.png 1980w\" sizes=\"(max-width: 1024px) 100vw, 1024px\" \/><\/figure>\n\n\n\n<h6>beitr\u00e4ge<\/h6>\n\n\n\n<p class=\"has-primary-color has-text-color\"><span class=\"has-inline-color has-primary-color\"><a rel=\"noreferrer noopener\" href=\"https:\/\/blogs.urz.uni-halle.de\/zeitschriftstudentischerbeitraege2025\/penetrating-norms\/\" target=\"_blank\"><strong>Arte\/Anna-Lena Barner<\/strong><sub> <\/sub><em>Penetrating Norms: Wie explizite Sex-Szenen toxische M\u00e4nnlichkeit entbl\u00f6\u00dfen<\/em><\/a><\/span><\/p>\n\n\n\n<p class=\"has-primary-color has-text-color\"><span class=\"has-inline-color has-primary-color\"><a href=\"https:\/\/blogs.urz.uni-halle.de\/zeitschriftstudentischerbeitraege2025\/anna-louisa-karsch\/\" target=\"_blank\" rel=\"noreferrer noopener\"><strong>Moritz Bense<\/strong><em> <\/em>Vom Herausgeber zum Co-Autor wider Willen. Karl Wilhelm Ramlers Bearbeitung von Anna Louisa Karschs Gedicht<em> Sapho an Amor<\/em><\/a><\/span><\/p>\n\n\n\n<p class=\"has-primary-color has-text-color\"><a rel=\"noreferrer noopener\" href=\"https:\/\/blogs.urz.uni-halle.de\/zeitschriftstudentischerbeitraege2025\/die-nibelungen\/\" target=\"_blank\"><span class=\"has-inline-color has-primary-color\"><strong>Leonie Brommer<\/strong> Die Nibelungen \u2013 ein Heldinnenepos? Vom Nationalepos zum K\u00f6niginnendrama<\/span><\/a><\/p>\n\n\n\n<p class=\"has-primary-color has-text-color\"><a rel=\"noreferrer noopener\" href=\"https:\/\/blogs.urz.uni-halle.de\/zeitschriftstudentischerbeitraege2025\/franz-kafka\/\" target=\"_blank\"><span class=\"has-inline-color has-primary-color\"><strong>Lucas Fach<\/strong> Achim K\u00fcpper,<em> Franz Kafka. Schrift und Medialit\u00e4t, <\/em>edition text + kritik im Richard Boorberg Verlag, M\u00fcnchen 2024<\/span><\/a><\/p>\n\n\n\n<p class=\"has-primary-color has-text-color\"><a rel=\"noreferrer noopener\" href=\"https:\/\/blogs.urz.uni-halle.de\/zeitschriftstudentischerbeitraege2025\/retrokrimi\/\" target=\"_blank\"><span class=\"has-inline-color has-primary-color\"><strong>Lukas Kagerer<\/strong> Wolfgang Brylla,<em> Der polnische und deutschsprachige Retro-Krimi, \u203aDetektivische\u2039 Fallstudien, <\/em>V&amp;R unipress, G\u00f6ttingen, 2025<\/span><\/a><\/p>\n\n\n\n<p class=\"has-primary-color has-text-color\"><a rel=\"noreferrer noopener\" href=\"https:\/\/blogs.urz.uni-halle.de\/zeitschriftstudentischerbeitraege2025\/gendersprache-in-kriminalromanen\/\" target=\"_blank\"><span class=\"has-inline-color has-primary-color\"><strong>Marie-Louis Kunja<\/strong> Susanne Weishaupt,<em> Genderaspekte in Kriminalromanen zeitgen\u00f6ssischer Autorinnen, Kriminalliteratur aus Indien, S\u00fcdafrika, Irland und Schottland, <\/em>Tectum Verlag, Baden-Baden, 2024<\/span><\/a><\/p>\n\n\n\n<p class=\"has-primary-color has-text-color\"><a rel=\"noreferrer noopener\" href=\"https:\/\/blogs.urz.uni-halle.de\/zeitschriftstudentischerbeitraege2025\/prinzip-parekbase\/\" target=\"_blank\"><span class=\"has-inline-color has-primary-color\"><strong>Jean-Pierre Lehmann<\/strong> Prinzip Parekbase. Friedrich Schlegels Kom\u00f6dientheorie im sp\u00e4tromantischen Drama am Beispiel von Joseph von Eichendorffs<em> Die Freier<\/em><\/span><\/a><\/p>\n\n\n\n<p class=\"has-primary-color has-text-color\"><a rel=\"noreferrer noopener\" href=\"https:\/\/blogs.urz.uni-halle.de\/zeitschriftstudentischerbeitraege2025\/familiaere-plattentektonik\/\" target=\"_blank\"><span class=\"has-inline-color has-primary-color\"><strong>Darlene Nolte<\/strong><em> <\/em>Famili\u00e4re Plattentektonik. \u00dcber das umstrittene Erdbeben in Fatma Aydemirs <em>Dschinns<\/em><\/span><\/a><\/p>\n\n\n\n<p class=\"has-primary-color has-text-color\"><a rel=\"noreferrer noopener\" href=\"https:\/\/blogs.urz.uni-halle.de\/zeitschriftstudentischerbeitraege2025\/helene-cixous\/\" target=\"_blank\"><span class=\"has-inline-color has-primary-color\"><strong>Klara Prautzsch<\/strong> Weiblichkeit als Subversion bei H\u00e9l\u00e8ne Cixous und Herta M\u00fcller<\/span><\/a><\/p>\n\n\n\n<p class=\"has-primary-color has-text-color\"><a rel=\"noreferrer noopener\" href=\"https:\/\/blogs.urz.uni-halle.de\/zeitschriftstudentischerbeitraege2025\/karriere-einer-putzfrau\/\" target=\"_blank\"><span class=\"has-inline-color has-primary-color\"><strong>Verena Schmitt<\/strong> Emine Sevgi \u00d6zdamars<em> Karriere einer Putzfrau \u2013 Erinnerungen an Deutschland<\/em>: Die Selbsterm\u00e4chtigung der <em>migrantischen Putzfrau<\/em><\/span><\/a><\/p>\n\n\n\n<p class=\"has-primary-color has-text-color\"><a rel=\"noreferrer noopener\" href=\"https:\/\/blogs.urz.uni-halle.de\/zeitschriftstudentischerbeitraege2025\/morenga\/\" target=\"_blank\"><span class=\"has-inline-color has-primary-color\"><strong>Ferdinand Vogt<\/strong> Die Unm\u00f6glichkeit der Authentizit\u00e4t. Postkoloniale Reflexionen in Uwe Timms <em>Morenga<\/em><\/span><\/a><\/p>\n\n\n\n<p><\/p>\n\n\n\n<h2 class=\"has-text-align-center\">Bisherige Jahrg\u00e4nge der ZsB:<\/h2>\n\n\n\n<div class=\"wp-block-buttons aligncenter\">\n<div class=\"wp-block-button\"><a class=\"wp-block-button__link\" href=\"https:\/\/blogs.urz.uni-halle.de\/zsbblog\/\" target=\"_blank\" rel=\"noreferrer noopener\">ZsB 2022<\/a><\/div>\n\n\n\n<div class=\"wp-block-button\"><a class=\"wp-block-button__link\" href=\"https:\/\/blogs.urz.uni-halle.de\/zsbblog2023\/\" target=\"_blank\" rel=\"noreferrer noopener\">ZsB 2023<\/a><\/div>\n\n\n\n<div class=\"wp-block-button\"><a class=\"wp-block-button__link\" href=\"https:\/\/blogs.urz.uni-halle.de\/zsbblog2024\/\" target=\"_blank\" rel=\"noreferrer noopener\">ZsB 2024<\/a><\/div>\n<\/div>\n","protected":false},"excerpt":{"rendered":"<p>Herzlich willkommen auf dem Blog der Zeitschrift studentischer Beitr\u00e4ge 2025! beitr\u00e4ge Arte\/Anna-Lena Barner Penetrating Norms: Wie explizite Sex-Szenen toxische M\u00e4nnlichkeit entbl\u00f6\u00dfen Moritz Bense Vom Herausgeber zum Co-Autor wider Willen. Karl Wilhelm Ramlers Bearbeitung von Anna Louisa Karschs Gedicht Sapho an Amor Leonie Brommer Die Nibelungen \u2013 ein Heldinnenepos? Vom Nationalepos zum K\u00f6niginnendrama Lucas Fach Achim [&hellip;]<\/p>\n","protected":false},"author":6475,"featured_media":0,"parent":0,"menu_order":0,"comment_status":"closed","ping_status":"closed","template":"","meta":[],"_links":{"self":[{"href":"https:\/\/blogs.urz.uni-halle.de\/zeitschriftstudentischerbeitraege2025\/wp-json\/wp\/v2\/pages\/235"}],"collection":[{"href":"https:\/\/blogs.urz.uni-halle.de\/zeitschriftstudentischerbeitraege2025\/wp-json\/wp\/v2\/pages"}],"about":[{"href":"https:\/\/blogs.urz.uni-halle.de\/zeitschriftstudentischerbeitraege2025\/wp-json\/wp\/v2\/types\/page"}],"author":[{"embeddable":true,"href":"https:\/\/blogs.urz.uni-halle.de\/zeitschriftstudentischerbeitraege2025\/wp-json\/wp\/v2\/users\/6475"}],"replies":[{"embeddable":true,"href":"https:\/\/blogs.urz.uni-halle.de\/zeitschriftstudentischerbeitraege2025\/wp-json\/wp\/v2\/comments?post=235"}],"version-history":[{"count":10,"href":"https:\/\/blogs.urz.uni-halle.de\/zeitschriftstudentischerbeitraege2025\/wp-json\/wp\/v2\/pages\/235\/revisions"}],"predecessor-version":[{"id":1039,"href":"https:\/\/blogs.urz.uni-halle.de\/zeitschriftstudentischerbeitraege2025\/wp-json\/wp\/v2\/pages\/235\/revisions\/1039"}],"wp:attachment":[{"href":"https:\/\/blogs.urz.uni-halle.de\/zeitschriftstudentischerbeitraege2025\/wp-json\/wp\/v2\/media?parent=235"}],"curies":[{"name":"wp","href":"https:\/\/api.w.org\/{rel}","templated":true}]}}